000
CXUS51 KCLE 261004
CF6ERI
PRELIMINARY LOCAL CLIMATOLOGICAL DATA (WS FORM: F-6)

                                          STATION:   ERIE PA
                                          MONTH:     APRIL
                                          YEAR:      2015
                                          LATITUDE:   42  4 N
                                          LONGITUDE:  80 11 W

  TEMPERATURE IN F:       :PCPN:    SNOW:  WIND      :SUNSHINE: SKY     :PK WND
================================================================================
1   2   3   4   5  6A  6B    7    8   9   10  11  12  13   14  15   16   17  18
                                     12Z  AVG MX 2MIN
DY MAX MIN AVG DEP HDD CDD  WTR  SNW DPTH SPD SPD DIR MIN PSBL S-S WX    SPD DR
================================================================================

 1  48  25  37  -5  28   0 0.00  0.0    0  4.0 14 170   M    M   5 18     18 180
 2  70  46  58  16   7   0 0.33  0.0    0 16.9 30 180   M    M   5 1      43 200
 3  58  39  49   7  16   0 0.29  0.0    0  3.1 15 300   M    M   9 128    21 120
 4  44  29  37  -6  28   0 0.01  0.0    0 11.1 23 260   M    M   7 1      30 270
 5  48  34  41  -2  24   0 0.12  0.0    0  4.8 15 310   M    M   9 1      22 300
 6  63  34  49   5  16   0 0.01  0.0    0  4.5 16 210   M    M   6        20 200
 7  46  35  41  -3  24   0 0.05  0.0    0 12.5 28  50   M    M  10 18     36  40
 8  60  34  47   3  18   0 0.24  0.0    0  8.5 23 170   M    M   9 1238   28 180
 9  67  34  51   6  14   0 0.41  0.0    0 11.3 24 160   M    M   9 128    33 170
10  67  39  53   8  12   0 0.17  0.0    0 19.5 32 250   M    M   7 13     50 280
11  50  35  43  -3  22   0 0.03  0.0    0  7.8 18 260   M    M   3 1      28 270
12  60  40  50   4  15   0 0.00  0.0    0  6.1 12 310   M    M   0        15 220
13  81  49  65  19   0   0 0.26  0.0    0 14.6 32 200   M    M   3 1      48 290
14  60  41  51   4  14   0 0.00  0.0    0  3.6 12 160   M    M   0        14 170
15  57  33  45  -2  20   0 0.00  0.0    0  8.3 18  50   M    M   0        24  40
16  67  47  57  10   8   0 0.33    M    0 11.8 25 170   M    M   4 18     33 180
17  62  49  56   8   9   0 0.01  0.0    0  7.1 20 190   M    M   5 128    26 180
18  68  49  59  11   6   0 0.00  0.0    0  9.3 18  60   M    M   0        23  70
19  72  37  55   7  10   0 0.09  0.0    0 11.8 31 140   M    M   2        47 130
20  71  46  59  10   6   0 0.11  0.0    0 19.5 39 150   M    M   8 18     52 150
21  54  43  49   0  16   0 0.03  0.0    0 14.8 36 260   M    M   7        51 250
22  47  35  41  -9  24   0 0.06    T    0 12.9 25 250   M    M   9 1      34 240
23  36  32  34 -16  31   0    T    T    0 11.2 20 280   M    M  10        27 270
24  42  30  36 -14  29   0 0.00  0.0    0  8.8 18 280   M    M   1        24 280
25  47  30  39 -12  26   0 0.00  0.0    0  7.7 21  40   M    M   0        26  40
================================================================================
SM 1445  945       423   0  2.55    T    251.5          M      128
================================================================================
AV 57.8 37.8                              10.1 FASTST   M    M   5    MAX(MPH)
                                 MISC ---->  # 39 150               # 52  150
================================================================================
NOTES:
# LAST OF SEVERAL OCCURRENCES

COLUMN 17 PEAK WIND IN M.P.H.

PRELIMINARY LOCAL CLIMATOLOGICAL DATA (WS FORM: F-6) , PAGE 2

                                          STATION:  ERIE PA
                                          MONTH:    APRIL
                                          YEAR:     2015
                                          LATITUDE:   42  4 N
                                          LONGITUDE:  80 11 W

[TEMPERATURE DATA]      [PRECIPITATION DATA]       SYMBOLS USED IN COLUMN 16

AVERAGE MONTHLY: 47.8   TOTAL FOR MONTH:   2.55    1 = FOG OR MIST
DPTR FM NORMAL:   1.6   DPTR FM NORMAL:   -0.26    2 = FOG REDUCING VISIBILITY
HIGHEST:    81 ON 13    GRTST 24HR  0.50 ON 31- 1      TO 1/4 MILE OR LESS
LOWEST:     25 ON  1                               3 = THUNDER
                        SNOW, ICE PELLETS, HAIL    4 = ICE PELLETS
                        TOTAL MONTH:    T          5 = HAIL
                        GRTST 24HR    T  ON 23-23  6 = FREEZING RAIN OR DRIZZLE
                        GRTST DEPTH:   0           7 = DUSTSTORM OR SANDSTORM:
                                                       VSBY 1/2 MILE OR LESS
                                                   8 = SMOKE OR HAZE
[NO. OF DAYS WITH]      [WEATHER - DAYS WITH]      9 = BLOWING SNOW
                                                   X = TORNADO
MAX 32 OR BELOW:   0    0.01 INCH OR MORE:  17
MAX 90 OR ABOVE:   0    0.10 INCH OR MORE:   9
MIN 32 OR BELOW:   5    0.50 INCH OR MORE:   0
MIN  0 OR BELOW:   0    1.00 INCH OR MORE:   0

[HDD (BASE 65) ]
TOTAL THIS MO.   423    CLEAR  (SCALE 0-3)   7
DPTR FM NORMAL   -51    PTCLDY (SCALE 4-7)  11
TOTAL FM JUL 1  6345    CLOUDY (SCALE 8-10)  7
DPTR FM NORMAL   595

[CDD (BASE 65) ]
TOTAL THIS MO.     0
DPTR FM NORMAL     0    [PRESSURE DATA]
TOTAL FM JAN 1     0    HIGHEST SLP M ON M
DPTR FM NORMAL    -1    LOWEST  SLP 29.41 ON 20

[REMARKS]
