000
CXUS55 KBOU 261114
CF6FNL
PRELIMINARY LOCAL CLIMATOLOGICAL DATA (WS FORM: F-6)

                                          STATION:   FT COLLINS/LOVELAND CO
                                          MONTH:     APRIL
                                          YEAR:      2015
                                          LATITUDE:   40 27 N
                                          LONGITUDE: 105  1 W

  TEMPERATURE IN F:       :PCPN:    SNOW:  WIND      :SUNSHINE: SKY     :PK WND
================================================================================
1   2   3   4   5  6A  6B    7    8   9   10  11  12  13   14  15   16   17  18
                                     12Z  AVG MX 2MIN
DY MAX MIN AVG DEP HDD CDD  WTR  SNW DPTH SPD SPD DIR MIN PSBL S-S WX    SPD DR
================================================================================

 1  72  39  56   M   9   0    M    M    M  9.5 20  50   M    M   1        32  50
 2  43  30  37   M  28   0    M    M    M  8.3 17 360   M    M   7        22 360
 3  48  27  38   M  27   0    M    M    M  5.8  9 300   M    M   0         M  M
 4  63  25  44   M  21   0    M    M    M  5.6 15 120   M    M   0        18 140
 5  73  30  52   M  13   0    M    M    M  7.8 21 250   M    M   0        25 250
 6  73  37  55   M  10   0    M    M    M  8.3 17 110   M    M   0        28 130
 7  63  43  53   M  12   0    M    M    M  6.6 16  80   M    M   3        17 130
 8  59  45  52   M  13   0    M    M    M  8.7 22 340   M    M   2        25 340
 9  55  36  46   M  19   0    M    M    M 11.7 22 360   M    M   1        29 360
10  64  28  46   M  19   0    M    M    M  4.9 13 110   M    M   0        17 110
11  73  32  53   M  12   0    M    M    M  4.5 14 180   M    M   0        18 180
12  66  36  51   M  14   0    M    M    M 10.1 22 310   M    M   0        30 310
13  70  34  52   M  13   0    M    M    M  5.3 10 140   M    M   0        16 140
14  77  32  55   M  10   0    M    M    M  8.3 16 130   M    M   0        25 130
15  61  37  49   M  16   0    M    M    M 15.8 32 340   M    M   1 3      43 340
16  39  34  37   M  28   0    M    M    M 11.8 23 330   M    M   9        28 330
17  46  37  42   M  23   0    M    M    M 14.3 21 330   M    M   6 3      24 350
18  55  37  46   M  19   0    M    M    M  8.0 25 360   M    M   6 3      31 360
19  54  37  46   M  19   0    M    M    M 18.6 29 350   M    M   2        37 360
20  55  30  43   M  22   0    M    M    M  4.3 10 360   M    M   3         M  M
21  66  36  51   M  14   0    M    M    M  3.3 12  90   M    M   1         M  M
22  66  34  50   M  15   0    M    M    M  5.8 13 310   M    M   0        18 310
23  72  37  55   M  10   0    M    M    M  6.5 14  20   M    M   1        16 270
24  64  41  53   M  12   0    M    M    M  5.4 16 130   M    M   1        40 130
25  66  37  52   M  13   0    M    M    M  7.7 23 290   M    M   1        27 290
================================================================================
SM 1543  871       411   0    M     M    206.9          M       45
================================================================================
AV 61.7 34.8                               8.3 FASTST   M    M   2    MAX(MPH)
                                 MISC ---->    32   M                 43    M
================================================================================
NOTES:
# LAST OF SEVERAL OCCURRENCES

COLUMN 17 PEAK WIND IN M.P.H.

PRELIMINARY LOCAL CLIMATOLOGICAL DATA (WS FORM: F-6) , PAGE 2

                                          STATION:  FT COLLINS/LOVELAND CO
                                          MONTH:    APRIL
                                          YEAR:     2015
                                          LATITUDE:   40 27 N
                                          LONGITUDE: 105  1 W

[TEMPERATURE DATA]      [PRECIPITATION DATA]       SYMBOLS USED IN COLUMN 16

AVERAGE MONTHLY: 48.3   TOTAL FOR MONTH:      M    1 = FOG OR MIST
DPTR FM NORMAL:     M   DPTR FM NORMAL:       M    2 = FOG REDUCING VISIBILITY
HIGHEST:    77 ON 14    GRTST 24HR    M  ON   M        TO 1/4 MILE OR LESS
LOWEST:     25 ON  4                               3 = THUNDER
                        SNOW, ICE PELLETS, HAIL    4 = ICE PELLETS
                        TOTAL MONTH:    M          5 = HAIL
                        GRTST 24HR    M  ON   M    6 = FREEZING RAIN OR DRIZZLE
                        GRTST DEPTH:  M  ON   M    7 = DUSTSTORM OR SANDSTORM:
                                                       VSBY 1/2 MILE OR LESS
                                                   8 = SMOKE OR HAZE
[NO. OF DAYS WITH]      [WEATHER - DAYS WITH]      9 = BLOWING SNOW
                                                   X = TORNADO
MAX 32 OR BELOW:   0    0.01 INCH OR MORE:   0
MAX 90 OR ABOVE:   0    0.10 INCH OR MORE:   0
MIN 32 OR BELOW:   8    0.50 INCH OR MORE:   0
MIN  0 OR BELOW:   0    1.00 INCH OR MORE:   0

[HDD (BASE 65) ]
TOTAL THIS MO.   411    CLEAR  (SCALE 0-3)  21
DPTR FM NORMAL     M    PTCLDY (SCALE 4-7)   3
TOTAL FM JUL 1  5343    CLOUDY (SCALE 8-10)  1
DPTR FM NORMAL     M

[CDD (BASE 65) ]
TOTAL THIS MO.     0
DPTR FM NORMAL     M    [PRESSURE DATA]
TOTAL FM JAN 1     0    HIGHEST SLP M ON M
DPTR FM NORMAL     M    LOWEST  SLP M ON M

[REMARKS]
