000
CXUS53 KFGF 270915
CF6GFK
PRELIMINARY LOCAL CLIMATOLOGICAL DATA (WS FORM: F-6)

                                          STATION:   GRAND FORKS INTL AP ND
                                          MONTH:     APRIL
                                          YEAR:      2015
                                          LATITUDE:   47 57 N
                                          LONGITUDE:  97 11 W

  TEMPERATURE IN F:       :PCPN:    SNOW:  WIND      :SUNSHINE: SKY     :PK WND
================================================================================
1   2   3   4   5  6A  6B    7    8   9   10  11  12  13   14  15   16   17  18
                                     12Z  AVG MX 2MIN
DY MAX MIN AVG DEP HDD CDD  WTR  SNW DPTH SPD SPD DIR MIN PSBL S-S WX    SPD DR
================================================================================

 1  67  40  54  20  11   0 0.00  0.0    0 15.9 31 280   M    M   5        40 280
 2  47  20  34  -1  31   0    T  0.2    0 18.3 31 270   M    M   5 1      40 270
 3  38  13  26  -9  39   0    T    T    0  6.8 17 350   M    M   5        23 350
 4  41  16  29  -7  36   0 0.00  0.0    0  7.2 16  30   M    M   6        20  30
 5  40  23  32  -4  33   0 0.00  0.0    0 10.5 16  70   M    M   9        20  30
 6  43  25  34  -3  31   0 0.00  0.0    0 10.9 20  80   M    M   7        25  60
 7  41  30  36  -2  29   0 0.11  0.4    0 10.3 20 130   M    M  10 1      24 130
 8  46  30  38   0  27   0 0.00  0.0    T  3.1 13 160   M    M   9        16  90
 9  61  27  44   5  21   0 0.00  0.0    0 10.4 31 360   M    M   4        37 360
10  57  32  45   6  20   0 0.00  0.0    0  9.6 15 340   M    M   1        21 350
11  78  28  53  13  12   0    T  0.0    0 12.2 29 200   M    M   3        37 210
12  68  34  51  11  14   0    T  0.0    0 12.6 31 310   M    M   6        41 300
13  60  28  44   3  21   0 0.00  0.0    0 14.9 35 290   M    M   2        43 300
14  76  26  51  10  14   0 0.00  0.0    0 12.8 26 140   M    M   2        35 150
15  76  47  62  20   3   0 0.00  0.0    0 20.2 37 190   M    M   2        45 180
16  67  32  50   8  15   0 0.00  0.0    0 10.9 20 360   M    M   4        25 330
17  77  27  52   9  13   0 0.00  0.0    0 11.4 28  10   M    M   0        35  10
18  69  27  48   4  17   0 0.00  0.0    0  6.4 16 160   M    M   6        21 150
19  58  34  46   2  19   0 0.44    M    0 14.9 29 320   M    M  10 1      37 320
20  38  32  35  -9  30   0    T    T    0 21.6 36 330   M    M  10 1      45 330
21  45  28  37  -8  28   0    T    T    0 22.4 38 360   M    M   8 1      45 350
22  47  22  35 -11  30   0 0.00  0.0    0 13.8 26 350   M    M   0        31 360
23  51  18  35 -11  30   0    T  0.0    0  4.4 13  50   M    M   4        16  90
24  55  39  47   1  18   0 0.01  0.0    0 12.7 24 140   M    M   9        31 140
25  64  43  54   7  11   0 0.00  0.0    0  8.3 15 150   M    M   8        23 150
26  69  33  51   4  14   0 0.00  0.0    0  6.1 16 160   M    M   3        21 160
================================================================================
SM 1479  754       567   0  0.56     0.6 308.6          M      138
================================================================================
AV 56.9 29.0                              11.9 FASTST   M    M   5    MAX(MPH)
                                 MISC ---->  # 38 360               # 45  180
================================================================================
NOTES:
# LAST OF SEVERAL OCCURRENCES

COLUMN 17 PEAK WIND IN M.P.H.

PRELIMINARY LOCAL CLIMATOLOGICAL DATA (WS FORM: F-6) , PAGE 2

                                          STATION:  GRAND FORKS INTL AP ND
                                          MONTH:    APRIL
                                          YEAR:     2015
                                          LATITUDE:   47 57 N
                                          LONGITUDE:  97 11 W

[TEMPERATURE DATA]      [PRECIPITATION DATA]       SYMBOLS USED IN COLUMN 16

AVERAGE MONTHLY: 42.9   TOTAL FOR MONTH:   0.56    1 = FOG OR MIST
DPTR FM NORMAL:   2.0   DPTR FM NORMAL:   -0.25    2 = FOG REDUCING VISIBILITY
HIGHEST:    78 ON 11    GRTST 24HR  0.44 ON 19-19      TO 1/4 MILE OR LESS
LOWEST:     13 ON  3                               3 = THUNDER
                        SNOW, ICE PELLETS, HAIL    4 = ICE PELLETS
                        TOTAL MONTH:   0.6 INCH    5 = HAIL
                        GRTST 24HR   0.4 ON   M    6 = FREEZING RAIN OR DRIZZLE
                        GRTST DEPTH:   T           7 = DUSTSTORM OR SANDSTORM:
                                                       VSBY 1/2 MILE OR LESS
                                                   8 = SMOKE OR HAZE
[NO. OF DAYS WITH]      [WEATHER - DAYS WITH]      9 = BLOWING SNOW
                                                   X = TORNADO
MAX 32 OR BELOW:   0    0.01 INCH OR MORE:   3
MAX 90 OR ABOVE:   0    0.10 INCH OR MORE:   2
MIN 32 OR BELOW:  19    0.50 INCH OR MORE:   0
MIN  0 OR BELOW:   0    1.00 INCH OR MORE:   0

[HDD (BASE 65) ]
TOTAL THIS MO.   567    CLEAR  (SCALE 0-3)   8
DPTR FM NORMAL   -61    PTCLDY (SCALE 4-7)  12
TOTAL FM JUL 1  8531    CLOUDY (SCALE 8-10)  6
DPTR FM NORMAL  -482

[CDD (BASE 65) ]
TOTAL THIS MO.     0
DPTR FM NORMAL     0    [PRESSURE DATA]
TOTAL FM JAN 1     0    HIGHEST SLP M ON M
DPTR FM NORMAL     0    LOWEST  SLP 29.32 ON  1

[REMARKS]
