000
CXUS52 KFFC 011110
CF6GVL
PRELIMINARY LOCAL CLIMATOLOGICAL DATA (WS FORM: F-6)

                                          STATION:   GAINESVILLE
                                          MONTH:     MARCH
                                          YEAR:      2015
                                          LATITUDE:   34 16 N
                                          LONGITUDE:  83 50 W

  TEMPERATURE IN F:       :PCPN:    SNOW:  WIND      :SUNSHINE: SKY     :PK WND
================================================================================
1   2   3   4   5  6A  6B    7    8   9   10  11  12  13   14  15   16   17  18
                                     12Z  AVG MX 2MIN
DY MAX MIN AVG DEP HDD CDD  WTR  SNW DPTH SPD SPD DIR MIN PSBL S-S WX    SPD DR
================================================================================

 1  47  33  40  -9  25   0 0.01    M    M  5.3 15  80   M    M  10 1      20  90
 2  68  45  57   8   8   0    T    M    M  8.4 15 230   M    M   7 128    20 250
 3  54  44  49   0  16   0 0.11    M    M  6.9 14  80   M    M  10 12     20  70
 4  75  45  60  10   5   0 0.09    M    M  6.7 15 180   M    M   9 12     23 180
 5  65  33  49  -1  16   0 0.06    M    M 10.9 22 280   M    M   8 1      29 310
 6  48  32  40 -10  25   0    T    M    M  7.7 15 100   M    M   6        20  90
 7  61  28  45  -5  20   0 0.00  0.0    M  6.6 17 250   M    M   0        22 230
 8  69  35  52   1  13   0 0.00  0.0    M  6.1 17 240   M    M   2 8      22 250
 9  65  52  59   8   6   0 0.03  0.0    M  5.0 12 130   M    M  10        15 130
10  71  52  62  11   3   0 0.01  0.0    M  5.4 12  90   M    M   9        15 100
11  70  57  64  13   1   0 0.04  0.0    M  5.1 14 260   M    M   5 1      18 270
12  65  55  60   8   5   0 0.02    M    M 11.0 17  90   M    M   8 1      23  70
13  57  43  50  -2  15   0 0.16    M    M 13.5 21  70   M    M  10 1      29  80
14  62  45  54   2  11   0 0.20    M    M  7.4 16  80   M    M  10 1      21  90
15  77  49  63  11   2   0 0.00    M    M  8.1 14 250   M    M   0        19 240
16  83  42  63  10   2   0 0.00    M    M  6.6 17 250   M    M   0        22 240
17  80  54  67  14   0   2 0.00    M    M 10.4 21 320   M    M   0        29 310
18  69  52  61   8   4   0 0.00    M    M  5.6 15  90   M    M   0        20  70
19  58  44  51  -2  14   0 0.37  0.0    M 11.0 18  80   M    M  10 1      24  60
20  67  44  56   2   9   0 0.01  0.0    M  6.6 15 260   M    M   8 1      20 290
21  73  48  61   7   4   0 0.00  0.0    M  5.3 13 260   M    M   4 12     17 280
22  58  52  55   1  10   0 0.39    M    M  5.0 13  50   M    M  10 1      16  50
23  66  52  59   4   6   0    T  0.0    M  6.6 16  90   M    M   7        20  80
24  72  47  60   5   5   0 0.00    M    M  3.2 12 110   M    M   1 1      17 110
25  68  57  63   8   2   0    T    M    M  6.1 12  90   M    M   9 1      16  90
26  72  57  65  10   0   0 0.01    M    M  6.8 16 250   M    M   6 12     20 240
27  62  40  51  -5  14   0 0.07    M    M 13.5 24 310   M    M   6 1      32 320
28  52  34  43 -13  22   0 0.00    M    M 10.0 20 270   M    M   1        25 290
29  58  30  44 -12  21   0 0.00    M    M  4.7 13 230   M    M   2        17 190
30  69  44  57   1   8   0 0.17    M    M  8.3 23 330   M    M   4 13     31 330
31  76  43  60   3   5   0 0.00    M    M  9.4 23 250   M    M   0        31 260
================================================================================
SM 2037 1388       297   2  1.75     0.0 233.2          M      172
================================================================================
AV 65.7 44.8                               7.5 FASTST   M    M   6    MAX(MPH)
                                 MISC ---->  # 24 310               # 32  320
================================================================================
NOTES:
# LAST OF SEVERAL OCCURRENCES

COLUMN 17 PEAK WIND IN M.P.H.

PRELIMINARY LOCAL CLIMATOLOGICAL DATA (WS FORM: F-6) , PAGE 2

                                          STATION:  GAINESVILLE
                                          MONTH:    MARCH
                                          YEAR:     2015
                                          LATITUDE:   34 16 N
                                          LONGITUDE:  83 50 W

[TEMPERATURE DATA]      [PRECIPITATION DATA]       SYMBOLS USED IN COLUMN 16

AVERAGE MONTHLY: 55.2   TOTAL FOR MONTH:   1.75    1 = FOG OR MIST
DPTR FM NORMAL:   2.5   DPTR FM NORMAL:   -3.67    2 = FOG REDUCING VISIBILITY
HIGHEST:    83 ON 16    GRTST 24HR  0.39 ON 22-22      TO 1/4 MILE OR LESS
LOWEST:     28 ON  7                               3 = THUNDER
                        SNOW, ICE PELLETS, HAIL    4 = ICE PELLETS
                        TOTAL MONTH:   0.0 INCH    5 = HAIL
                        GRTST 24HR     0.0         6 = FREEZING RAIN OR DRIZZLE
                        GRTST DEPTH:  M  ON   M    7 = DUSTSTORM OR SANDSTORM:
                                                       VSBY 1/2 MILE OR LESS
                                                   8 = SMOKE OR HAZE
[NO. OF DAYS WITH]      [WEATHER - DAYS WITH]      9 = BLOWING SNOW
                                                   X = TORNADO
MAX 32 OR BELOW:   0    0.01 INCH OR MORE:  16
MAX 90 OR ABOVE:   0    0.10 INCH OR MORE:   6
MIN 32 OR BELOW:   3    0.50 INCH OR MORE:   0
MIN  0 OR BELOW:   0    1.00 INCH OR MORE:   0

[HDD (BASE 65) ]
TOTAL THIS MO.   297    CLEAR  (SCALE 0-3)  10
DPTR FM NORMAL   -91    PTCLDY (SCALE 4-7)   9
TOTAL FM JUL 1  2927    CLOUDY (SCALE 8-10) 12
DPTR FM NORMAL    75

[CDD (BASE 65) ]
TOTAL THIS MO.     2
DPTR FM NORMAL    -3    [PRESSURE DATA]
TOTAL FM JAN 1     2    HIGHEST SLP 30.60 ON  1
DPTR FM NORMAL    -3    LOWEST  SLP 29.67 ON 27

[REMARKS]
#FINAL-03-15#
