000
CXUS54 KHGX 181415
CF6HOU
PRELIMINARY LOCAL CLIMATOLOGICAL DATA (WS FORM: F-6)

                                          STATION:   HOUSTON/HOBBY AIRPORT
                                          MONTH:     APRIL
                                          YEAR:      2015
                                          LATITUDE:   29 38 N
                                          LONGITUDE:  95 17 W

  TEMPERATURE IN F:       :PCPN:    SNOW:  WIND      :SUNSHINE: SKY     :PK WND
================================================================================
1   2   3   4   5  6A  6B    7    8   9   10  11  12  13   14  15   16   17  18
                                     12Z  AVG MX 2MIN
DY MAX MIN AVG DEP HDD CDD  WTR  SNW DPTH SPD SPD DIR MIN PSBL S-S WX    SPD DR
================================================================================

 1  79  66  73   6   0   8 0.01  0.0    0  7.7 22 160   M    M   8 13     30 170
 2  82  69  76   9   0  11 0.02  0.0    0 10.7 18 190   M    M   7        26 160
 3  81  72  77  10   0  12 0.02  0.0    0  8.5 17 350   M    M   9 1      22 350
 4  75  65  70   3   0   5    T  0.0    0 12.1 23  30   M    M   8        29  30
 5  71  63  67  -1   0   2 0.09  0.0    0  6.5 12  90   M    M  10 1      16 150
 6  81  68  75   7   0  10 0.00  0.0    0  8.7 18 190   M    M   8        24 160
 7  86  69  78  10   0  13 0.00  0.0    0  8.7 18 180   M    M   6 2      25 170
 8  83  72  78  10   0  13 0.00  0.0    0  9.4 20 180   M    M   9        26 190
 9  86  73  80  12   0  15 0.00  0.0    0 11.1 23 180   M    M   8        29 170
10  77  64  71   3   0   6 0.26  0.0    0  5.7 18 330   M    M  10 13     22 330
11  74  66  70   1   0   5 0.45  0.0    0  5.6 13  50   M    M  10 1      16  50
12  80  69  75   6   0  10 0.17  0.0    0  6.4 16 110   M    M   9 13     20 150
13  87  69  78   9   0  13 0.80  0.0    0  8.5 16 260   M    M   7 13     21 250
14  76  66  71   2   0   6 0.67  0.0    0  5.0 18 130   M    M   8 13     25 130
15  79  61  70   0   0   5 0.00  0.0    0  4.4 12 120   M    M   7        17  30
16  81  67  74   4   0   9 1.64  0.0    0  6.4 24  70   M    M   8 138    28  60
17  81  66  74   4   0   9 3.18  0.0    0 10.2 47 280   M    M   8 13     61 280
================================================================================
SM 1359 1145         0 152  7.31     0.0 135.6          M      140
================================================================================
AV 79.9 67.4                               8.0 FASTST   M    M   8    MAX(MPH)
                                 MISC ---->  # 47 280               # 61  280
================================================================================
NOTES:
# LAST OF SEVERAL OCCURRENCES

COLUMN 17 PEAK WIND IN M.P.H.

PRELIMINARY LOCAL CLIMATOLOGICAL DATA (WS FORM: F-6) , PAGE 2

                                          STATION:  HOUSTON/HOBBY AIRPORT
                                          MONTH:    APRIL
                                          YEAR:     2015
                                          LATITUDE:   29 38 N
                                          LONGITUDE:  95 17 W

[TEMPERATURE DATA]      [PRECIPITATION DATA]       SYMBOLS USED IN COLUMN 16

AVERAGE MONTHLY: 73.6   TOTAL FOR MONTH:   7.31    1 = FOG OR MIST
DPTR FM NORMAL:   5.3   DPTR FM NORMAL:    5.59    2 = FOG REDUCING VISIBILITY
HIGHEST:    87 ON 13    GRTST 24HR  3.95 ON 16-17      TO 1/4 MILE OR LESS
LOWEST:     61 ON 15                               3 = THUNDER
                        SNOW, ICE PELLETS, HAIL    4 = ICE PELLETS
                        TOTAL MONTH:   0.0 INCH    5 = HAIL
                        GRTST 24HR     0.0         6 = FREEZING RAIN OR DRIZZLE
                        GRTST DEPTH:   0           7 = DUSTSTORM OR SANDSTORM:
                                                       VSBY 1/2 MILE OR LESS
                                                   8 = SMOKE OR HAZE
[NO. OF DAYS WITH]      [WEATHER - DAYS WITH]      9 = BLOWING SNOW
                                                   X = TORNADO
MAX 32 OR BELOW:   0    0.01 INCH OR MORE:  11
MAX 90 OR ABOVE:   0    0.10 INCH OR MORE:   7
MIN 32 OR BELOW:   0    0.50 INCH OR MORE:   4
MIN  0 OR BELOW:   0    1.00 INCH OR MORE:   2

[HDD (BASE 65) ]
TOTAL THIS MO.     0    CLEAR  (SCALE 0-3)   0
DPTR FM NORMAL   -24    PTCLDY (SCALE 4-7)   8
TOTAL FM JUL 1  1300    CLOUDY (SCALE 8-10)  9
DPTR FM NORMAL    85

[CDD (BASE 65) ]
TOTAL THIS MO.   152
DPTR FM NORMAL    71    [PRESSURE DATA]
TOTAL FM JAN 1   237    HIGHEST SLP M ON M
DPTR FM NORMAL    49    LOWEST  SLP 29.77 ON 13

[REMARKS]
