000
CXUS55 KEAX 270736
CF6IXD
PRELIMINARY LOCAL CLIMATOLOGICAL DATA (WS FORM: F-6)

                                          STATION:   New Century Air Center KS
                                          MONTH:     APRIL
                                          YEAR:      2015
                                          LATITUDE:   38 49 N
                                          LONGITUDE:  94 54 W

  TEMPERATURE IN F:       :PCPN:    SNOW:  WIND      :SUNSHINE: SKY     :PK WND
================================================================================
1   2   3   4   5  6A  6B    7    8   9   10  11  12  13   14  15   16   17  18
                                     12Z  AVG MX 2MIN
DY MAX MIN AVG DEP HDD CDD  WTR  SNW DPTH SPD SPD DIR MIN PSBL S-S WX    SPD DR
================================================================================

 1  79  52  66  16   0   1 0.00    M    M 16.4 28 140   M    M   1 8      36 140
 2  71  55  63  13   2   0 0.30    M    M 12.2 35  10   M    M   6 13     43  10
 3  58  35  47  -4  18   0 0.17    M    M 15.8 29 340   M    M   5 3      36 360
 4  62  25  44  -7  21   0 0.00    M    M  8.4 20 210   M    M   0        24 210
 5  63  38  51   0  14   0    T    M    M 13.9 25 160   M    M   4 1      34 150
 6  65  48  57   5   8   0 0.00    M    M  9.6 17 180   M    M  10 1      21 160
 7  85  54  70  18   0   5 0.00    M    M 11.8 25 330   M    M   7 18     30 330
 8  77  50  64  12   1   0 0.01    M    M 12.3 31 190   M    M   7 1238   42 170
 9  76  40  58   6   7   0 0.01    M    M 19.6 31 280   M    M   5        41 290
10  68  33  51  -2  14   0 0.00    M    M  7.7 20 270   M    M   0        25 300
11  72  47  60   7   5   0 0.00    M    M 10.3 23 190   M    M   1        29 160
12  68  51  60   7   5   0 1.23    M    M 12.8 31 130   M    M   9 13     38 130
13  63  48  56   2   9   0 0.82    M    M 12.0 25  10   M    M   1 13     33  20
14  68  45  57   3   8   0 0.00    M    M  9.1 21 120   M    M   2        27  60
15  59  51  55   1  10   0    T    M    M  9.2 18 120   M    M  10 18     23 120
16  75  49  62   7   3   0 0.00    M    M  4.9 13 160   M    M   4 12     15 130
17  77  53  65  10   0   0 0.00    M    M  6.1 16 170   M    M   3        22 170
18  66  58  62   7   3   0 0.35    M    M  7.3 22 230   M    M   6 13     30 200
19  68  49  59   3   6   0 0.36    M    M 12.5 28 320   M    M   7 1      36 320
20  59  42  51  -5  14   0 0.00    M    M 14.0 29 290   M    M   3        37 320
21  70  40  55  -1  10   0 0.00    M    M  8.1 25 360   M    M   3        33 360
22  58  33  46 -11  19   0 0.00    M    M  6.9 17  20   M    M   1        20  30
23  65  41  53  -4  12   0 0.00    M    M  8.4 18 160   M    M   6 8      25 130
24  65  52  59   2   6   0 0.03    M    M 12.5 25 140   M    M  10 3      29 150
25  65  49  57  -1   8   0 0.42    M    M 11.4 22 340   M    M  10 13     27 340
26  62  47  55  -3  10   0 0.00    M    M 11.0 18  70   M    M   6 1      24  60
================================================================================
SM 1764 1185       213   6  3.70    M    284.2          M      127
================================================================================
AV 67.8 45.6                              10.9 FASTST   M    M   5    MAX(MPH)
                                 MISC ---->  # 35  10               # 43   10
================================================================================
NOTES:
# LAST OF SEVERAL OCCURRENCES

COLUMN 17 PEAK WIND IN M.P.H.

PRELIMINARY LOCAL CLIMATOLOGICAL DATA (WS FORM: F-6) , PAGE 2

                                          STATION:  New Century Air Center KS
                                          MONTH:    APRIL
                                          YEAR:     2015
                                          LATITUDE:   38 49 N
                                          LONGITUDE:  94 54 W

[TEMPERATURE DATA]      [PRECIPITATION DATA]       SYMBOLS USED IN COLUMN 16

AVERAGE MONTHLY: 56.7   TOTAL FOR MONTH:   3.70    1 = FOG OR MIST
DPTR FM NORMAL:   2.8   DPTR FM NORMAL:    0.57    2 = FOG REDUCING VISIBILITY
HIGHEST:    85 ON  7    GRTST 24HR  2.05 ON 12-13      TO 1/4 MILE OR LESS
LOWEST:     25 ON  4                               3 = THUNDER
                        SNOW, ICE PELLETS, HAIL    4 = ICE PELLETS
                        TOTAL MONTH:    M          5 = HAIL
                        GRTST 24HR    M  ON   M    6 = FREEZING RAIN OR DRIZZLE
                        GRTST DEPTH:  M  ON   M    7 = DUSTSTORM OR SANDSTORM:
                                                       VSBY 1/2 MILE OR LESS
                                                   8 = SMOKE OR HAZE
[NO. OF DAYS WITH]      [WEATHER - DAYS WITH]      9 = BLOWING SNOW
                                                   X = TORNADO
MAX 32 OR BELOW:   0    0.01 INCH OR MORE:  10
MAX 90 OR ABOVE:   0    0.10 INCH OR MORE:   7
MIN 32 OR BELOW:   1    0.50 INCH OR MORE:   2
MIN  0 OR BELOW:   0    1.00 INCH OR MORE:   1

[HDD (BASE 65) ]
TOTAL THIS MO.   213    CLEAR  (SCALE 0-3)   8
DPTR FM NORMAL   -87    PTCLDY (SCALE 4-7)  13
TOTAL FM JUL 1  4932    CLOUDY (SCALE 8-10)  5
DPTR FM NORMAL     2

[CDD (BASE 65) ]
TOTAL THIS MO.     6
DPTR FM NORMAL    -9    [PRESSURE DATA]
TOTAL FM JAN 1     7    HIGHEST SLP  0.00 ON M
DPTR FM NORMAL   -10    LOWEST  SLP  0.00 ON M

[REMARKS]
