000
CXUS53 KGRR 191017
CF6LAN
PRELIMINARY LOCAL CLIMATOLOGICAL DATA (WS FORM: F-6)

                                          STATION:   LANSING MI
                                          MONTH:     APRIL
                                          YEAR:      2015
                                          LATITUDE:   42 46 N
                                          LONGITUDE:  84 36 W

  TEMPERATURE IN F:       :PCPN:    SNOW:  WIND      :SUNSHINE: SKY     :PK WND
================================================================================
1   2   3   4   5  6A  6B    7    8   9   10  11  12  13   14  15   16   17  18
                                     12Z  AVG MX 2MIN
DY MAX MIN AVG DEP HDD CDD  WTR  SNW DPTH SPD SPD DIR MIN PSBL S-S WX    SPD DR
================================================================================

 1  65  25  45   3  20   0 0.00  0.0    0  5.0 15 180   M    M   1        24 190
 2  63  43  53  11  12   0 0.11  0.0    0 12.7 28 220   M    M   5 1      37 210
 3  51  28  40  -2  25   0    T  0.0    0  6.9 20 350   M    M   6 12     27 350
 4  51  21  36  -7  29   0 0.00  0.0    0 11.2 32 250   M    M   2        41 250
 5  56  35  46   3  19   0    T  0.0    0  6.2 14  40   M    M   7 1      17  40
 6  64  33  49   5  16   0 0.00  0.0    0  8.0 20  40   M    M   5 18     23 110
 7  54  35  45   1  20   0    T  0.0    0 12.3 20  70   M    M  10 18     24  70
 8  42  36  39  -6  26   0 0.12  0.0    0  8.5 23 300   M    M  10 1      29 300
 9  67  37  52   7  13   0 0.46  0.0    0  9.6 18 190   M    M   9 123    25 190
10  68  39  54   9  11   0 0.04  0.0    0 19.9 38 250   M    M   8 1      46 250
11  59  31  45  -1  20   0 0.00  0.0    0  9.0 22 290   M    M   2 1      27 300
12  68  38  53   7  12   0    T  0.0    0  8.3 18 210   M    M   2        23 180
13  62  45  54   7  11   0 0.08  0.0    0 12.9 29 260   M    M   6 1      38 270
14  68  35  52   5  13   0 0.00  0.0    0  4.2 12 290   M    M   0        14 320
15  66  37  52   5  13   0 0.00  0.0    0  9.7 18  90   M    M   0        24 110
16  62  41  52   4  13   0    T  0.0    0  7.9 16 180   M    M   7        19 170
17  76  40  58  10   7   0 0.00  0.0    0  6.2 16 290   M    M   2 18     23 250
18  70  45  58  10   7   0 0.00  0.0    0  9.6 23  50   M    M   0        29  40
================================================================================
SM 1112  644       287   0  0.81     0.0 168.1          M       82
================================================================================
AV 61.8 35.8                               9.3 FASTST   M    M   5    MAX(MPH)
                                 MISC ---->  # 38 250               # 46  250
================================================================================
NOTES:
# LAST OF SEVERAL OCCURRENCES

COLUMN 17 PEAK WIND IN M.P.H.

PRELIMINARY LOCAL CLIMATOLOGICAL DATA (WS FORM: F-6) , PAGE 2

                                          STATION:  LANSING MI
                                          MONTH:    APRIL
                                          YEAR:     2015
                                          LATITUDE:   42 46 N
                                          LONGITUDE:  84 36 W

[TEMPERATURE DATA]      [PRECIPITATION DATA]       SYMBOLS USED IN COLUMN 16

AVERAGE MONTHLY: 48.8   TOTAL FOR MONTH:   0.81    1 = FOG OR MIST
DPTR FM NORMAL:   3.7   DPTR FM NORMAL:   -1.03    2 = FOG REDUCING VISIBILITY
HIGHEST:    76 ON 17    GRTST 24HR  0.46 ON  9- 9      TO 1/4 MILE OR LESS
LOWEST:     21 ON  4                               3 = THUNDER
                        SNOW, ICE PELLETS, HAIL    4 = ICE PELLETS
                        TOTAL MONTH:   0.0 INCH    5 = HAIL
                        GRTST 24HR     0.0         6 = FREEZING RAIN OR DRIZZLE
                        GRTST DEPTH:   0           7 = DUSTSTORM OR SANDSTORM:
                                                       VSBY 1/2 MILE OR LESS
                                                   8 = SMOKE OR HAZE
[NO. OF DAYS WITH]      [WEATHER - DAYS WITH]      9 = BLOWING SNOW
                                                   X = TORNADO
MAX 32 OR BELOW:   0    0.01 INCH OR MORE:   5
MAX 90 OR ABOVE:   0    0.10 INCH OR MORE:   3
MIN 32 OR BELOW:   4    0.50 INCH OR MORE:   0
MIN  0 OR BELOW:   0    1.00 INCH OR MORE:   0

[HDD (BASE 65) ]
TOTAL THIS MO.   287    CLEAR  (SCALE 0-3)   8
DPTR FM NORMAL   -73    PTCLDY (SCALE 4-7)   7
TOTAL FM JUL 1  6772    CLOUDY (SCALE 8-10)  3
DPTR FM NORMAL   548

[CDD (BASE 65) ]
TOTAL THIS MO.     0
DPTR FM NORMAL     0    [PRESSURE DATA]
TOTAL FM JAN 1     0    HIGHEST SLP M ON M
DPTR FM NORMAL    -1    LOWEST  SLP 29.42 ON 10

[REMARKS]
