000
CXUS52 KILM 011000
CF6LBT
PRELIMINARY LOCAL CLIMATOLOGICAL DATA (WS FORM: F-6)

                                          STATION:   LUMBERTON NC
                                          MONTH:     MARCH
                                          YEAR:      2015
                                          LATITUDE:   34 35 N
                                          LONGITUDE:  79  4 W

  TEMPERATURE IN F:       :PCPN:    SNOW:  WIND      :SUNSHINE: SKY     :PK WND
================================================================================
1   2   3   4   5  6A  6B    7    8   9   10  11  12  13   14  15   16   17  18
                                     12Z  AVG MX 2MIN
DY MAX MIN AVG DEP HDD CDD  WTR  SNW DPTH SPD SPD DIR MIN PSBL S-S WX    SPD DR
================================================================================

 1  40  34  37 -13  28   0 0.13    M    M  6.4 14  30   M    M  10 18     17  50
 2  65  40  53   3  12   0 0.00    M    M  4.7 13 110   M    M   7 12     18 130
 3  48  40  44  -7  21   0 0.09    M    M  6.0 14 100   M    M  10 128    19 120
 4  79  41  60   9   5   0 0.00    M    M 10.6 26 230   M    M   6 12     31 240
 5  79  38  59   8   6   0 0.43    M    M 13.6 37 360   M    M   7 18     46 360
 6  44  30  37 -14  28   0 0.00    M    M 10.5 22  20   M    M   4        27  20
 7  59  25  42 -10  23   0 0.00    M    M  3.2 15 220   M    M   0        19 210
 8  71  36  54   2  11   0 0.00    M    M  6.2 13 240   M    M   0        16 220
 9  66  52  59   7   6   0 0.00    M    M  3.1 12 250   M    M   3        13 240
10  79  51  65  13   0   0 0.00    M    M  6.3 17 190   M    M   3        23 160
11  84  62  73  20   0   8 0.05    M    M  9.2 23 240   M    M   4 1      34 230
12  67  54  61   8   4   0 0.00    M    M  9.6 21  30   M    M   7        26  30
13  64  47  56   3   9   0 0.00    M    M  8.6 18  90   M    M   9        26  90
14  70  57  64  10   1   0 0.88    M    M  7.2 18 260   M    M   8 1      25 260
15  73  49  61   7   4   0 0.00    M    M  8.7 22 320   M    M   0 1      26 310
16  78  41  60   6   5   0 0.00    M    M  6.2 18 240   M    M   0        24 230
17  83  51  67  13   0   2 0.00    M    M  8.8 18 260   M    M   1        24 260
18  65  49  57   2   8   0 0.00    M    M  7.3 18  10   M    M   0        24  10
19  58  45  52  -3  13   0 0.17    M    M  7.1 15  40   M    M   8 18     19  40
20  63  44  54  -1  11   0 0.16    M    M  5.9 12 300   M    M   7 1      14 340
21  69  49  59   3   6   0 0.00    M    M  4.3 10  50   M    M   4 18     13  30
22  64  51  58   2   7   0 0.17    M    M  3.1 14 130   M    M   7 1      17 140
23  62  46  54  -2  11   0 0.03    M    M  7.9 18  30   M    M   5 1      22  30
24  72  40  56   0   9   0 0.00    M    M  5.2  9 100   M    M   1        14  70
25  74  50  62   5   3   0    T    M    M  8.1 16 190   M    M   8 18     22 200
26  76  63  70  13   0   5 0.67    M    M  8.1 17 210   M    M   6 13     23 240
27  67  45  56  -1   9   0 0.62    M    M  9.5 25 320   M    M   8 13     32 310
28  53  36  45 -12  20   0 0.03    M    M  9.9 20 290   M    M   5 1      25 240
29  53  28  41 -17  24   0 0.00    M    M  5.8 15  20   M    M   0        20 360
30  66  39  53  -5  12   0 0.05    M    M  7.3 20 250   M    M   3 8      24 250
31  75  39  57  -1   8   0 0.00    M    M  5.9 21 230   M    M   0 1      27 240
================================================================================
SM 2066 1372       304  15  3.48    M    224.3          M      141
================================================================================
AV 66.6 44.3                               7.2 FASTST   M    M   5    MAX(MPH)
                                 MISC ---->  # 37 360               # 46  360
================================================================================
NOTES:
# LAST OF SEVERAL OCCURRENCES

COLUMN 17 PEAK WIND IN M.P.H.

PRELIMINARY LOCAL CLIMATOLOGICAL DATA (WS FORM: F-6) , PAGE 2

                                          STATION:  LUMBERTON NC
                                          MONTH:    MARCH
                                          YEAR:     2015
                                          LATITUDE:   34 35 N
                                          LONGITUDE:  79  4 W

[TEMPERATURE DATA]      [PRECIPITATION DATA]       SYMBOLS USED IN COLUMN 16

AVERAGE MONTHLY: 55.5   TOTAL FOR MONTH:   3.48    1 = FOG OR MIST
DPTR FM NORMAL:   1.4   DPTR FM NORMAL:    0.15    2 = FOG REDUCING VISIBILITY
HIGHEST:    84 ON 11    GRTST 24HR  0.88 ON 14-14      TO 1/4 MILE OR LESS
LOWEST:     25 ON  7                               3 = THUNDER
                        SNOW, ICE PELLETS, HAIL    4 = ICE PELLETS
                        TOTAL MONTH:    M          5 = HAIL
                        GRTST 24HR    M  ON   M    6 = FREEZING RAIN OR DRIZZLE
                        GRTST DEPTH:  M  ON   M    7 = DUSTSTORM OR SANDSTORM:
                                                       VSBY 1/2 MILE OR LESS
                                                   8 = SMOKE OR HAZE
[NO. OF DAYS WITH]      [WEATHER - DAYS WITH]      9 = BLOWING SNOW
                                                   X = TORNADO
MAX 32 OR BELOW:   0    0.01 INCH OR MORE:  13
MAX 90 OR ABOVE:   0    0.10 INCH OR MORE:   8
MIN 32 OR BELOW:   3    0.50 INCH OR MORE:   3
MIN  0 OR BELOW:   0    1.00 INCH OR MORE:   0

[HDD (BASE 65) ]
TOTAL THIS MO.   304    CLEAR  (SCALE 0-3)  12
DPTR FM NORMAL   -42    PTCLDY (SCALE 4-7)  16
TOTAL FM JUL 1  2668    CLOUDY (SCALE 8-10)  3
DPTR FM NORMAL    92

[CDD (BASE 65) ]
TOTAL THIS MO.    15
DPTR FM NORMAL     5    [PRESSURE DATA]
TOTAL FM JAN 1    15    HIGHEST SLP 30.63 ON  1
DPTR FM NORMAL     2    LOWEST  SLP 29.64 ON 27

[REMARKS]
#FINAL-03-15#
