000
CXUS55 KPIH 191200
CF6LLJ

PRELIMINARY LOCAL CLIMATOLOGICAL DATA (WS FORM: F-6)

                                          STATION:   CHALLIS ID
                                          MONTH:     APRIL
                                          YEAR:      2015
                                          LATITUDE:   44 31 N
                                          LONGITUDE: 114 13 W

  TEMPERATURE IN F:       :PCPN:    SNOW:  WIND      :SUNSHINE: SKY     :PK WND
================================================================================
1   2   3   4   5  6A  6B    7    8   9   10  11  12  13   14  15   16   17  18
                                     12Z  AVG MX 2MIN
DY MAX MIN AVG DEP HDD CDD  WTR  SNW DPTH SPD SPD DIR MIN PSBL S-S WX    SPD DR
================================================================================

 1  45  25  35  -6  30   0    T    M    M  6.9 26 310   M    M   6        33 320
 2  41  18  30 -11  35   0    T    M    M  4.1 23 330   M    M   4        28 330
 3  53  12  33  -8  32   0 0.00    M    M  4.9 17 250   M    M   1        23 180
 4  54  24  39  -2  26   0 0.00    M    M  6.9 29 300   M    M   5        35 310
 5  46  31  39  -2  26   0 0.26    M    M  3.5 25 270   M    M   7 12     33 240
 6  47  26  37  -5  28   0    T    M    M  6.1 28 290   M    M   3        34 300
 7  53  19  36  -6  29   0 0.00    M    M  3.3 13 160   M    M   2        17 150
 8  54  31  43   1  22   0 0.00    M    M  7.2 23 330   M    M   7        30 330
 9  52  32  42   0  23   0    T    M    M  5.0 15 170   M    M   7        20 150
10  62  24  43   1  22   0 0.00    M    M  3.2 17 260   M    M   1        21 240
11  59  32  46   4  19   0 0.01    M    M  8.9 25 220   M    M   4 1      35 210
12  54  29  42   0  23   0 0.00    M    M  6.7 17 230   M    M   3        21 230
13  68  26  47   4  18   0 0.00    M    M  5.2 28 200   M    M   1        35 200
14  58  30  44   1  21   0 0.02    M    M 11.0 28 260   M    M   8 8      33  10
15  47  26  37  -6  28   0 0.00    M    M 10.9 23 350   M    M   6        30 360
16  61  21  41  -2  24   0 0.00    M    M  4.0 15  30   M    M   0        20  30
17  70  25  48   4  17   0 0.00    M    M  3.0 16 340   M    M   0        19 340
18  66  31  49   5  16   0 0.00    M    M  7.8 21 330   M    M   0        25 330
================================================================================
SM  990  462       439   0  0.29    M    108.6          M       65
================================================================================
AV 55.0 25.7                               6.0 FASTST   M    M   4    MAX(MPH)
                                 MISC ---->  # 29 300               # 35  310
================================================================================
NOTES:
# LAST OF SEVERAL OCCURRENCES

COLUMN 17 PEAK WIND IN M.P.H.

PRELIMINARY LOCAL CLIMATOLOGICAL DATA (WS FORM: F-6) , PAGE 2

                                          STATION:  CHALLIS ID
                                          MONTH:    APRIL
                                          YEAR:     2015
                                          LATITUDE:   44 31 N
                                          LONGITUDE: 114 13 W

[TEMPERATURE DATA]      [PRECIPITATION DATA]       SYMBOLS USED IN COLUMN 16

AVERAGE MONTHLY: 40.3   TOTAL FOR MONTH:   0.29    1 = FOG OR MIST
DPTR FM NORMAL:  -1.8   DPTR FM NORMAL:   -0.15    2 = FOG REDUCING VISIBILITY
HIGHEST:    70 ON 17    GRTST 24HR  0.26 ON  5- 5      TO 1/4 MILE OR LESS
LOWEST:     12 ON  3                               3 = THUNDER
                        SNOW, ICE PELLETS, HAIL    4 = ICE PELLETS
                        TOTAL MONTH:    M          5 = HAIL
                        GRTST 24HR    M  ON   M    6 = FREEZING RAIN OR DRIZZLE
                        GRTST DEPTH:  M  ON   M    7 = DUSTSTORM OR SANDSTORM:
                                                       VSBY 1/2 MILE OR LESS
                                                   8 = SMOKE OR HAZE
[NO. OF DAYS WITH]      [WEATHER - DAYS WITH]      9 = BLOWING SNOW
                                                   X = TORNADO
MAX 32 OR BELOW:   0    0.01 INCH OR MORE:   3
MAX 90 OR ABOVE:   0    0.10 INCH OR MORE:   1
MIN 32 OR BELOW:  18    0.50 INCH OR MORE:   0
MIN  0 OR BELOW:   0    1.00 INCH OR MORE:   0

[HDD (BASE 65) ]
TOTAL THIS MO.   439    CLEAR  (SCALE 0-3)   8
DPTR FM NORMAL    28    PTCLDY (SCALE 4-7)  10
TOTAL FM JUL 1  6275    CLOUDY (SCALE 8-10)  0
DPTR FM NORMAL -1081

[CDD (BASE 65) ]
TOTAL THIS MO.     0
DPTR FM NORMAL     0    [PRESSURE DATA]
TOTAL FM JAN 1     0    HIGHEST SLP M ON M
DPTR FM NORMAL     0    LOWEST  SLP 29.59 ON 14

[REMARKS]
