000
CXUS56 KHNX 191146
CF6MAE
PRELIMINARY LOCAL CLIMATOLOGICAL DATA (WS FORM: F-6)

                                          STATION:   MADERA CA AIRPORT
                                          MONTH:     APRIL
                                          YEAR:      2015
                                          LATITUDE:   36 58 N
                                          LONGITUDE: 120  7 W

  TEMPERATURE IN F:       :PCPN:    SNOW:  WIND      :SUNSHINE: SKY     :PK WND
================================================================================
1   2   3   4   5  6A  6B    7    8   9   10  11  12  13   14  15   16   17  18
                                     12Z  AVG MX 2MIN
DY MAX MIN AVG DEP HDD CDD  WTR  SNW DPTH SPD SPD DIR MIN PSBL S-S WX    SPD DR
================================================================================

 1  72  41  57   1   8   0 0.00  0.0    0 10.7 20 330   M    M   0        24 340
 2  74  39  57   1   8   0 0.00  0.0    0  8.3 17 330   M    M   0        22 330
 3  77  41  59   3   6   0 0.00  0.0    0  5.5 12 320   M    M   0        14 320
 4  77  40  59   2   6   0 0.00  0.0    0  9.1 21 320   M    M   0        26  80
 5  70  42  56  -1   9   0 0.01  0.0    0  9.7 22 300   M    M   3        27 310
 6  66  41  54  -3  11   0 0.00  0.0    0  5.2 18 300   M    M   0        23 280
 7  59  45  52  -5  13   0 0.33  0.0    0 10.5 22 120   M    M   7 3      27 130
 8  66  41  54  -4  11   0 0.00  0.0    0  6.8 16 330   M    M   2        21 310
 9  72  40  56  -2   9   0 0.00  0.0    0  3.7  8 280   M    M   0 18     11 210
10  77  42  60   2   5   0 0.00  0.0    0  4.8 13 290   M    M   0 1      17 320
11  79  44  62   4   3   0 0.00  0.0    0 10.2 24 330   M    M   0        28 330
12  80  44  62   4   3   0 0.00  0.0    0  5.4 13 340   M    M   0 1      26  90
13  87  49  68   9   0   3 0.00  0.0    0  9.5 22 320   M    M   0        27 320
14  70  43  57  -2   8   0 0.00  0.0    0 17.6 25 310   M    M   0        32 310
15  73  39  56  -3   9   0 0.00  0.0    0  5.7 14 320   M    M   0        18 300
16   M   M   M   M   M   M    M    M    M   M   M   M   M    M   M         M  M
17  84  48  66   6   0   1 0.00  0.0    0  5.3 10 290   M    M   0        15 280
18  87  49  68   8   0   3 0.00  0.0    0  4.5  9 320   M    M   0        12 260
================================================================================
SM 1270  728       109   7  0.34     0.0 132.5          M       12
================================================================================
AV 74.7 42.8                               7.8 FASTST   M    M   1    MAX(MPH)
                                 MISC ---->  # 25 310               # 32  310
================================================================================
NOTES:
# LAST OF SEVERAL OCCURRENCES

COLUMN 17 PEAK WIND IN M.P.H.

PRELIMINARY LOCAL CLIMATOLOGICAL DATA (WS FORM: F-6) , PAGE 2

                                          STATION:  MADERA CA AIRPORT
                                          MONTH:    APRIL
                                          YEAR:     2015
                                          LATITUDE:   36 58 N
                                          LONGITUDE: 120  7 W

[TEMPERATURE DATA]      [PRECIPITATION DATA]       SYMBOLS USED IN COLUMN 16

AVERAGE MONTHLY: 58.8   TOTAL FOR MONTH:   0.34    1 = FOG OR MIST
DPTR FM NORMAL:   0.8   DPTR FM NORMAL:   -0.24    2 = FOG REDUCING VISIBILITY
HIGHEST:    87 ON 18,13 GRTST 24HR  0.33 ON  7- 7      TO 1/4 MILE OR LESS
LOWEST:     39 ON 15, 2                            3 = THUNDER
                        SNOW, ICE PELLETS, HAIL    4 = ICE PELLETS
                        TOTAL MONTH:   0.0 INCH    5 = HAIL
                        GRTST 24HR     0.0         6 = FREEZING RAIN OR DRIZZLE
                        GRTST DEPTH:   0           7 = DUSTSTORM OR SANDSTORM:
                                                       VSBY 1/2 MILE OR LESS
                                                   8 = SMOKE OR HAZE
[NO. OF DAYS WITH]      [WEATHER - DAYS WITH]      9 = BLOWING SNOW
                                                   X = TORNADO
MAX 32 OR BELOW:   0    0.01 INCH OR MORE:   2
MAX 90 OR ABOVE:   0    0.10 INCH OR MORE:   1
MIN 32 OR BELOW:   0    0.50 INCH OR MORE:   0
MIN  0 OR BELOW:   0    1.00 INCH OR MORE:   0

[HDD (BASE 65) ]
TOTAL THIS MO.   109    CLEAR  (SCALE 0-3)  15
DPTR FM NORMAL   -26    PTCLDY (SCALE 4-7)   2
TOTAL FM JUL 1  1689    CLOUDY (SCALE 8-10)  0
DPTR FM NORMAL  -864

[CDD (BASE 65) ]
TOTAL THIS MO.     7
DPTR FM NORMAL     0    [PRESSURE DATA]
TOTAL FM JAN 1    39    HIGHEST SLP M ON M
DPTR FM NORMAL    31    LOWEST  SLP 29.82 ON  5

[REMARKS]
