000
CXUS55 KLIX 191000
CF6MCB
PRELIMINARY LOCAL CLIMATOLOGICAL DATA (WS FORM: F-6)

                                          STATION:   MCCOMB
                                          MONTH:     APRIL
                                          YEAR:      2015
                                          LATITUDE:   31 10 N
                                          LONGITUDE:  90 28 W

  TEMPERATURE IN F:       :PCPN:    SNOW:  WIND      :SUNSHINE: SKY     :PK WND
================================================================================
1   2   3   4   5  6A  6B    7    8   9   10  11  12  13   14  15   16   17  18
                                     12Z  AVG MX 2MIN
DY MAX MIN AVG DEP HDD CDD  WTR  SNW DPTH SPD SPD DIR MIN PSBL S-S WX    SPD DR
================================================================================

 1  81  60  71   9   0   6 0.00  0.0    0  5.5 17 180   M    M   5 12     20 170
 2  86  65  76  14   0  11 0.00  0.0    0 10.7 23 170   M    M   4 1      29 180
 3  85  69  77  15   0  12 0.00  0.0    0  9.4 20 190   M    M   7        25 190
 4  72  53  63   1   2   0 0.03  0.0    0  9.3 22 360   M    M   4 1      29  10
 5  69  49  59  -4   6   0 1.18    M    0  5.9 16 150   M    M   5 1      21 150
 6  80  59  70   7   0   5 0.30  0.0    0  5.2 28 180   M    M   9 13     40 190
 7  84  70  77  14   0  12 0.00  0.0    0  7.7 15 160   M    M   5 1      19 160
 8  85  66  76  13   0  11 0.00  0.0    0  7.7 16 160   M    M   6 12     21 160
 9  82  71  77  13   0  12 0.02  0.0    0 10.1 18 170   M    M   6 13     23 180
10  79  61  70   6   0   5 0.96  0.0    0  5.3 17 300   M    M   9 138    22 290
11  78  58  68   4   0   3 0.00  0.0    0  3.6  9  50   M    M   4        14  50
12  73  66  70   6   0   5 0.38  0.0    0  5.5 14 140   M    M  10 1      19 140
13  78  67  73   9   0   8 0.38  0.0    0  6.9 15 160   M    M   7 13     19 120
14  71  65  68   3   0   3 0.53  0.0    0  5.1 15 180   M    M   9 123    18 170
15  81  64  73   8   0   8 0.79  0.0    0  2.4 25 170   M    M   9 123    34 170
16  77  67  72   7   0   7 0.31  0.0    0  4.6 10 190   M    M   9 123    14 160
17  83  66  75  10   0  10 0.02  0.0    0  4.6 12 270   M    M   5 1      16 270
18  79  67  73   7   0   8 0.06  0.0    0  6.9 16 180   M    M   9 1      20 170
================================================================================
SM 1423 1143         8 126  4.96     0.0 116.4          M      122
================================================================================
AV 79.1 63.5                               6.5 FASTST   M    M   7    MAX(MPH)
                                 MISC ---->  # 28 180               # 40  190
================================================================================
NOTES:
# LAST OF SEVERAL OCCURRENCES

COLUMN 17 PEAK WIND IN M.P.H.

PRELIMINARY LOCAL CLIMATOLOGICAL DATA (WS FORM: F-6) , PAGE 2

                                          STATION:  MCCOMB
                                          MONTH:    APRIL
                                          YEAR:     2015
                                          LATITUDE:   31 10 N
                                          LONGITUDE:  90 28 W

[TEMPERATURE DATA]      [PRECIPITATION DATA]       SYMBOLS USED IN COLUMN 16

AVERAGE MONTHLY: 71.3   TOTAL FOR MONTH:   4.96    1 = FOG OR MIST
DPTR FM NORMAL:   7.6   DPTR FM NORMAL:    1.91    2 = FOG REDUCING VISIBILITY
HIGHEST:    86 ON  2    GRTST 24HR  1.25 ON  5- 6      TO 1/4 MILE OR LESS
LOWEST:     49 ON  5                               3 = THUNDER
                        SNOW, ICE PELLETS, HAIL    4 = ICE PELLETS
                        TOTAL MONTH:   0.0 INCH    5 = HAIL
                        GRTST 24HR     0.0         6 = FREEZING RAIN OR DRIZZLE
                        GRTST DEPTH:   0           7 = DUSTSTORM OR SANDSTORM:
                                                       VSBY 1/2 MILE OR LESS
                                                   8 = SMOKE OR HAZE
[NO. OF DAYS WITH]      [WEATHER - DAYS WITH]      9 = BLOWING SNOW
                                                   X = TORNADO
MAX 32 OR BELOW:   0    0.01 INCH OR MORE:  12
MAX 90 OR ABOVE:   0    0.10 INCH OR MORE:   8
MIN 32 OR BELOW:   0    0.50 INCH OR MORE:   4
MIN  0 OR BELOW:   0    1.00 INCH OR MORE:   1

[HDD (BASE 65) ]
TOTAL THIS MO.     8    CLEAR  (SCALE 0-3)   0
DPTR FM NORMAL   -60    PTCLDY (SCALE 4-7)  11
TOTAL FM JUL 1  1927    CLOUDY (SCALE 8-10)  7
DPTR FM NORMAL   -77

[CDD (BASE 65) ]
TOTAL THIS MO.   126
DPTR FM NORMAL    83    [PRESSURE DATA]
TOTAL FM JAN 1   196    HIGHEST SLP M ON M
DPTR FM NORMAL   107    LOWEST  SLP 29.79 ON 18

[REMARKS]
