000
CXUS53 KDMX 010920
CF6MCW
PRELIMINARY LOCAL CLIMATOLOGICAL DATA (WS FORM: F-6)

                                          STATION:   MASON CITY IA
                                          MONTH:     MARCH
                                          YEAR:      2015
                                          LATITUDE:   43  9 N
                                          LONGITUDE:  93 20 W

  TEMPERATURE IN F:       :PCPN:    SNOW:  WIND      :SUNSHINE: SKY     :PK WND
================================================================================
1   2   3   4   5  6A  6B    7    8   9   10  11  12  13   14  15   16   17  18
                                     12Z  AVG MX 2MIN
DY MAX MIN AVG DEP HDD CDD  WTR  SNW DPTH SPD SPD DIR MIN PSBL S-S WX    SPD DR
================================================================================

 1  26   5  16 -10  49   0 0.00  0.0    9 11.0 20 290   M    M   3 1      23 290
 2  23  -3  10 -17  55   0 0.00  0.0    8  9.3 18 150   M    M   4        22 140
 3  32   8  20  -7  45   0    T  0.0    8 16.6 32 310   M    M   8 168    38 310
 4  15  -5   5 -23  60   0 0.00  0.0    8 13.7 24 320   M    M   1 8      28 320
 5  13 -13   0 -28  65   0 0.00  0.0    8  7.9 13 170   M    M   0        16 170
 6  42   0  21  -7  44   0 0.00  0.0    8  9.2 16 220   M    M   2        20 220
 7  43  26  35   6  30   0 0.00  0.0    6 11.5 23 310   M    M   2        27 300
 8  49  28  39  10  26   0 0.01    T    4  8.4 20 210   M    M   5 1      22 210
 9  53  32  43  13  22   0 0.00  0.0    T 11.1 22 220   M    M   0        27 220
10  63  30  47  17  18   0 0.00  0.0    T 10.2 17 250   M    M   0 1      21 250
11  55  27  41  10  24   0 0.00  0.0    0  6.1 13 170   M    M   0        15 160
12  63  34  49  18  16   0 0.00  0.0    0 14.6 24 170   M    M   0 18     31 170
13  66  35  51  19  14   0 0.00  0.0    0 13.3 23 320   M    M   0 18     27 320
14  61  31  46  14  19   0 0.00  0.0    0 10.7 24 340   M    M   0        31 340
15  66  30  48  16  17   0 0.00  0.0    0 13.5 32 220   M    M   0        41 220
16  74  37  56  23   9   0 0.00  0.0    0 15.8 30 360   M    M   1        37 360
17  46  30  38   5  27   0 0.00  0.0    0 12.2 28  10   M    M   0        35  20
18  43  31  37   3  28   0 0.00  0.0    0  6.1 13 110   M    M  10        16 100
19  48  34  41   7  24   0 0.00  0.0    0 10.4 18 180   M    M   9        23 160
20  59  28  44   9  21   0 0.00  0.0    0 11.5 25 340   M    M   1 1      32 320
21  48  25  37   2  28   0 0.00  0.0    0 10.7 21 340   M    M   1        24 350
22  40  25  33  -3  32   0 0.05  0.0    0 18.2 28  70   M    M   7 16     34  80
23  31  27  29  -7  36   0 0.45  2.0    2 11.6 22  80   M    M  10 136    27  70
24  38  27  33  -3  32   0 0.54  1.6    1 13.7 25 140   M    M   9 168    32 140
25  41  27  34  -3  31   0 0.00  0.0    1 15.2 30 300   M    M   9 1      36 310
26  40  25  33  -4  32   0 0.00  0.0    T 17.1 25 330   M    M   4        31 310
27  38  15  27 -11  38   0 0.00  0.0    0  5.8 13 330   M    M   1        15 330
28  45  22  34  -4  31   0 0.00  0.0    0 12.2 21 170   M    M   3        26 150
29  57  31  44   5  21   0 0.02  0.0    0 20.1 38 310   M    M   3        48 300
30  72  32  52  13  13   0 0.00  0.0    0 15.0 30 260   M    M   2        38 260
31  69  32  51  11  14   0 0.00  0.0    0  9.2 21 340   M    M   0        26 320
================================================================================
SM 1459  713       921   0  1.07     3.6 371.9          M       95
================================================================================
AV 47.1 23.0                              12.0 FASTST   M    M   3    MAX(MPH)
                                 MISC ---->  # 38 310               # 48  300
================================================================================
NOTES:
# LAST OF SEVERAL OCCURRENCES

COLUMN 17 PEAK WIND IN M.P.H.

PRELIMINARY LOCAL CLIMATOLOGICAL DATA (WS FORM: F-6) , PAGE 2

                                          STATION:  MASON CITY IA
                                          MONTH:    MARCH
                                          YEAR:     2015
                                          LATITUDE:   43  9 N
                                          LONGITUDE:  93 20 W

[TEMPERATURE DATA]      [PRECIPITATION DATA]       SYMBOLS USED IN COLUMN 16

AVERAGE MONTHLY: 35.0   TOTAL FOR MONTH:   1.07    1 = FOG OR MIST
DPTR FM NORMAL:   2.0   DPTR FM NORMAL:   -1.16    2 = FOG REDUCING VISIBILITY
HIGHEST:    74 ON 16    GRTST 24HR  0.54 ON 24-24      TO 1/4 MILE OR LESS
LOWEST:    -13 ON  5                               3 = THUNDER
                        SNOW, ICE PELLETS, HAIL    4 = ICE PELLETS
                        TOTAL MONTH:   3.6 INCHES  5 = HAIL
                        GRTST 24HR   2.0 ON 23-23  6 = FREEZING RAIN OR DRIZZLE
                        GRTST DEPTH:   9 ON  1     7 = DUSTSTORM OR SANDSTORM:
                                                       VSBY 1/2 MILE OR LESS
                                                   8 = SMOKE OR HAZE
[NO. OF DAYS WITH]      [WEATHER - DAYS WITH]      9 = BLOWING SNOW
                                                   X = TORNADO
MAX 32 OR BELOW:   6    0.01 INCH OR MORE:   5
MAX 90 OR ABOVE:   0    0.10 INCH OR MORE:   2
MIN 32 OR BELOW:  27    0.50 INCH OR MORE:   1
MIN  0 OR BELOW:   4    1.00 INCH OR MORE:   0

[HDD (BASE 65) ]
TOTAL THIS MO.   921    CLEAR  (SCALE 0-3)  21
DPTR FM NORMAL   -73    PTCLDY (SCALE 4-7)   5
TOTAL FM JUL 1  6984    CLOUDY (SCALE 8-10)  5
DPTR FM NORMAL   139

[CDD (BASE 65) ]
TOTAL THIS MO.     0
DPTR FM NORMAL     0    [PRESSURE DATA]
TOTAL FM JAN 1     0    HIGHEST SLP 30.62 ON  5
DPTR FM NORMAL     0    LOWEST  SLP 29.70 ON  3

[REMARKS]
#FINAL-03-15#
