000
CXUS53 KOAX 251256
CF6OAX
PRELIMINARY LOCAL CLIMATOLOGICAL DATA (WS FORM: F-6)

                                          STATION:   VALLEY  NWS, NEBRASKA
                                          MONTH:     APRIL
                                          YEAR:      2015
                                          LATITUDE:   41 19 N
                                          LONGITUDE:  96 22 W

  TEMPERATURE IN F:       :PCPN:    SNOW:  WIND      :SUNSHINE: SKY     :PK WND
================================================================================
1   2   3   4   5  6A  6B    7    8   9   10  11  12  13   14  15   16   17  18
                                     12Z  AVG MX 2MIN
DY MAX MIN AVG DEP HDD CDD  WTR  SNW DPTH SPD SPD DIR MIN PSBL S-S WX    SPD DR
================================================================================

 1  83  55  69  24   0   4 0.96  0.0    0   M   M   M   M    M   M 13     43  M
 2  64  45  55   9  10   0 0.11  0.0    0   M   M   M   M    M   M 3      36  M
 3  50  35  43  -3  22   0 0.02  0.0    0   M   M   M   M    M   M        37  M
 4  65  36  51   5  14   0 0.00  0.0    0   M   M   M   M    M   M        36  M
 5  70  45  58  11   7   0 0.00  0.0    0   M   M   M   M    M   M        35  M
 6  55  50  53   6  12   0 0.03  0.0    0   M   M   M   M    M   M 1      30  M
 7  53  43  48   1  17   0    T  0.0    0   M   M   M   M    M   M 1      30  M
 8  47  41  44  -4  21   0 0.04  0.0    0   M   M   M   M    M   M 1      20  M
 9  47  33  40  -8  25   0 0.51  0.2    0   M   M   M   M    M   M 135    36  M
10  61  40  51   2  14   0 0.00  0.0    0   M   M   M   M    M   M        30  M
11  73  43  58   9   7   0 0.00  0.0    0   M   M   M   M    M   M        30  M
12  75  50  63  14   2   0 0.44  0.0    0   M   M   M   M    M   M 3      44  M
13  68  39  54   4  11   0 0.00  0.0    0   M   M   M   M    M   M        22  M
14  68  44  56   6   9   0 0.00  0.0    0   M   M   M   M    M   M        23  M
15  59  48  54   4  11   0    T  0.0    0   M   M   M   M    M   M        29  M
16  70  51  61  10   4   0    T  0.0    0   M   M   M   M    M   M        12  M
17  74  55  65  14   0   0    T  0.0    0   M   M   M   M    M   M        18  M
18  63  57  60   8   5   0 0.38  0.0    0   M   M   M   M    M   M        28  M
19  57  45  51  -1  14   0 0.38  0.0    0   M   M   M   M    M   M 12     39  M
20  58  40  49  -3  16   0 0.00  0.0    0   M   M   M   M    M   M        40  M
21  62  38  50  -3  15   0 0.00  0.0    0   M   M   M   M    M   M        33  M
22  57  30  44  -9  21   0 0.00  0.0    0   M   M   M   M    M   M        20  M
23  64  34  49  -4  16   0 0.00  0.0    0   M   M   M   M    M   M        22  M
24  66  53  60   6   5   0    T  0.0    0   M   M   M   M    M   M        26  M
================================================================================
SM 1509 1050       278   4  2.87     0.2     M          M        M
================================================================================
AV 62.9 43.8                                 M FASTST   M    M   0    MAX(MPH)
                                 MISC ---->     M   M                 44    M
================================================================================
NOTES:
# LAST OF SEVERAL OCCURRENCES

COLUMN 17 PEAK WIND IN M.P.H.

PRELIMINARY LOCAL CLIMATOLOGICAL DATA (WS FORM: F-6) , PAGE 2

                                          STATION:  VALLEY  NWS, NEBRASKA
                                          MONTH:    APRIL
                                          YEAR:     2015
                                          LATITUDE:   41 19 N
                                          LONGITUDE:  96 22 W

[TEMPERATURE DATA]      [PRECIPITATION DATA]       SYMBOLS USED IN COLUMN 16

AVERAGE MONTHLY: 53.3   TOTAL FOR MONTH:   2.87    1 = FOG OR MIST
DPTR FM NORMAL:   3.8   DPTR FM NORMAL:    0.58    2 = FOG REDUCING VISIBILITY
HIGHEST:    83 ON  1    GRTST 24HR  0.96 ON  1- 1      TO 1/4 MILE OR LESS
LOWEST:     30 ON 22                               3 = THUNDER
                        SNOW, ICE PELLETS, HAIL    4 = ICE PELLETS
                        TOTAL MONTH:   0.2 INCH    5 = HAIL
                        GRTST 24HR   0.2 ON   M    6 = FREEZING RAIN OR DRIZZLE
                        GRTST DEPTH:   0           7 = DUSTSTORM OR SANDSTORM:
                                                       VSBY 1/2 MILE OR LESS
                                                   8 = SMOKE OR HAZE
[NO. OF DAYS WITH]      [WEATHER - DAYS WITH]      9 = BLOWING SNOW
                                                   X = TORNADO
MAX 32 OR BELOW:   0    0.01 INCH OR MORE:   9
MAX 90 OR ABOVE:   0    0.10 INCH OR MORE:   6
MIN 32 OR BELOW:   1    0.50 INCH OR MORE:   2
MIN  0 OR BELOW:   0    1.00 INCH OR MORE:   0

[HDD (BASE 65) ]
TOTAL THIS MO.   278    CLEAR  (SCALE 0-3)   0
DPTR FM NORMAL  -100    PTCLDY (SCALE 4-7)   0
TOTAL FM JUL 1  5659    CLOUDY (SCALE 8-10)  0
DPTR FM NORMAL  -378

[CDD (BASE 65) ]
TOTAL THIS MO.     4
DPTR FM NORMAL     4    [PRESSURE DATA]
TOTAL FM JAN 1     4    HIGHEST SLP M ON M
DPTR FM NORMAL     4    LOWEST  SLP M ON M

[REMARKS]
