000
CXUS54 KOUN 250800
CF6OKC
PRELIMINARY LOCAL CLIMATOLOGICAL DATA (WS FORM: F-6)

                                          STATION:   OKLAHOMA CITY
                                          MONTH:     APRIL
                                          YEAR:      2015
                                          LATITUDE:   35 24 N
                                          LONGITUDE:  97 36 W

  TEMPERATURE IN F:       :PCPN:    SNOW:  WIND      :SUNSHINE: SKY     :PK WND
================================================================================
1   2   3   4   5  6A  6B    7    8   9   10  11  12  13   14  15   16   17  18
                                     12Z  AVG MX 2MIN
DY MAX MIN AVG DEP HDD CDD  WTR  SNW DPTH SPD SPD DIR MIN PSBL S-S WX    SPD DR
================================================================================

 1  82  53  68  11   0   3 0.09  0.0    0 15.7 30  80   M    M   5 3      38  80
 2  84  65  75  18   0  10 0.00  0.0    0 13.8 23 200   M    M   5        30 200
 3  73  48  61   4   4   0 0.00  0.0    0 21.0 37  10   M    M   7        46 340
 4  66  37  52  -6  13   0 0.00  0.0    0  8.4 15 140   M    M   5        20 150
 5  55  49  52  -6  13   0 0.03  0.0    0 14.9 24 150   M    M  10 13     30 160
 6  82  55  69  11   0   4 0.01  0.0    0 15.6 26 180   M    M   9 1      33 180
 7  86  66  76  18   0  11 0.00  0.0    0 17.8 25 200   M    M   5        32 180
 8  78  67  73  14   0   8 0.04  0.0    0 17.3 32 210   M    M   7 3      41 210
 9  75  50  63   4   2   0    T  0.0    0 19.0 30 340   M    M   7 1      36 200
10  71  39  55  -4  10   0 0.00  0.0    0  7.2 18 360   M    M   3        23  30
11  74  52  63   3   2   0 0.18  0.0    0 10.1 22 150   M    M   8 3      26 150
12  81  60  71  11   0   6 0.00  0.0    0 17.2 26 180   M    M   9        32 190
13  69  55  62   2   3   0 1.19  0.0    0 16.8 30  50   M    M  10 13     38  40
14  57  52  55  -5  10   0    T  0.0    0 11.2 25  50   M    M  10        32  50
15  71  53  62   1   3   0 0.00  0.0    0  6.4 17 150   M    M   6        23 150
16  78  54  66   5   0   1 0.00  0.0    0 11.9 23 160   M    M   6        29 140
17  75  58  67   6   0   2 0.07  0.0    0  8.5 26 340   M    M   9 3      33 340
18  78  56  67   5   0   2 0.24  0.0    0  7.3 36 210   M    M   8 35     46 210
19  70  44  57  -5   8   0 0.00  0.0    0 11.1 37 320   M    M   6 3      46 330
20  66  42  54  -8  11   0 0.00  0.0    0  7.5 15 330   M    M   2        20 340
21  76  50  63   0   2   0 0.01  0.0    0  9.7 21 220   M    M   4        29 220
22  66  52  59  -4   6   0 0.67  0.0    0  9.7 21  70   M    M   7 138    26  20
23  67  55  61  -2   4   0    T  0.0    0 10.5 17 150   M    M   9 18     23 140
24  73  62  68   4   0   3    T  0.0    0 16.5 28 180   M    M   9 1      33 190
================================================================================
SM 1753 1274        91  50  2.53     0.0 305.1          M      166
================================================================================
AV 73.0 53.1                              12.7 FASTST   M    M   7    MAX(MPH)
                                 MISC ---->  # 37  10               # 46  340
================================================================================
NOTES:
# LAST OF SEVERAL OCCURRENCES

COLUMN 17 PEAK WIND IN M.P.H.

PRELIMINARY LOCAL CLIMATOLOGICAL DATA (WS FORM: F-6) , PAGE 2

                                          STATION:  OKLAHOMA CITY
                                          MONTH:    APRIL
                                          YEAR:     2015
                                          LATITUDE:   35 24 N
                                          LONGITUDE:  97 36 W

[TEMPERATURE DATA]      [PRECIPITATION DATA]       SYMBOLS USED IN COLUMN 16

AVERAGE MONTHLY: 63.1   TOTAL FOR MONTH:   2.53    1 = FOG OR MIST
DPTR FM NORMAL:   3.0   DPTR FM NORMAL:    0.24    2 = FOG REDUCING VISIBILITY
HIGHEST:    86 ON  7    GRTST 24HR  1.19 ON 12-13      TO 1/4 MILE OR LESS
LOWEST:     37 ON  4                               3 = THUNDER
                        SNOW, ICE PELLETS, HAIL    4 = ICE PELLETS
                        TOTAL MONTH:   0.0 INCH    5 = HAIL
                        GRTST 24HR     0.0         6 = FREEZING RAIN OR DRIZZLE
                        GRTST DEPTH:   0           7 = DUSTSTORM OR SANDSTORM:
                                                       VSBY 1/2 MILE OR LESS
                                                   8 = SMOKE OR HAZE
[NO. OF DAYS WITH]      [WEATHER - DAYS WITH]      9 = BLOWING SNOW
                                                   X = TORNADO
MAX 32 OR BELOW:   0    0.01 INCH OR MORE:  10
MAX 90 OR ABOVE:   0    0.10 INCH OR MORE:   4
MIN 32 OR BELOW:   0    0.50 INCH OR MORE:   2
MIN  0 OR BELOW:   0    1.00 INCH OR MORE:   1

[HDD (BASE 65) ]
TOTAL THIS MO.    91    CLEAR  (SCALE 0-3)   1
DPTR FM NORMAL   -63    PTCLDY (SCALE 4-7)  15
TOTAL FM JUL 1  3222    CLOUDY (SCALE 8-10)  8
DPTR FM NORMAL   -91

[CDD (BASE 65) ]
TOTAL THIS MO.    50
DPTR FM NORMAL    14    [PRESSURE DATA]
TOTAL FM JAN 1    60    HIGHEST SLP M ON M
DPTR FM NORMAL    11    LOWEST  SLP 29.55 ON 24

[REMARKS]
