000
CXUS51 KBOX 181200
CF6ORH
PRELIMINARY LOCAL CLIMATOLOGICAL DATA (WS FORM: F-6)

                                          STATION:   WORCESTER MA
                                          MONTH:     APRIL
                                          YEAR:      2015
                                          LATITUDE:   42 16 N
                                          LONGITUDE:  71 52 W

  TEMPERATURE IN F:       :PCPN:    SNOW:  WIND      :SUNSHINE: SKY     :PK WND
================================================================================
1   2   3   4   5  6A  6B    7    8   9   10  11  12  13   14  15   16   17  18
                                     12Z  AVG MX 2MIN
DY MAX MIN AVG DEP HDD CDD  WTR  SNW DPTH SPD SPD DIR MIN PSBL S-S WX    SPD DR
================================================================================

 1  44  27  36  -4  29   0 0.00  0.0    M 11.3 23 300   M    M   0        30 310
 2  57  28  43   2  22   0 0.03  0.0    M 14.6 29 220   M    M   3        36 210
 3  57  44  51  10  14   0 0.07  0.0    M 11.1 23 240   M    M   8 1      30 240
 4  49  30  40  -2  25   0 0.32  0.0    M 16.3 36 310   M    M   6 123    52 310
 5  41  29  35  -7  30   0    T  0.0    M 12.0 29 270   M    M   4        36 300
 6  55  29  42   0  23   0 0.00  0.0    M  6.2 15 170   M    M   6        24 170
 7  40  34  37  -6  28   0 0.10  0.0    M  6.4 12  60   M    M  10 1      16  60
 8  41  31  36  -7  29   0 0.41    T    M 10.4 18  80   M    M   9 1246   25  40
 9  34  30  32 -12  33   0 0.01  0.2    M 10.4 21  60   M    M  10 126    29  60
10  52  33  43  -1  22   0 0.17  0.0    M  9.9 22 250   M    M  10 12     27 240
11  50  36  43  -1  22   0 0.00  0.0    M 19.4 33 280   M    M   1        42 280
12  65  33  49   4  16   0 0.00  0.0    M 11.4 18 300   M    M   0        27 290
13  69  46  58  13   7   0 0.00  0.0    M 13.9 28 220   M    M   0        35 220
14  63  48  56  10   9   0 0.03    M    M 11.8 29 230   M    M   3        39 220
15  63  46  55   9  10   0 0.00  0.0    M 12.7 25 310   M    M   0        34 320
16  65  40  53   7  12   0 0.00  0.0    M  8.7 20 230   M    M   0        26 220
17  60  47  54   7  11   0 0.16    M    M 14.0 23 230   M    M   6 1      30 220
================================================================================
SM  905  611       342   0  1.30     0.2 200.5          M       76
================================================================================
AV 53.2 35.9                              11.8 FASTST   M    M   4    MAX(MPH)
                                 MISC ---->  # 36 310               # 52  310
================================================================================
NOTES:
# LAST OF SEVERAL OCCURRENCES

COLUMN 17 PEAK WIND IN M.P.H.

PRELIMINARY LOCAL CLIMATOLOGICAL DATA (WS FORM: F-6) , PAGE 2

                                          STATION:  WORCESTER MA
                                          MONTH:    APRIL
                                          YEAR:     2015
                                          LATITUDE:   42 16 N
                                          LONGITUDE:  71 52 W

[TEMPERATURE DATA]      [PRECIPITATION DATA]       SYMBOLS USED IN COLUMN 16

AVERAGE MONTHLY: 44.6   TOTAL FOR MONTH:   1.30    1 = FOG OR MIST
DPTR FM NORMAL:   1.1   DPTR FM NORMAL:   -1.14    2 = FOG REDUCING VISIBILITY
HIGHEST:    69 ON 13    GRTST 24HR  0.42 ON  8- 9      TO 1/4 MILE OR LESS
LOWEST:     27 ON  1                               3 = THUNDER
                        SNOW, ICE PELLETS, HAIL    4 = ICE PELLETS
                        TOTAL MONTH:   0.2 INCH    5 = HAIL
                        GRTST 24HR   0.2 ON   M    6 = FREEZING RAIN OR DRIZZLE
                        GRTST DEPTH:  M  ON   M    7 = DUSTSTORM OR SANDSTORM:
                                                       VSBY 1/2 MILE OR LESS
                                                   8 = SMOKE OR HAZE
[NO. OF DAYS WITH]      [WEATHER - DAYS WITH]      9 = BLOWING SNOW
                                                   X = TORNADO
MAX 32 OR BELOW:   0    0.01 INCH OR MORE:   9
MAX 90 OR ABOVE:   0    0.10 INCH OR MORE:   5
MIN 32 OR BELOW:   7    0.50 INCH OR MORE:   0
MIN  0 OR BELOW:   0    1.00 INCH OR MORE:   0

[HDD (BASE 65) ]
TOTAL THIS MO.   342    CLEAR  (SCALE 0-3)   7
DPTR FM NORMAL   -23    PTCLDY (SCALE 4-7)   6
TOTAL FM JUL 1  6542    CLOUDY (SCALE 8-10)  4
DPTR FM NORMAL   401

[CDD (BASE 65) ]
TOTAL THIS MO.     0
DPTR FM NORMAL     0    [PRESSURE DATA]
TOTAL FM JAN 1     0    HIGHEST SLP M ON M
DPTR FM NORMAL     0    LOWEST  SLP 29.38 ON  4

[REMARKS]
