000
CXUS52 KMLB 171340
CF6ORL
PRELIMINARY LOCAL CLIMATOLOGICAL DATA (WS FORM: F-6)

                                          STATION:   ORLANDO EXEC
                                          MONTH:     APRIL
                                          YEAR:      2015
                                          LATITUDE:   28 32 N
                                          LONGITUDE:  81 20 W

  TEMPERATURE IN F:       :PCPN:    SNOW:  WIND      :SUNSHINE: SKY     :PK WND
================================================================================
1   2   3   4   5  6A  6B    7    8   9   10  11  12  13   14  15   16   17  18
                                     12Z  AVG MX 2MIN
DY MAX MIN AVG DEP HDD CDD  WTR  SNW DPTH SPD SPD DIR MIN PSBL S-S WX    SPD DR
================================================================================

 1  84  65  75   5   0  10 0.00  0.0    0 10.4 17 290   M    M   2        23 270
 2  84  66  75   5   0  10 0.00  0.0    0  7.1 14  70   M    M   2        17  80
 3  86  65  76   6   0  11 0.00  0.0    0  7.1 14 140   M    M   1 8      18 170
 4  87  66  77   7   0  12 0.00  0.0    0  6.1 16 250   M    M   1        21 280
 5  81  68  75   5   0  10 0.00  0.0    0 12.4 25  80   M    M   5        30  80
 6  86  67  77   7   0  12 0.00  0.0    0  7.8 18  80   M    M   3        22  80
 7  83  67  75   5   0  10 0.66  0.0    0  5.4 15  80   M    M   4 1      17 140
 8  87  66  77   6   0  12 0.00  0.0    0  5.3 18 130   M    M   3 8      22 120
 9  88  65  77   6   0  12 0.00  0.0    0  6.9 17 120   M    M   2 1      22 120
10  89  66  78   7   0  13 0.00  0.0    0  5.6 15 100   M    M   1 8      19 110
11  90  69  80   9   0  15 0.94  0.0    0  6.6 23  80   M    M   3 13     28  90
12  89  68  79   8   0  14 0.01  0.0    0  6.8 22 130   M    M   4 3      28 130
13  88  71  80   9   0  15 1.18  0.0    0  8.2 20 300   M    M   5 13     27 300
14  88  69  79   7   0  14 0.00  0.0    0  6.9 13 120   M    M   1        17 180
15  88  72  80   8   0  15 0.09  0.0    0  6.6 15  90   M    M   3 13     22 310
16  88  70  79   7   0  14 0.31  0.0    0  7.0 24 120   M    M   5 13     28 130
================================================================================
SM 1386 1080         0 199  3.19     0.0 116.2          M       45
================================================================================
AV 86.6 67.5                               7.3 FASTST   M    M   3    MAX(MPH)
                                 MISC ---->  # 25  80               # 30   80
================================================================================
NOTES:
# LAST OF SEVERAL OCCURRENCES

COLUMN 17 PEAK WIND IN M.P.H.

PRELIMINARY LOCAL CLIMATOLOGICAL DATA (WS FORM: F-6) , PAGE 2

                                          STATION:  ORLANDO EXEC
                                          MONTH:    APRIL
                                          YEAR:     2015
                                          LATITUDE:   28 32 N
                                          LONGITUDE:  81 20 W

[TEMPERATURE DATA]      [PRECIPITATION DATA]       SYMBOLS USED IN COLUMN 16

AVERAGE MONTHLY: 77.1   TOTAL FOR MONTH:   3.19    1 = FOG OR MIST
DPTR FM NORMAL:   6.3   DPTR FM NORMAL:    1.91    2 = FOG REDUCING VISIBILITY
HIGHEST:    90 ON 11    GRTST 24HR  1.19 ON 12-13      TO 1/4 MILE OR LESS
LOWEST:     65 ON  9, 3                            3 = THUNDER
                        SNOW, ICE PELLETS, HAIL    4 = ICE PELLETS
                        TOTAL MONTH:   0.0 INCH    5 = HAIL
                        GRTST 24HR     0.0         6 = FREEZING RAIN OR DRIZZLE
                        GRTST DEPTH:   0           7 = DUSTSTORM OR SANDSTORM:
                                                       VSBY 1/2 MILE OR LESS
                                                   8 = SMOKE OR HAZE
[NO. OF DAYS WITH]      [WEATHER - DAYS WITH]      9 = BLOWING SNOW
                                                   X = TORNADO
MAX 32 OR BELOW:   0    0.01 INCH OR MORE:   6
MAX 90 OR ABOVE:   1    0.10 INCH OR MORE:   4
MIN 32 OR BELOW:   0    0.50 INCH OR MORE:   3
MIN  0 OR BELOW:   0    1.00 INCH OR MORE:   1

[HDD (BASE 65) ]
TOTAL THIS MO.     0    CLEAR  (SCALE 0-3)  10
DPTR FM NORMAL   -11    PTCLDY (SCALE 4-7)   6
TOTAL FM JUL 1   477    CLOUDY (SCALE 8-10)  0
DPTR FM NORMAL   -53

[CDD (BASE 65) ]
TOTAL THIS MO.   199
DPTR FM NORMAL    99    [PRESSURE DATA]
TOTAL FM JAN 1   534    HIGHEST SLP M ON M
DPTR FM NORMAL   213    LOWEST  SLP 30.01 ON M

[REMARKS]
