000
CXUS53 KARX 250930
CF6PDC
PRELIMINARY LOCAL CLIMATOLOGICAL DATA (WS FORM: F-6)

                                          STATION:   PRAIRIE_DU_CHIEN_MUN
                                          MONTH:     APRIL
                                          YEAR:      2015
                                          LATITUDE:   43  1 N
                                          LONGITUDE:  91  7 W

  TEMPERATURE IN F:       :PCPN:    SNOW:  WIND      :SUNSHINE: SKY     :PK WND
================================================================================
1   2   3   4   5  6A  6B    7    8   9   10  11  12  13   14  15   16   17  18
                                     12Z  AVG MX 2MIN
DY MAX MIN AVG DEP HDD CDD  WTR  SNW DPTH SPD SPD DIR MIN PSBL S-S WX    SPD DR
================================================================================

 1  79  34  57   M   8   0 0.00  0.0    0  9.1 22 200   M    M   0        35 200
 2  66  49  58   M   7   0 0.06  0.0    0  9.3 17 290   M    M   4        28 310
 3  50  29  40   M  25   0 0.00  0.0    0 11.0 18 320   M    M   4        24 300
 4  59  26  43   M  22   0    T  0.0    0  5.4 17 260   M    M   4        24 260
 5  67  40  54   M  11   0    T  0.0    0  3.5  9  90   M    M   3        17  80
 6  64  33  49   M  16   0 0.01  0.0    0  5.0 14  80   M    M   5        24  80
 7  49  38  44   M  21   0 0.27  0.0    0  9.1 15  70   M    M  10 1      25  80
 8  49  40  45   M  20   0 0.12  0.0    0  5.4 12  50   M    M  10        16  50
 9  56  36  46   M  19   0 1.11  0.0    0  8.2 21 290   M    M  10 1      28 310
10  50  35  43   M  22   0    M  0.0    0  8.9 21 270   M    M   6        33 270
11  65  31  48   M  17   0 0.00  0.0    0  4.4 14 170   M    M   0         M  M
12  70  46  58   M   7   0 0.00  0.0    0  9.5 17 190   M    M   3        28 180
13  65  40  53   M  12   0 0.11    M    0 11.1 25 280   M    M   2        31 280
14  68  33  51   M  14   0 0.00  0.0    0  1.0  6 290   M    M   0         M  M
15  70  38  54   M  11   0 0.00  0.0    0  8.8 16  90   M    M   0        23 100
16  73  39  56   M   9   0 0.00  0.0    0  1.5  8 290   M    M   3         M  M
17  79  46  63   M   2   0 0.00  0.0    0  1.9  8 260   M    M   1         M  M
18  74  47  61   M   4   0 0.00  0.0    0  8.7 18  90   M    M   2        27  90
19  69  50  60   M   5   0 0.14  0.0    0  7.7 14 310   M    M   6        20 310
20  50  39  45   M  20   0 0.46    M    0 16.9 27 280   M    M  10        32 290
21  44  37  41   M  24   0 0.00  0.0    0 19.3 29 270   M    M  10        38 270
22  51  35  43   M  22   0 0.00  0.0    0 13.7 22 280   M    M   7        29 310
23  56  26  41   M  24   0 0.00  0.0    0  4.3 14 280   M    M   0        18 320
24  52  30  41   M  24   0 0.39  0.0    0  7.1 14  90   M    M   8        20 100
================================================================================
SM 1475  897       366   0  2.67     0.0 190.8          M      108
================================================================================
AV 61.5 37.4                               8.0 FASTST   M    M   5    MAX(MPH)
                                 MISC ---->    29   M               # 38  270
================================================================================
NOTES:
# LAST OF SEVERAL OCCURRENCES

COLUMN 17 PEAK WIND IN M.P.H.

PRELIMINARY LOCAL CLIMATOLOGICAL DATA (WS FORM: F-6) , PAGE 2

                                          STATION:  PRAIRIE_DU_CHIEN_MUN
                                          MONTH:    APRIL
                                          YEAR:     2015
                                          LATITUDE:   43  1 N
                                          LONGITUDE:  91  7 W

[TEMPERATURE DATA]      [PRECIPITATION DATA]       SYMBOLS USED IN COLUMN 16

AVERAGE MONTHLY: 49.4   TOTAL FOR MONTH:   2.67    1 = FOG OR MIST
DPTR FM NORMAL:     M   DPTR FM NORMAL:       M    2 = FOG REDUCING VISIBILITY
HIGHEST:    79 ON 17, 1 GRTST 24HR  1.11 ON  9- 9      TO 1/4 MILE OR LESS
LOWEST:     26 ON 23, 4                            3 = THUNDER
                        SNOW, ICE PELLETS, HAIL    4 = ICE PELLETS
                        TOTAL MONTH:   0.0 INCH    5 = HAIL
                        GRTST 24HR     0.0         6 = FREEZING RAIN OR DRIZZLE
                        GRTST DEPTH:   0           7 = DUSTSTORM OR SANDSTORM:
                                                       VSBY 1/2 MILE OR LESS
                                                   8 = SMOKE OR HAZE
[NO. OF DAYS WITH]      [WEATHER - DAYS WITH]      9 = BLOWING SNOW
                                                   X = TORNADO
MAX 32 OR BELOW:   0    0.01 INCH OR MORE:   9
MAX 90 OR ABOVE:   0    0.10 INCH OR MORE:   7
MIN 32 OR BELOW:   5    0.50 INCH OR MORE:   1
MIN  0 OR BELOW:   0    1.00 INCH OR MORE:   1

[HDD (BASE 65) ]
TOTAL THIS MO.   366    CLEAR  (SCALE 0-3)  11
DPTR FM NORMAL     M    PTCLDY (SCALE 4-7)   8
TOTAL FM JUL 1  6948    CLOUDY (SCALE 8-10)  5
DPTR FM NORMAL     M

[CDD (BASE 65) ]
TOTAL THIS MO.     0
DPTR FM NORMAL     M    [PRESSURE DATA]
TOTAL FM JAN 1     0    HIGHEST SLP M ON M
DPTR FM NORMAL     M    LOWEST  SLP M ON M

[REMARKS]
