000
CXUS53 KAPX 180631
CF6PLN
PRELIMINARY LOCAL CLIMATOLOGICAL DATA (WS FORM: F-6)

                                          STATION:   PELLSTON
                                          MONTH:     APRIL
                                          YEAR:      2015
                                          LATITUDE:   45 34 N
                                          LONGITUDE:  84 48 W

  TEMPERATURE IN F:       :PCPN:    SNOW:  WIND      :SUNSHINE: SKY     :PK WND
================================================================================
1   2   3   4   5  6A  6B    7    8   9   10  11  12  13   14  15   16   17  18
                                     12Z  AVG MX 2MIN
DY MAX MIN AVG DEP HDD CDD  WTR  SNW DPTH SPD SPD DIR MIN PSBL S-S WX    SPD DR
================================================================================

 1  51  30  41   8  24   0    T    M    M  4.2 15 240   M    M   7 1      21 250
 2  60  34  47  13  18   0 0.22    M    M  8.9 21 210   M    M   3 1      29 200
 3  48  21  35   1  30   0 0.00    M    M 14.3 24 320   M    M   2        32 320
 4  38  14  26  -9  39   0 0.00    M    M  7.2 22 320   M    M   4        27 280
 5  40  17  29  -6  36   0 0.00    M    M  4.8 12  20   M    M   3        15  90
 6  32  28  30  -6  35   0 0.03    M    M  7.0 13  80   M    M  10 1      17  70
 7  47  29  38   2  27   0 0.00    M    M  9.2 22  90   M    M   7        30  90
 8  41  36  39   2  26   0    T    M    M 15.6 25  80   M    M  10        32 100
 9  38  33  36  -1  29   0 0.49    M    M  8.9 16 110   M    M  10 1      20 110
10  42  34  38   0  27   0 0.14    M    M 14.6 29 290   M    M  10 1      40 290
11  52  28  40   2  25   0 0.00    M    M  6.5 16 270   M    M   1        21 270
12  72  27  50  11  15   0 0.00    M    M  7.0 17 200   M    M   1        26 230
13  61  40  51  12  14   0 0.24    M    M  9.7 26 290   M    M   6 1      33 270
14  61  28  45   5  20   0 0.00    M    M  8.0 20 230   M    M   0        31 280
15  63  21  42   2  23   0 0.00    M    M  5.7 18  70   M    M   0        23 100
16  62  28  45   5  20   0 0.00    M    M  3.5 15 360   M    M   4        18 320
17  67  29  48   7  17   0 0.00    M    M  5.1 16 340   M    M   1        20 340
================================================================================
SM  875  477       425   0  1.12    M    140.2          M       79
================================================================================
AV 51.5 28.1                               8.2 FASTST   M    M   5    MAX(MPH)
                                 MISC ---->  # 29 290               # 40  290
================================================================================
NOTES:
# LAST OF SEVERAL OCCURRENCES

COLUMN 17 PEAK WIND IN M.P.H.

PRELIMINARY LOCAL CLIMATOLOGICAL DATA (WS FORM: F-6) , PAGE 2

                                          STATION:  PELLSTON
                                          MONTH:    APRIL
                                          YEAR:     2015
                                          LATITUDE:   45 34 N
                                          LONGITUDE:  84 48 W

[TEMPERATURE DATA]      [PRECIPITATION DATA]       SYMBOLS USED IN COLUMN 16

AVERAGE MONTHLY: 39.8   TOTAL FOR MONTH:   1.12    1 = FOG OR MIST
DPTR FM NORMAL:   2.6   DPTR FM NORMAL:   -0.25    2 = FOG REDUCING VISIBILITY
HIGHEST:    72 ON 12    GRTST 24HR  0.62 ON  9-10      TO 1/4 MILE OR LESS
LOWEST:     14 ON  4                               3 = THUNDER
                        SNOW, ICE PELLETS, HAIL    4 = ICE PELLETS
                        TOTAL MONTH:    M          5 = HAIL
                        GRTST 24HR    M  ON   M    6 = FREEZING RAIN OR DRIZZLE
                        GRTST DEPTH:  M  ON   M    7 = DUSTSTORM OR SANDSTORM:
                                                       VSBY 1/2 MILE OR LESS
                                                   8 = SMOKE OR HAZE
[NO. OF DAYS WITH]      [WEATHER - DAYS WITH]      9 = BLOWING SNOW
                                                   X = TORNADO
MAX 32 OR BELOW:   1    0.01 INCH OR MORE:   5
MAX 90 OR ABOVE:   0    0.10 INCH OR MORE:   4
MIN 32 OR BELOW:  12    0.50 INCH OR MORE:   0
MIN  0 OR BELOW:   0    1.00 INCH OR MORE:   0

[HDD (BASE 65) ]
TOTAL THIS MO.   425    CLEAR  (SCALE 0-3)   7
DPTR FM NORMAL   -49    PTCLDY (SCALE 4-7)   6
TOTAL FM JUL 1  8313    CLOUDY (SCALE 8-10)  4
DPTR FM NORMAL   532

[CDD (BASE 65) ]
TOTAL THIS MO.     0
DPTR FM NORMAL     0    [PRESSURE DATA]
TOTAL FM JAN 1     0    HIGHEST SLP M ON M
DPTR FM NORMAL     0    LOWEST  SLP 29.29 ON 10

[REMARKS]
