000
CXUS55 KLOX 261655
CF6PMD
PRELIMINARY LOCAL CLIMATOLOGICAL DATA (WS FORM: F-6)

                                          STATION:   PALMDALE AIRPORT CA
                                          MONTH:     APRIL
                                          YEAR:      2015
                                          LATITUDE:   34 37 N
                                          LONGITUDE: 118  5 W

  TEMPERATURE IN F:       :PCPN:    SNOW:  WIND      :SUNSHINE: SKY     :PK WND
================================================================================
1   2   3   4   5  6A  6B    7    8   9   10  11  12  13   14  15   16   17  18
                                     12Z  AVG MX 2MIN
DY MAX MIN AVG DEP HDD CDD  WTR  SNW DPTH SPD SPD DIR MIN PSBL S-S WX    SPD DR
================================================================================

 1  78  50  64   9   1   0 0.00  0.0    0 18.6 32 290   M    M   0        38 280
 2  71  45  58   3   7   0 0.00  0.0    0 11.8 30 280   M    M   0        35 280
 3  74  37  56   1   9   0 0.00  0.0    0  6.9 20  70   M    M   0        28  80
 4  78  40  59   4   6   0 0.00  0.0    0 10.1 26 260   M    M   0        32 270
 5  70  47  59   4   6   0 0.00  0.0    0 15.9 29 230   M    M   0        36 230
 6  64  44  54  -2  11   0 0.00  0.0    0 13.9 24 230   M    M   2        32 210
 7  58  40  49  -7  16   0    T    M    0 17.8 46 210   M    M   3 8      55 210
 8  61  39  50  -6  15   0 0.00  0.0    0 10.1 22 280   M    M   0        28 280
 9  73  36  55  -1  10   0 0.00  0.0    0  6.0 21 250   M    M   0        24 250
10  74  41  58   2   7   0 0.00  0.0    0  6.6 18 240   M    M   0        25 260
11  76  45  61   4   4   0 0.00  0.0    0 12.8 29 290   M    M   0        33 290
12  84  45  65   8   0   0 0.00    M    0  6.0 18 280   M    M   0        22 290
13  83  52  68  11   0   3 0.00  0.0    0 11.0 28 230   M    M   0        39 240
14  68  48  58   1   7   0 0.00  0.0    0 24.3 40 280   M    M   0 8      46 290
15  70  37  54  -4  11   0 0.00  0.0    0  8.1 24 300   M    M   0        32  80
16  73  37  55  -3  10   0 0.00  0.0    0  8.7 21  70   M    M   0        27  70
17  80  43  62   4   3   0 0.00  0.0    0  8.2 21 240   M    M   0        23 240
18  83  49  66   8   0   1 0.00  0.0    0 10.7 28 230   M    M   0        32 230
19  85  52  69  10   0   4 0.00  0.0    0 10.3 24 230   M    M   0        30 240
20  83  53  68   9   0   3 0.00  0.0    0 12.6 28 230   M    M   0        33 220
21  66  51  59   0   6   0 0.00  0.0    0 16.9 25 230   M    M   1        30 220
22  70  50  60   0   5   0 0.00  0.0    0 13.5 26 250   M    M   1        32 250
23  70  50  60   0   5   0 0.00  0.0    0 16.7 31 230   M    M   0        37 240
24  67  51  59  -1   6   0 0.00  0.0    0 20.7 29 230   M    M   0        36 230
25  63  49  56  -5   9   0 0.08    M    0 18.3 38 270   M    M   2 1      47 280
================================================================================
SM 1822 1131       154  11  0.08     0.0 316.5          M        9
================================================================================
AV 72.9 45.2                              12.7 FASTST   M    M   0    MAX(MPH)
                                 MISC ---->  # 46 210               # 55  210
================================================================================
NOTES:
# LAST OF SEVERAL OCCURRENCES

COLUMN 17 PEAK WIND IN M.P.H.

PRELIMINARY LOCAL CLIMATOLOGICAL DATA (WS FORM: F-6) , PAGE 2

                                          STATION:  PALMDALE AIRPORT CA
                                          MONTH:    APRIL
                                          YEAR:     2015
                                          LATITUDE:   34 37 N
                                          LONGITUDE: 118  5 W

[TEMPERATURE DATA]      [PRECIPITATION DATA]       SYMBOLS USED IN COLUMN 16

AVERAGE MONTHLY: 59.1   TOTAL FOR MONTH:   0.08    1 = FOG OR MIST
DPTR FM NORMAL:   1.7   DPTR FM NORMAL:   -0.33    2 = FOG REDUCING VISIBILITY
HIGHEST:    85 ON 19    GRTST 24HR  0.08 ON 25-25      TO 1/4 MILE OR LESS
LOWEST:     36 ON  9                               3 = THUNDER
                        SNOW, ICE PELLETS, HAIL    4 = ICE PELLETS
                        TOTAL MONTH:   0.0 INCH    5 = HAIL
                        GRTST 24HR     0.0         6 = FREEZING RAIN OR DRIZZLE
                        GRTST DEPTH:   0           7 = DUSTSTORM OR SANDSTORM:
                                                       VSBY 1/2 MILE OR LESS
                                                   8 = SMOKE OR HAZE
[NO. OF DAYS WITH]      [WEATHER - DAYS WITH]      9 = BLOWING SNOW
                                                   X = TORNADO
MAX 32 OR BELOW:   0    0.01 INCH OR MORE:   1
MAX 90 OR ABOVE:   0    0.10 INCH OR MORE:   0
MIN 32 OR BELOW:   0    0.50 INCH OR MORE:   0
MIN  0 OR BELOW:   0    1.00 INCH OR MORE:   0

[HDD (BASE 65) ]
TOTAL THIS MO.   154    CLEAR  (SCALE 0-3)  25
DPTR FM NORMAL   -51    PTCLDY (SCALE 4-7)   0
TOTAL FM JUL 1  1993    CLOUDY (SCALE 8-10)  0
DPTR FM NORMAL  -833

[CDD (BASE 65) ]
TOTAL THIS MO.    11
DPTR FM NORMAL     1    [PRESSURE DATA]
TOTAL FM JAN 1    19    HIGHEST SLP M ON M
DPTR FM NORMAL     7    LOWEST  SLP 29.78 ON 20

[REMARKS]
