000
CXUS55 KALY 250710
CF6PSF
PRELIMINARY LOCAL CLIMATOLOGICAL DATA (WS FORM: F-6)

                                          STATION:   PITTSFIELD MA
                                          MONTH:     APRIL
                                          YEAR:      2015
                                          LATITUDE:   42 25 N
                                          LONGITUDE:  73 18 W

  TEMPERATURE IN F:       :PCPN:    SNOW:  WIND      :SUNSHINE: SKY     :PK WND
================================================================================
1   2   3   4   5  6A  6B    7    8   9   10  11  12  13   14  15   16   17  18
                                     12Z  AVG MX 2MIN
DY MAX MIN AVG DEP HDD CDD  WTR  SNW DPTH SPD SPD DIR MIN PSBL S-S WX    SPD DR
================================================================================

 1  41  24  33  -5  32   0 0.00    M    M  8.9 21 270   M    M   0        28 250
 2  60  20  40   2  25   0    T    M    M  7.3 23 210   M    M   4        33 180
 3  60  39  50  11  15   0 0.05    M    M  5.1 18 210   M    M   8 1      26 210
 4  42  29  36  -3  29   0 0.22    M    M 16.6 33 280   M    M   7 1      46 270
 5  37  29  33  -7  32   0    T    M    M  9.0 26 270   M    M   9        35 280
 6  57  30  44   4  21   0 0.00    M    M  4.0 15 150   M    M   8        21 140
 7  45  37  41   0  24   0 0.06    M    M  1.8  9  50   M    M  10 1      11  50
 8  39  32  36  -5  29   0 0.36    M    M  7.9 16 110   M    M  10 16     24 110
 9  35  30  33  -8  32   0 0.07    M    M  7.2 16  60   M    M  10 16     23  70
10  53  33  43   1  22   0 0.35    M    M  8.1 18 230   M    M   9 1      26 210
11  45  32  39  -3  26   0 0.00    M    M 16.0 32 280   M    M   6        44 290
12  64  33  49   6  16   0 0.00    M    M  6.9 16 310   M    M   0        24 320
13  70  30  50   7  15   0 0.00    M    M  7.6 21 180   M    M   0        28 190
14  62  41  52   8  13   0 0.07    M    M  9.2 24 290   M    M   3        33 290
15  62  35  49   5  16   0 0.00    M    M  6.7 23 300   M    M   0        31 330
16  65  28  47   3  18   0 0.00    M    M  5.2 17 170   M    M   0        24 190
17  58  43  51   6  14   0 0.18    M    M  7.2 18 210   M    M   7 12     27 220
18  72  37  55  10  10   0 0.00    M    M  8.9 31 280   M    M   4 12     42 320
19  62  33  48   2  17   0 0.00    M    M  6.6 17 140   M    M   0        25 160
20  48  39  44  -2  21   0 0.25    M    M  9.8 24 130   M    M   9 13     39 130
21  58  35  47   0  18   0 0.53    M    M  5.1 21 260   M    M   8 13     28 300
22  59  31  45  -2  20   0 0.73    M    M  6.5 23 210   M    M   6 123    35 250
23  42  31  37 -10  28   0 0.03    M    M 12.7 23 290   M    M   9 1      35 300
24  39  30  35 -13  30   0 0.00    M    M 15.0 26 290   M    M   9        35 290
================================================================================
SM 1275  781       523   0  2.90    M    199.3          M      136
================================================================================
AV 53.1 32.5                               8.3 FASTST   M    M   6    MAX(MPH)
                                 MISC ---->  # 33 280               # 46  270
================================================================================
NOTES:
# LAST OF SEVERAL OCCURRENCES

COLUMN 17 PEAK WIND IN M.P.H.

PRELIMINARY LOCAL CLIMATOLOGICAL DATA (WS FORM: F-6) , PAGE 2

                                          STATION:  PITTSFIELD MA
                                          MONTH:    APRIL
                                          YEAR:     2015
                                          LATITUDE:   42 25 N
                                          LONGITUDE:  73 18 W

[TEMPERATURE DATA]      [PRECIPITATION DATA]       SYMBOLS USED IN COLUMN 16

AVERAGE MONTHLY: 42.8   TOTAL FOR MONTH:   2.90    1 = FOG OR MIST
DPTR FM NORMAL:  -0.1   DPTR FM NORMAL:   -0.35    2 = FOG REDUCING VISIBILITY
HIGHEST:    72 ON 18    GRTST 24HR  0.75 ON 22-23      TO 1/4 MILE OR LESS
LOWEST:     20 ON  2                               3 = THUNDER
                        SNOW, ICE PELLETS, HAIL    4 = ICE PELLETS
                        TOTAL MONTH:    M          5 = HAIL
                        GRTST 24HR    M  ON   M    6 = FREEZING RAIN OR DRIZZLE
                        GRTST DEPTH:  M  ON   M    7 = DUSTSTORM OR SANDSTORM:
                                                       VSBY 1/2 MILE OR LESS
                                                   8 = SMOKE OR HAZE
[NO. OF DAYS WITH]      [WEATHER - DAYS WITH]      9 = BLOWING SNOW
                                                   X = TORNADO
MAX 32 OR BELOW:   0    0.01 INCH OR MORE:  12
MAX 90 OR ABOVE:   0    0.10 INCH OR MORE:   7
MIN 32 OR BELOW:  13    0.50 INCH OR MORE:   2
MIN  0 OR BELOW:   0    1.00 INCH OR MORE:   0

[HDD (BASE 65) ]
TOTAL THIS MO.   523    CLEAR  (SCALE 0-3)   7
DPTR FM NORMAL    -8    PTCLDY (SCALE 4-7)   8
TOTAL FM JUL 1  7387    CLOUDY (SCALE 8-10)  9
DPTR FM NORMAL   449

[CDD (BASE 65) ]
TOTAL THIS MO.     0
DPTR FM NORMAL     0    [PRESSURE DATA]
TOTAL FM JAN 1     0    HIGHEST SLP M ON M
DPTR FM NORMAL     0    LOWEST  SLP 29.53 ON 21

[REMARKS]
