000
CXUS54 KFWD 250730
CF6PSN
PRELIMINARY LOCAL CLIMATOLOGICAL DATA (WS FORM: F-6)

                                          STATION:   PALESTINE
                                          MONTH:     APRIL
                                          YEAR:      2015
                                          LATITUDE:   31 46 N
                                          LONGITUDE:  95 42 W

  TEMPERATURE IN F:       :PCPN:    SNOW:  WIND      :SUNSHINE: SKY     :PK WND
================================================================================
1   2   3   4   5  6A  6B    7    8   9   10  11  12  13   14  15   16   17  18
                                     12Z  AVG MX 2MIN
DY MAX MIN AVG DEP HDD CDD  WTR  SNW DPTH SPD SPD DIR MIN PSBL S-S WX    SPD DR
================================================================================

 1  83  67  75  15   0  10 0.00  0.0    0  8.2 16 170   M    M   5        28 170
 2  86  67  77  16   0  12 0.00  0.0    0 10.9 17 190   M    M   6        25 190
 3  87  61  74  13   0   9 0.01  0.0    0 10.2 16 350   M    M   9        28  10
 4  75  52  64   3   1   0 0.00  0.0    0  7.9 15  10   M    M   2 8      22  10
 5  62  50  56  -5   9   0 0.59  0.0    0  5.7  9  70   M    M   9 1      16 120
 6  83  62  73  11   0   8 0.00  0.0    0  9.4 15 180   M    M   6 1      23 140
 7  86  68  77  15   0  12 0.00  0.0    0  8.0 15 180   M    M   4 8      28 180
 8  83  68  76  14   0  11 0.00  0.0    0  8.5 16 180   M    M   6        24 180
 9  83  67  75  13   0  10 0.14  0.0    0  8.1 17 180   M    M   7        24 180
10  70  54  62  -1   3   0 0.00  0.0    0  6.9 15 360   M    M   0        21 360
11  85  49  67   4   0   2 0.00  0.0    0  3.6  7 140   M    M   3 8       M  M
12  82  64  73  10   0   8 0.64  0.0    0  4.1  8 180   M    M   7         M  M
13  84  65  75  12   0  10 0.40  0.0    0  5.3 10 260   M    M   7 1       M  M
14  66  55  61  -3   4   0    M  0.0    0  4.6  8 260   M    M   9 1       M  M
15  80  49  65   1   0   0 0.00  0.0    0  3.0  7 260   M    M   0 1       M  M
16  88  60  74  10   0   9 0.49  0.0    0  5.5 12  60   M    M   5 38     21  90
17  78  60  69   5   0   4 0.12  0.0    0  3.8  8 120   M    M   8         M  M
18  83  59  71   6   0   6 0.39  0.0    0  3.0 12  80   M    M   6 13     18 280
19  84  54  69   4   0   4 0.00  0.0    0  5.9 20 270   M    M   5 12     25 270
20  74  47  61  -4   4   0 0.00  0.0    0  6.2 13 360   M    M   0        18 320
21  82  55  69   3   0   4 0.00  0.0    0  4.9  8 150   M    M   6        16 100
22  87  58  73   7   0   8 0.42  0.0    0  4.3 20 180   M    M   5        24 180
23  79  65  72   6   0   7 0.00  0.0    0  4.5  8 100   M    M   7         M  M
24  83  67  75   9   0  10 0.31  0.0    0  6.6  9 180   M    M   6         M  M
================================================================================
SM 1933 1423        21 144  3.51     0.0 149.1          M      128
================================================================================
AV 80.5 59.3                               6.2 FASTST   M    M   5    MAX(MPH)
                                 MISC ---->    20   M                 28    M
================================================================================
NOTES:
# LAST OF SEVERAL OCCURRENCES

COLUMN 17 PEAK WIND IN M.P.H.

PRELIMINARY LOCAL CLIMATOLOGICAL DATA (WS FORM: F-6) , PAGE 2

                                          STATION:  PALESTINE
                                          MONTH:    APRIL
                                          YEAR:     2015
                                          LATITUDE:   31 46 N
                                          LONGITUDE:  95 42 W

[TEMPERATURE DATA]      [PRECIPITATION DATA]       SYMBOLS USED IN COLUMN 16

AVERAGE MONTHLY: 69.9   TOTAL FOR MONTH:   3.51    1 = FOG OR MIST
DPTR FM NORMAL:   6.6   DPTR FM NORMAL:    0.97    2 = FOG REDUCING VISIBILITY
HIGHEST:    88 ON 16    GRTST 24HR  0.64 ON 12-12      TO 1/4 MILE OR LESS
LOWEST:     47 ON 20                               3 = THUNDER
                        SNOW, ICE PELLETS, HAIL    4 = ICE PELLETS
                        TOTAL MONTH:   0.0 INCH    5 = HAIL
                        GRTST 24HR     0.0         6 = FREEZING RAIN OR DRIZZLE
                        GRTST DEPTH:   0           7 = DUSTSTORM OR SANDSTORM:
                                                       VSBY 1/2 MILE OR LESS
                                                   8 = SMOKE OR HAZE
[NO. OF DAYS WITH]      [WEATHER - DAYS WITH]      9 = BLOWING SNOW
                                                   X = TORNADO
MAX 32 OR BELOW:   0    0.01 INCH OR MORE:  10
MAX 90 OR ABOVE:   0    0.10 INCH OR MORE:   9
MIN 32 OR BELOW:   0    0.50 INCH OR MORE:   2
MIN  0 OR BELOW:   0    1.00 INCH OR MORE:   0

[HDD (BASE 65) ]
TOTAL THIS MO.    21    CLEAR  (SCALE 0-3)   5
DPTR FM NORMAL   -75    PTCLDY (SCALE 4-7)  16
TOTAL FM JUL 1  2085    CLOUDY (SCALE 8-10)  3
DPTR FM NORMAL  -266

[CDD (BASE 65) ]
TOTAL THIS MO.   144
DPTR FM NORMAL    90    [PRESSURE DATA]
TOTAL FM JAN 1   189    HIGHEST SLP M ON M
DPTR FM NORMAL   105    LOWEST  SLP M ON M

[REMARKS]
