000
CXUS51 KBOX 011311 CCA
CF6PVD

PRELIMINARY LOCAL CLIMATOLOGICAL DATA (WS FORM: F-6)

                                          STATION:   PROVIDENCE RI
                                          MONTH:     MARCH
                                          YEAR:      2015
                                          LATITUDE:   41 43 N
                                          LONGITUDE:  71 26 W

  TEMPERATURE IN F:       :PCPN:    SNOW:  WIND      :SUNSHINE: SKY     :PK WND
================================================================================
1   2   3   4   5  6A  6B    7    8   9   10  11  12  13   14  15   16   17  18
                                     12Z  AVG MX 2MIN
DY MAX MIN AVG DEP HDD CDD  WTR  SNW DPTH SPD SPD DIR MIN PSBL S-S WX    SPD DR
================================================================================

 1  29   6  18 -17  47   0 0.42  4.5   13  4.7 14 190   M    M   7 14     19 190
 2  36  23  30  -5  35   0    T  0.1   18 11.2 31 300   M    M   5 18     41 300
 3  35   9  22 -13  43   0 0.44  2.7   18  8.1 21 200   M    M   6 14     24 190
 4  43  35  39   4  26   0 0.16  0.0   17  8.1 25 250   M    M   9 1      30 260
 5  38  20  29  -7  36   0 0.58  6.3   16  5.5 16 350   M    M  10 12     25 350
 6  24   9  17 -19  48   0 0.00  0.0   20  8.3 18 350   M    M   2        23 340
 7  35   8  22 -14  43   0 0.00  0.0   17  6.6 21 230   M    M   2        26 250
 8  44  22  33  -3  32   0    T    T   14  4.3 26 320   M    M   6        36 320
 9  49  18  34  -3  31   0 0.00  0.0   14  6.9 23 280   M    M   2        30 270
10  44  25  35  -2  30   0 0.21  0.0   12  5.2 16 150   M    M   7 12     20 150
11  57  36  47  10  18   0 0.06  0.0    9  9.7 23 300   M    M   6 12     31 300
12  42  27  35  -3  30   0 0.00  0.0    4 12.7 29 340   M    M   1        37 300
13  39  23  31  -7  34   0 0.00  0.0    2  8.1 17 220   M    M   6        21 220
14  44  29  37  -1  28   0 1.09  0.0    0  5.2 16 170   M    M   8 1      20 160
15  46  30  38   0  27   0    T    T    1 14.7 29 350   M    M   7        43 340
16  48  29  39   0  26   0 0.00  0.0    0  9.2 20 330   M    M   5        28 320
17  53  30  42   3  23   0 0.12  0.0    0 12.5 35 300   M    M   6 18     47 290
18  34  22  28 -11  37   0 0.00  0.0    0 19.2 32 300   M    M   2        46 330
19  37  19  28 -12  37   0 0.00  0.0    0 10.9 24 310   M    M   1        34 310
20  32  18  25 -15  40   0 0.04  0.6    0  3.0  9 130   M    M   7 1      11 130
21  41  27  34  -6  31   0 0.14  1.0    1  6.7 14 150   M    M   7 1      17 260
22  37  20  29 -12  36   0 0.00  0.0    0 17.2 29 290   M    M   1        40 310
23  34  17  26 -15  39   0 0.00  0.0    0 10.4 22 280   M    M   1        39 310
24  41  21  31 -10  34   0 0.00  0.0    0  4.8 12 360   M    M   4        14 360
25  47  22  35  -7  30   0 0.02  0.0    0  7.3 21 200   M    M   5 1      25 190
26  58  40  49   7  16   0 0.65  0.0    0 10.8 26 220   M    M   8 1238   39 220
27  45  38  42   0  23   0 0.18  0.0    0  6.6 14 360   M    M   9 1      17  10
28  39  29  34  -9  31   0 0.29  1.1    0 10.4 21 360   M    M  10 18     25  10
29  43  24  34  -9  31   0    T    T    1  7.9 16 360   M    M   3 18     21 330
30  48  30  39  -4  26   0    T    T    0  9.0 20 210   M    M   5        28 200
31  49  32  41  -3  24   0    T  0.0    0  9.7 20 270   M    M   5        26 260
================================================================================
SM 1291  738       992   0 4.40 16.3     274.9          M      163
================================================================================
AV 41.6 23.8                               8.9 FASTST   M    M   5      MAX(MPH)
                                 MISC ---->  # 35 300                  # 47  290
================================================================================
NOTES:
# LAST OF SEVERAL OCCURRENCES

COLUMN 17 PEAK WIND IN M.P.H.

PRELIMINARY LOCAL CLIMATOLOGICAL DATA (WS FORM: F-6) , PAGE 2

                                          STATION:  PROVIDENCE RI
                                          MONTH:    MARCH
                                          YEAR:     2015
                                          LATITUDE:   41 43 N
                                          LONGITUDE:  71 26 W

[TEMPERATURE DATA]      [PRECIPITATION DATA]       SYMBOLS USED IN COLUMN 16

AVERAGE MONTHLY: 32.7   TOTAL FOR MONTH:   4.40    1 = FOG OR MIST
DPTR FM NORMAL:  -6.2   DPTR FM NORMAL:   -0.61    2 = FOG REDUCING VISIBILITY
HIGHEST:    58 ON 26    GRTST 24HR  1.09 ON 14-14      TO 1/4 MILE OR LESS
LOWEST:      6 ON  1                               3 = THUNDER
                        SNOW, ICE PELLETS, HAIL    4 = ICE PELLETS
                        TOTAL MONTH:  16.3 INCHES  5 = HAIL
                        GRTST 24HR   6.3 ON  5     6 = FREEZING RAIN OR DRIZZLE
                        GRTST DEPTH:  20 ON  6     7 = DUSTSTORM OR SANDSTORM:
                                                       VSBY 1/2 MILE OR LESS
                                                   8 = SMOKE OR HAZE
[NO. OF DAYS WITH]      [WEATHER - DAYS WITH]      9 = BLOWING SNOW
                                                   X = TORNADO
MAX 32 OR BELOW:   3    0.01 INCH OR MORE:  14
MAX 90 OR ABOVE:   0    0.10 INCH OR MORE:  11
MIN 32 OR BELOW:  27    0.50 INCH OR MORE:   3
MIN  0 OR BELOW:   0    1.00 INCH OR MORE:   1

[HDD (BASE 65) ]
TOTAL THIS MO.   992    CLEAR  (SCALE 0-3)   9
DPTR FM NORMAL   183    PTCLDY (SCALE 4-7)  16
TOTAL FM JUL 1  5354    CLOUDY (SCALE 8-10)  6
DPTR FM NORMAL   483

[CDD (BASE 65) ]
TOTAL THIS MO.     0
DPTR FM NORMAL     0    [PRESSURE DATA]
TOTAL FM JAN 1     0    HIGHEST SLP 30.72 ON  1
DPTR FM NORMAL     0    LOWEST  SLP 29.41 ON 17

[REMARKS]
#FINAL-03-15#
