000
CXUS53 KMKX 230703
CF6RAC
PRELIMINARY LOCAL CLIMATOLOGICAL DATA (WS FORM: F-6)

                                          STATION:   RACINE WI
                                          MONTH:     APRIL
                                          YEAR:      2015
                                          LATITUDE:   42 45 N
                                          LONGITUDE:  87 49 W

  TEMPERATURE IN F:       :PCPN:    SNOW:  WIND      :SUNSHINE: SKY     :PK WND
================================================================================
1   2   3   4   5  6A  6B    7    8   9   10  11  12  13   14  15   16   17  18
                                     12Z  AVG MX 2MIN
DY MAX MIN AVG DEP HDD CDD  WTR  SNW DPTH SPD SPD DIR MIN PSBL S-S WX    SPD DR
================================================================================

 1  62  30  46   6  19   0 0.00  0.0    0  9.5 20 170   M    M   1        25 170
 2  65  44  55  15  10   0 0.21    M    M  7.1 18 300   M    M   5 1      23 310
 3  52  26  39  -2  26   0 0.00    M    M  9.5 23  30   M    M   6        30  10
 4  58  25  42   1  23   0 0.00    M    M  8.9 24 300   M    M   3        34 310
 5  51  36  44   2  21   0 0.00    M    M  9.2 20  40   M    M   3        25  30
 6  47  29  38  -4  27   0 0.01    M    0 10.3 23  10   M    M   5 1      30  10
 7  43  36  40  -2  25   0 0.11    M    0 14.4 22  20   M    M  10 18     29  20
 8  40  37  39  -3  26   0 0.13    M    0 10.9 18  40   M    M   9 123    24  40
 9  57  37  47   4  18   0 2.08    M    0  9.8 28 230   M    M   9 123    41 230
10  57  38  48   5  17   0 0.04    M    0 10.2 30 240   M    M   7 138    43 210
11  60  38  49   6  16   0 0.00  0.0    0  8.5 16 170   M    M   1        19 180
12  60  42  51   7  14   0    T    M    0  9.8 18 170   M    M   3        24 170
13  66  42  54  10  11   0 0.07  0.0    0  9.3 22 300   M    M   5        30 280
14  62  39  51   7  14   0 0.00  0.0    0  5.0 10 130   M    M   0        15 130
15  57  36  47   2  18   0 0.00  0.0    0  9.1 17  20   M    M   0        21  80
16  54  42  48   3  17   0 0.00    M    M  7.3 20 140   M    M   5        27 130
17  76  45  61  16   4   0 0.00    M    M  5.6 15 100   M    M   2 8      20 100
18  60  41  51   5  14   0 0.00  0.0    0 15.9 29  10   M    M   0 8      36  20
19  60  43  52   6  13   0 1.00    M    0  9.6 16 110   M    M   5 1      20 110
20  51  42  47   1  18   0    T    M    M 11.7 25 270   M    M  10 1      34 250
21  47  35  41  -6  24   0 0.01    M    M 14.0 26 270   M    M   9 1      39 260
22  44  32  38  -9  27   0    T    M    M 10.2 23 280   M    M   8        32 310
================================================================================
SM 1229  815       402   0  3.66     0.0 215.8          M      106
================================================================================
AV 55.9 37.0                               9.8 FASTST   M    M   5    MAX(MPH)
                                 MISC ---->  # 30 240               # 43  210
================================================================================
NOTES:
# LAST OF SEVERAL OCCURRENCES

COLUMN 17 PEAK WIND IN M.P.H.

PRELIMINARY LOCAL CLIMATOLOGICAL DATA (WS FORM: F-6) , PAGE 2

                                          STATION:  RACINE WI
                                          MONTH:    APRIL
                                          YEAR:     2015
                                          LATITUDE:   42 45 N
                                          LONGITUDE:  87 49 W

[TEMPERATURE DATA]      [PRECIPITATION DATA]       SYMBOLS USED IN COLUMN 16

AVERAGE MONTHLY: 46.5   TOTAL FOR MONTH:   3.66    1 = FOG OR MIST
DPTR FM NORMAL:   2.9   DPTR FM NORMAL:    1.20    2 = FOG REDUCING VISIBILITY
HIGHEST:    76 ON 17    GRTST 24HR  2.19 ON  8- 9      TO 1/4 MILE OR LESS
LOWEST:     25 ON  4                               3 = THUNDER
                        SNOW, ICE PELLETS, HAIL    4 = ICE PELLETS
                        TOTAL MONTH:   0.0 INCH    5 = HAIL
                        GRTST 24HR     0.0         6 = FREEZING RAIN OR DRIZZLE
                        GRTST DEPTH:   0           7 = DUSTSTORM OR SANDSTORM:
                                                       VSBY 1/2 MILE OR LESS
                                                   8 = SMOKE OR HAZE
[NO. OF DAYS WITH]      [WEATHER - DAYS WITH]      9 = BLOWING SNOW
                                                   X = TORNADO
MAX 32 OR BELOW:   0    0.01 INCH OR MORE:   9
MAX 90 OR ABOVE:   0    0.10 INCH OR MORE:   5
MIN 32 OR BELOW:   5    0.50 INCH OR MORE:   2
MIN  0 OR BELOW:   0    1.00 INCH OR MORE:   2

[HDD (BASE 65) ]
TOTAL THIS MO.   402    CLEAR  (SCALE 0-3)   8
DPTR FM NORMAL   -71    PTCLDY (SCALE 4-7)   9
TOTAL FM JUL 1  6728    CLOUDY (SCALE 8-10)  5
DPTR FM NORMAL   380

[CDD (BASE 65) ]
TOTAL THIS MO.     0
DPTR FM NORMAL     0    [PRESSURE DATA]
TOTAL FM JAN 1     0    HIGHEST SLP M ON M
DPTR FM NORMAL     0    LOWEST  SLP 29.23 ON 20

[REMARKS]
