000
CXUS54 KTSA 210840
CF6RVS
PRELIMINARY LOCAL CLIMATOLOGICAL DATA (WS FORM: F-6)

                                          STATION:   TULSA-RIVERSIDE  OKLAHOMA
                                          MONTH:     APRIL
                                          YEAR:      2015
                                          LATITUDE:   36  2 N
                                          LONGITUDE:  95 59 W

  TEMPERATURE IN F:       :PCPN:    SNOW:  WIND      :SUNSHINE: SKY     :PK WND
================================================================================
1   2   3   4   5  6A  6B    7    8   9   10  11  12  13   14  15   16   17  18
                                     12Z  AVG MX 2MIN
DY MAX MIN AVG DEP HDD CDD  WTR  SNW DPTH SPD SPD DIR MIN PSBL S-S WX    SPD DR
================================================================================

 1   M   M   M   M   M   M    M    M    M   M   M   M   M    M   M         M  M
 2  84  79  82  26   0  17 0.00  0.0    M 11.9 18 180   M    M   3        22 180
 3  74  46  60   4   5   0 0.00  0.0    0 12.8 29  20   M    M   4        39  20
 4  65  33  49  -7  16   0 0.00  0.0    0  3.9 12 130   M    M   0        16 170
 5  55  43  49  -8  16   0 0.22    M    0  8.6 17 180   M    M   8 18     24 160
 6  79  53  66   9   0   1 0.00  0.0    0 10.1 22 180   M    M   7 1      28 180
 7  87  68  78  21   0  13 0.00  0.0    0 12.7 22 190   M    M   4        31 200
 8  82  69  76  18   0  11    T  0.0    0 12.5 22 180   M    M   6        31 180
 9  79  49  64   6   1   0 0.01    M    0 13.1 26 190   M    M   2        35 190
10  70  37  54  -4  11   0 0.00  0.0    0  2.9 12  40   M    M   0        14  30
11  67  48  58   0   7   0 0.11    M    0  3.3 10 180   M    M   6        14 170
12  78  50  64   5   1   0 0.00  0.0    0  8.5 18 170   M    M   5        26 180
13  67  53  60   1   5   0 1.00  0.0    0 10.9 25  30   M    M   9 1      37  40
14  63  54  59   0   6   0 0.01  0.0    0  7.4 16  60   M    M  10        22  60
15  68  52  60   0   5   0 0.08  0.0    0  2.5 10 130   M    M   7 1      14 130
16  79  48  64   4   1   0 0.00  0.0    0  4.3 16 120   M    M   2 12     21 130
17  78  57  68   8   0   3 0.00  0.0    0  3.7 14  50   M    M   3        19  50
18  78  58  68   8   0   3 0.72  0.0    0  5.4 17 230   M    M   6 13     24 250
19  68  50  59  -2   6   0 0.11  0.0    0  5.2 16 340   M    M   4 13     31 330
20  66  44  55  -6  10   0 0.00  0.0    0  5.2 16 340   M    M   1        25 340
================================================================================
SM 1387  991        90  48  2.26     0.0 144.9          M       87
================================================================================
AV 73.0 52.2                               7.6 FASTST   M    M   5    MAX(MPH)
                                 MISC ---->  # 29  20               # 39   20
================================================================================
NOTES:
# LAST OF SEVERAL OCCURRENCES

COLUMN 17 PEAK WIND IN M.P.H.

PRELIMINARY LOCAL CLIMATOLOGICAL DATA (WS FORM: F-6) , PAGE 2

                                          STATION:  TULSA-RIVERSIDE  OKLAHOMA
                                          MONTH:    APRIL
                                          YEAR:     2015
                                          LATITUDE:   36  2 N
                                          LONGITUDE:  95 59 W

[TEMPERATURE DATA]      [PRECIPITATION DATA]       SYMBOLS USED IN COLUMN 16

AVERAGE MONTHLY: 62.6   TOTAL FOR MONTH:   2.26    1 = FOG OR MIST
DPTR FM NORMAL:   4.3   DPTR FM NORMAL:   -0.54    2 = FOG REDUCING VISIBILITY
HIGHEST:    87 ON  7    GRTST 24HR  1.00 ON 13-13      TO 1/4 MILE OR LESS
LOWEST:     33 ON  4                               3 = THUNDER
                        SNOW, ICE PELLETS, HAIL    4 = ICE PELLETS
                        TOTAL MONTH:   0.0 INCH    5 = HAIL
                        GRTST 24HR     0.0         6 = FREEZING RAIN OR DRIZZLE
                        GRTST DEPTH:   0           7 = DUSTSTORM OR SANDSTORM:
                                                       VSBY 1/2 MILE OR LESS
                                                   8 = SMOKE OR HAZE
[NO. OF DAYS WITH]      [WEATHER - DAYS WITH]      9 = BLOWING SNOW
                                                   X = TORNADO
MAX 32 OR BELOW:   0    0.01 INCH OR MORE:   8
MAX 90 OR ABOVE:   0    0.10 INCH OR MORE:   5
MIN 32 OR BELOW:   0    0.50 INCH OR MORE:   2
MIN  0 OR BELOW:   0    1.00 INCH OR MORE:   1

[HDD (BASE 65) ]
TOTAL THIS MO.    90    CLEAR  (SCALE 0-3)   7
DPTR FM NORMAL   -66    PTCLDY (SCALE 4-7)  10
TOTAL FM JUL 1  3575    CLOUDY (SCALE 8-10)  2
DPTR FM NORMAL   -35

[CDD (BASE 65) ]
TOTAL THIS MO.    48
DPTR FM NORMAL    27    [PRESSURE DATA]
TOTAL FM JAN 1    49    HIGHEST SLP M ON M
DPTR FM NORMAL    17    LOWEST  SLP 29.58 ON 19

[REMARKS]
