000
CXUS51 KAKQ 011010
CF6SBY
PRELIMINARY LOCAL CLIMATOLOGICAL DATA (WS FORM: F-6)

                                          STATION:   SALISBURY MD
                                          MONTH:     MARCH
                                          YEAR:      2015
                                          LATITUDE:   38 20 N
                                          LONGITUDE:  75 30 W

  TEMPERATURE IN F:       :PCPN:    SNOW:  WIND      :SUNSHINE: SKY     :PK WND
================================================================================
1   2   3   4   5  6A  6B    7    8   9   10  11  12  13   14  15   16   17  18
                                     12Z  AVG MX 2MIN
DY MAX MIN AVG DEP HDD CDD  WTR  SNW DPTH SPD SPD DIR MIN PSBL S-S WX    SPD DR
================================================================================

 1  35  16  26 -14  39   0 0.47    T    0  2.6  9 160   M    M   8 16     11 150
 2  46  30  38  -3  27   0 0.00  0.0    0  8.4 25 320   M    M   5 18     31 310
 3  39  28  34  -7  31   0 0.10  0.0    0  6.4 14 210   M    M   6 18     18 210
 4  53  39  46   5  19   0 0.11  0.0    0  6.8 24 210   M    M   9 128    32 210
 5  50  24  37  -5  28   0 0.70  5.2    0 11.0 23 350   M    M   9 1248   31 350
 6  31  14  23 -19  42   0 0.00  0.0    4  6.4 15 350   M    M   2        20 350
 7  46  11  29 -13  36   0 0.00  0.0    M  7.4 20 200   M    M   0        25 220
 8  60  34  47   5  18   0 0.00  0.0    0  7.2 16 270   M    M   1        23 270
 9  65  33  49   6  16   0 0.00  0.0    0  3.5 12  60   M    M   0        15  30
10  65  37  51   8  14   0 0.06  0.0    0  5.0 17 220   M    M   5 18     23 210
11  66  50  58  15   7   0 0.01  0.0    0  7.4 23 250   M    M   6 18     33 250
12  57  34  46   2  19   0 0.00  0.0    0  9.9 22 320   M    M   0        28 340
13  55  28  42  -2  23   0 0.04  0.0    0  5.5 13  80   M    M   2 1      17 130
14  63  45  54  10  11   0 0.90  0.0    0 10.4 21 210   M    M  10 1      28 210
15  56  42  49   5  16   0 0.00  0.0    0 13.0 28 310   M    M   4        45 280
16  62  37  50   5  15   0 0.00  0.0    0  5.0 14 220   M    M   1        18 320
17  72  43  58  13   7   0 0.00  0.0    0 11.5 29 320   M    M   0        39 300
18  49  30  40  -5  25   0 0.00  0.0    M 10.8 25 330   M    M   0        32 300
19  52  28  40  -6  25   0 0.00  0.0    0  3.7 13 120   M    M   0        17 320
20  44  36  40  -6  25   0 0.65  0.0    0 10.1 17 360   M    M  10 1      23 350
21  59  37  48   2  17   0    T  0.0    0  7.4 20 330   M    M   4 18     24 340
22  56  39  48   2  17   0 0.00  0.0    0  7.6 20 330   M    M   0        27 330
23  49  32  41  -6  24   0 0.00  0.0    0  6.7 18  40   M    M   2        23  60
24  47  30  39  -8  26   0 0.00  0.0    0  4.9 12  40   M    M   7        14  60
25  59  26  43  -4  22   0    T  0.0    0  5.3 15 150   M    M   6 18     20 130
26  66  50  58  10   7   0 0.62  0.0    0 11.3 27 190   M    M   8 18     37 190
27  59  37  48   0  17   0 0.24    M    0  9.1 22 330   M    M  10 1      29 340
28  40  29  35 -13  30   0    T    T    0 14.6 24 320   M    M   7 1      33 270
29  43  24  34 -15  31   0 0.00  0.0    0  9.5 21 320   M    M   0        28 310
30  60  32  46  -3  19   0 0.06    M    0  9.2 21 260   M    M   5        26 220
31  66  31  49   0  16   0 0.11  0.0    0 10.5 31 200   M    M   2 1      43 200
================================================================================
SM 1670 1006       669   0  4.07     5.2 248.1          M      129
================================================================================
AV 53.9 32.5                               8.0 FASTST   M    M   4    MAX(MPH)
                                 MISC ---->  # 31 200               # 45  280
================================================================================
NOTES:
# LAST OF SEVERAL OCCURRENCES

COLUMN 17 PEAK WIND IN M.P.H.

PRELIMINARY LOCAL CLIMATOLOGICAL DATA (WS FORM: F-6) , PAGE 2

                                          STATION:  SALISBURY MD
                                          MONTH:    MARCH
                                          YEAR:     2015
                                          LATITUDE:   38 20 N
                                          LONGITUDE:  75 30 W

[TEMPERATURE DATA]      [PRECIPITATION DATA]       SYMBOLS USED IN COLUMN 16

AVERAGE MONTHLY: 43.2   TOTAL FOR MONTH:   4.07    1 = FOG OR MIST
DPTR FM NORMAL:  -1.5   DPTR FM NORMAL:   -0.35    2 = FOG REDUCING VISIBILITY
HIGHEST:    72 ON 17    GRTST 24HR  0.90 ON 14-14      TO 1/4 MILE OR LESS
LOWEST:     11 ON  7                               3 = THUNDER
                        SNOW, ICE PELLETS, HAIL    4 = ICE PELLETS
                        TOTAL MONTH:   5.2 INCHES  5 = HAIL
                        GRTST 24HR   5.2 ON   M    6 = FREEZING RAIN OR DRIZZLE
                        GRTST DEPTH:   4 ON  6     7 = DUSTSTORM OR SANDSTORM:
                                                       VSBY 1/2 MILE OR LESS
                                                   8 = SMOKE OR HAZE
[NO. OF DAYS WITH]      [WEATHER - DAYS WITH]      9 = BLOWING SNOW
                                                   X = TORNADO
MAX 32 OR BELOW:   1    0.01 INCH OR MORE:  13
MAX 90 OR ABOVE:   0    0.10 INCH OR MORE:   9
MIN 32 OR BELOW:  16    0.50 INCH OR MORE:   4
MIN  0 OR BELOW:   0    1.00 INCH OR MORE:   0

[HDD (BASE 65) ]
TOTAL THIS MO.   669    CLEAR  (SCALE 0-3)  14
DPTR FM NORMAL    39    PTCLDY (SCALE 4-7)  12
TOTAL FM JUL 1  3882    CLOUDY (SCALE 8-10)  5
DPTR FM NORMAL   -53

[CDD (BASE 65) ]
TOTAL THIS MO.     0
DPTR FM NORMAL    -2    [PRESSURE DATA]
TOTAL FM JAN 1     0    HIGHEST SLP 30.75 ON  1
DPTR FM NORMAL    -2    LOWEST  SLP 29.60 ON 31

[REMARKS]
#FINAL-03-15#
