000
CXUS54 KMAF 191100
CF6SNK
PRELIMINARY LOCAL CLIMATOLOGICAL DATA (WS FORM: F-6)

                                          STATION:   Snyder Winston Field
                                          MONTH:     APRIL
                                          YEAR:      2015
                                          LATITUDE:   32 41 N
                                          LONGITUDE: 100 57 W

  TEMPERATURE IN F:       :PCPN:    SNOW:  WIND      :SUNSHINE: SKY     :PK WND
================================================================================
1   2   3   4   5  6A  6B    7    8   9   10  11  12  13   14  15   16   17  18
                                     12Z  AVG MX 2MIN
DY MAX MIN AVG DEP HDD CDD  WTR  SNW DPTH SPD SPD DIR MIN PSBL S-S WX    SPD DR
================================================================================

 1  86  60  73   M   0   8 0.00  0.0    0 10.3 17 170   M    M   3 1      21 210
 2  90  59  75   M   0  10 0.00  0.0    0 11.8 28 220   M    M   0 1      33 220
 3  69  50  60   M   5   0 0.00  0.0    0 17.2 33 360   M    M   1 8      41 360
 4  64  43  54   M  11   0 0.00  0.0    0 12.1 16  90   M    M   4        21  50
 5  80  51  66   M   0   1 0.00  0.0    0 10.2 20 160   M    M   5        24 160
 6  87  55  71   M   0   6 0.00  0.0    0 13.1 20 170   M    M   0        25 170
 7  91  64  78   M   0  13 0.00  0.0    0 10.2 17 190   M    M   3 1      23 210
 8  83  64  74   M   0   9 0.00  0.0    0 13.4 21 160   M    M   2        29 180
 9  78  63  71   M   0   6 0.00  0.0    0 10.8 20 350   M    M   0 1      24 350
10  71  46  59   M   6   0 0.00  0.0    0 12.8 20  50   M    M   0        28  40
11  78  56  67   M   0   2 0.00  0.0    0 11.5 20 150   M    M   5        25 150
12  85  59  72   M   0   7 0.13  0.0    0 12.9 22 230   M    M   5        30 230
13  60  49  55   M  10   0 0.97    M    0 13.1 23  40   M    M   9 1      35  40
14  61  46  54   M  11   0 0.00  0.0    0  8.8 14 360   M    M   8        20  20
15  79  44  62   M   3   0 0.00  0.0    0 10.5 16 210   M    M   0        23 200
16  77  58  68   M   0   3 0.06  0.0    0 10.7 21  90   M    M   2        27  90
17  63  63  63   M   2   0 0.00  0.0    0  8.6 14 150   M    M   5 8       M  M
18   M   M   M   M   M   M 0.00  0.0    0  9.4 18 270   M    M   0 8      24 270
================================================================================
SM 1302  930        48  65  1.16     0.0 207.4          M       52
================================================================================
AV 76.6 54.7                              11.5 FASTST   M    M   3    MAX(MPH)
                                 MISC ---->    33   M                 41    M
================================================================================
NOTES:
# LAST OF SEVERAL OCCURRENCES

COLUMN 17 PEAK WIND IN M.P.H.

PRELIMINARY LOCAL CLIMATOLOGICAL DATA (WS FORM: F-6) , PAGE 2

                                          STATION:  Snyder Winston Field
                                          MONTH:    APRIL
                                          YEAR:     2015
                                          LATITUDE:   32 41 N
                                          LONGITUDE: 100 57 W

[TEMPERATURE DATA]      [PRECIPITATION DATA]       SYMBOLS USED IN COLUMN 16

AVERAGE MONTHLY: 65.6   TOTAL FOR MONTH:   1.16    1 = FOG OR MIST
DPTR FM NORMAL:     M   DPTR FM NORMAL:       M    2 = FOG REDUCING VISIBILITY
HIGHEST:    91 ON  7    GRTST 24HR  0.97 ON 13-13      TO 1/4 MILE OR LESS
LOWEST:     43 ON  4                               3 = THUNDER
                        SNOW, ICE PELLETS, HAIL    4 = ICE PELLETS
                        TOTAL MONTH:   0.0 INCH    5 = HAIL
                        GRTST 24HR     0.0         6 = FREEZING RAIN OR DRIZZLE
                        GRTST DEPTH:   0           7 = DUSTSTORM OR SANDSTORM:
                                                       VSBY 1/2 MILE OR LESS
                                                   8 = SMOKE OR HAZE
[NO. OF DAYS WITH]      [WEATHER - DAYS WITH]      9 = BLOWING SNOW
                                                   X = TORNADO
MAX 32 OR BELOW:   0    0.01 INCH OR MORE:   3
MAX 90 OR ABOVE:   2    0.10 INCH OR MORE:   2
MIN 32 OR BELOW:   0    0.50 INCH OR MORE:   1
MIN  0 OR BELOW:   0    1.00 INCH OR MORE:   0

[HDD (BASE 65) ]
TOTAL THIS MO.    48    CLEAR  (SCALE 0-3)   9
DPTR FM NORMAL     M    PTCLDY (SCALE 4-7)   8
TOTAL FM JUL 1  2390    CLOUDY (SCALE 8-10)  1
DPTR FM NORMAL     M

[CDD (BASE 65) ]
TOTAL THIS MO.    65
DPTR FM NORMAL     M    [PRESSURE DATA]
TOTAL FM JAN 1    92    HIGHEST SLP M ON M
DPTR FM NORMAL     M    LOWEST  SLP M ON M

[REMARKS]
