000
CXUS56 KPQR 261200
CF6SPB
PRELIMINARY LOCAL CLIMATOLOGICAL DATA (WS FORM: F-6)

                                          STATION:   SCAPPOOSE OR
                                          MONTH:     APRIL
                                          YEAR:      2015
                                          LATITUDE:   45 46 N
                                          LONGITUDE: 122 50 W

  TEMPERATURE IN F:       :PCPN:    SNOW:  WIND      :SUNSHINE: SKY     :PK WND
================================================================================
1   2   3   4   5  6A  6B    7    8   9   10  11  12  13   14  15   16   17  18
                                     12Z  AVG MX 2MIN
DY MAX MIN AVG DEP HDD CDD  WTR  SNW DPTH SPD SPD DIR MIN PSBL S-S WX    SPD DR
================================================================================

 1  53  35  44  -4  21   0 0.32    M    0  2.6 17 290   M    M   9 1      25 290
 2  55  35  45  -3  20   0 0.02    M    0  2.6 12 290   M    M   7 12     16 280
 3  50  34  42  -6  23   0 0.17    M    0  2.0  9  10   M    M   8 1      13 330
 4  55  36  46  -2  19   0 0.00  0.0    0  3.6 13 140   M    M   5        16 140
 5  59  32  46  -2  19   0 0.09    M    0  4.2 23 130   M    M   5 13     30 130
 6  56  39  48  -1  17   0 0.01    M    0  2.7 12 130   M    M   8        14 140
 7  61  46  54   5  11   0 0.03    M    0  4.6 10 300   M    M   9        17 290
 8  60  38  49   0  16   0 0.21    M    0  3.5 14 140   M    M   7 13     19 160
 9  66  35  51   2  14   0 0.00  0.0    0  2.6  8 280   M    M   1        10 120
10  60  35  48  -1  17   0 0.05    M    0  5.1 15 190   M    M   6        21 200
11  55  38  47  -2  18   0 0.14    M    0  4.0 21 290   M    M   7 1      33 300
12  57  37  47  -2  18   0    T    M    0  3.0  9 110   M    M   6        11 140
13  53  37  45  -4  20   0 0.19    M    0  4.1 16 310   M    M   8 1      27 300
14  53  34  44  -6  21   0 0.15    M    0  3.6 14 290   M    M   8 1      23 290
15  60  31  46  -4  19   0 0.00  0.0    0  3.8 14  10   M    M   3 12     19  10
16  72  40  56   6   9   0 0.00  0.0    0  6.6 13 340   M    M   0        16  20
17  73  39  56   6   9   0 0.00  0.0    0  8.1 17 350   M    M   0        25 360
18  76  42  59   9   6   0 0.00  0.0    0  8.0 15 350   M    M   0        22 340
19  77  51  64  14   1   0 0.00  0.0    0  8.4 14  10   M    M   0        17  10
20  80  43  62  12   3   0 0.00  0.0    0  5.4 14 350   M    M   0        19  20
21  62  38  50  -1  15   0    T    M    0  8.1 20 340   M    M   6        30 290
22  62  36  49  -2  16   0    T    M    0  5.3 14 300   M    M   5        21 280
23  53  38  46  -5  19   0 0.09    M    0  3.8 16 130   M    M   8 1      22 170
24  56  40  48  -3  17   0 0.17    M    0  3.1 16 260   M    M   8 1      20 240
25  61  39  50  -1  15   0 0.01    M    0  2.7 14 360   M    M   4        18 360
================================================================================
SM 1525  948       383   0  1.65     0.0 111.5          M      128
================================================================================
AV 61.0 37.9                               4.5 FASTST   M    M   5    MAX(MPH)
                                 MISC ---->  # 23 130               # 33  300
================================================================================
NOTES:
# LAST OF SEVERAL OCCURRENCES

COLUMN 17 PEAK WIND IN M.P.H.

PRELIMINARY LOCAL CLIMATOLOGICAL DATA (WS FORM: F-6) , PAGE 2

                                          STATION:  SCAPPOOSE OR
                                          MONTH:    APRIL
                                          YEAR:     2015
                                          LATITUDE:   45 46 N
                                          LONGITUDE: 122 50 W

[TEMPERATURE DATA]      [PRECIPITATION DATA]       SYMBOLS USED IN COLUMN 16

AVERAGE MONTHLY: 49.5   TOTAL FOR MONTH:   1.65    1 = FOG OR MIST
DPTR FM NORMAL:  -0.0   DPTR FM NORMAL:   -1.05    2 = FOG REDUCING VISIBILITY
HIGHEST:    80 ON 20    GRTST 24HR  0.33 ON 31- 1      TO 1/4 MILE OR LESS
LOWEST:     31 ON 15                               3 = THUNDER
                        SNOW, ICE PELLETS, HAIL    4 = ICE PELLETS
                        TOTAL MONTH:   0.0 INCH    5 = HAIL
                        GRTST 24HR     0.0         6 = FREEZING RAIN OR DRIZZLE
                        GRTST DEPTH:   0           7 = DUSTSTORM OR SANDSTORM:
                                                       VSBY 1/2 MILE OR LESS
                                                   8 = SMOKE OR HAZE
[NO. OF DAYS WITH]      [WEATHER - DAYS WITH]      9 = BLOWING SNOW
                                                   X = TORNADO
MAX 32 OR BELOW:   0    0.01 INCH OR MORE:  14
MAX 90 OR ABOVE:   0    0.10 INCH OR MORE:   7
MIN 32 OR BELOW:   2    0.50 INCH OR MORE:   0
MIN  0 OR BELOW:   0    1.00 INCH OR MORE:   0

[HDD (BASE 65) ]
TOTAL THIS MO.   383    CLEAR  (SCALE 0-3)   6
DPTR FM NORMAL    -6    PTCLDY (SCALE 4-7)  17
TOTAL FM JUL 1  3611    CLOUDY (SCALE 8-10)  2
DPTR FM NORMAL  -813

[CDD (BASE 65) ]
TOTAL THIS MO.     0
DPTR FM NORMAL     0    [PRESSURE DATA]
TOTAL FM JAN 1     0    HIGHEST SLP M ON M
DPTR FM NORMAL     0    LOWEST  SLP 29.65 ON  5

[REMARKS]
