000
CXUS55 KPUB 181103
CF6SPD
PRELIMINARY LOCAL CLIMATOLOGICAL DATA (WS FORM: F-6)

                                          STATION:   SPRINGFIELD CO
                                          MONTH:     APRIL
                                          YEAR:      2015
                                          LATITUDE:   37 16 N
                                          LONGITUDE: 102 37 W

  TEMPERATURE IN F:       :PCPN:    SNOW:  WIND      :SUNSHINE: SKY     :PK WND
================================================================================
1   2   3   4   5  6A  6B    7    8   9   10  11  12  13   14  15   16   17  18
                                     12Z  AVG MX 2MIN
DY MAX MIN AVG DEP HDD CDD  WTR  SNW DPTH SPD SPD DIR MIN PSBL S-S WX    SPD DR
================================================================================

 1  81  41  61  14   4   0 0.00  0.0    0 11.6 39 350   M    M   0        48 350
 2  70  34  52   4  13   0 0.00  0.0    0 17.4 46 340   M    M   0        55 350
 3  53  29  41  -7  24   0 0.00  0.0    0 12.1 31 360   M    M   0        37  10
 4  63  24  44  -4  21   0 0.00  0.0    0 22.0 39 200   M    M   0        53 200
 5  80  41  61  13   4   0 0.00  0.0    0 10.9 22 220   M    M   0        27 220
 6  81  40  61  12   4   0 0.00  0.0    0 11.8 25 230   M    M   0        32 220
 7  79  41  60  11   5   0 0.00  0.0    0 10.4 23 190   M    M   0        29 200
 8  81  33  57   8   8   0 0.00  0.0    0 14.2 37 310   M    M   0        50 220
 9  58  28  43  -7  22   0 0.00  0.0    0 15.9 38 340   M    M   0        46 330
10  65  23  44  -6  21   0 0.00  0.0    0 13.8 31 200   M    M   0        38 200
11  74  39  57   7   8   0 0.00  0.0    0 14.2 29 190   M    M   0        51 230
12  78  40  59   9   6   0 0.00  0.0    0 10.8 37  20   M    M   0        44  20
13  61  39  50  -1  15   0 0.00  0.0    0 12.4 20  30   M    M   0        24  20
14  68  32  50  -1  15   0 0.00  0.0    0 19.1 30 160   M    M   0        36 150
15  79  38  59   8   6   0 0.00  0.0    0 14.2 32 190   M    M   0        46 180
16  65  37  51  -1  14   0 0.34    M    M 12.7 38 270   M    M   0 13     48 270
17  66  34  50  -2  15   0 0.01  0.0    0 11.5 24 170   M    M   0        31 180
================================================================================
SM 1202  593       205   0  0.35     0.0 235.0          M        0
================================================================================
AV 70.7 34.9                              13.8 FASTST   M    M   0    MAX(MPH)
                                 MISC ---->  # 46 340               # 55  350
================================================================================
NOTES:
# LAST OF SEVERAL OCCURRENCES

COLUMN 17 PEAK WIND IN M.P.H.

PRELIMINARY LOCAL CLIMATOLOGICAL DATA (WS FORM: F-6) , PAGE 2

                                          STATION:  SPRINGFIELD CO
                                          MONTH:    APRIL
                                          YEAR:     2015
                                          LATITUDE:   37 16 N
                                          LONGITUDE: 102 37 W

[TEMPERATURE DATA]      [PRECIPITATION DATA]       SYMBOLS USED IN COLUMN 16

AVERAGE MONTHLY: 52.8   TOTAL FOR MONTH:   0.35    1 = FOG OR MIST
DPTR FM NORMAL:   3.2   DPTR FM NORMAL:   -0.35    2 = FOG REDUCING VISIBILITY
HIGHEST:    81 ON  8, 6 GRTST 24HR  0.35 ON 16-17      TO 1/4 MILE OR LESS
LOWEST:     23 ON 10                               3 = THUNDER
                        SNOW, ICE PELLETS, HAIL    4 = ICE PELLETS
                        TOTAL MONTH:   0.0 INCH    5 = HAIL
                        GRTST 24HR     0.0         6 = FREEZING RAIN OR DRIZZLE
                        GRTST DEPTH:   0           7 = DUSTSTORM OR SANDSTORM:
                                                       VSBY 1/2 MILE OR LESS
                                                   8 = SMOKE OR HAZE
[NO. OF DAYS WITH]      [WEATHER - DAYS WITH]      9 = BLOWING SNOW
                                                   X = TORNADO
MAX 32 OR BELOW:   0    0.01 INCH OR MORE:   2
MAX 90 OR ABOVE:   0    0.10 INCH OR MORE:   1
MIN 32 OR BELOW:   5    0.50 INCH OR MORE:   0
MIN  0 OR BELOW:   0    1.00 INCH OR MORE:   0

[HDD (BASE 65) ]
TOTAL THIS MO.   205    CLEAR  (SCALE 0-3)  17
DPTR FM NORMAL   -57    PTCLDY (SCALE 4-7)   0
TOTAL FM JUL 1  4716    CLOUDY (SCALE 8-10)  0
DPTR FM NORMAL  -239

[CDD (BASE 65) ]
TOTAL THIS MO.     0
DPTR FM NORMAL     0    [PRESSURE DATA]
TOTAL FM JAN 1     0    HIGHEST SLP M ON M
DPTR FM NORMAL     0    LOWEST  SLP 29.49 ON  8

[REMARKS]
