000
CXUS52 KTAE 200800
CF6TLH
PRELIMINARY LOCAL CLIMATOLOGICAL DATA (WS FORM: F-6)

                                          STATION:   TALLAHASSEE
                                          MONTH:     APRIL
                                          YEAR:      2015
                                          LATITUDE:   30 22 N
                                          LONGITUDE:  84 22 W

  TEMPERATURE IN F:       :PCPN:    SNOW:  WIND      :SUNSHINE: SKY     :PK WND
================================================================================
1   2   3   4   5  6A  6B    7    8   9   10  11  12  13   14  15   16   17  18
                                     12Z  AVG MX 2MIN
DY MAX MIN AVG DEP HDD CDD  WTR  SNW DPTH SPD SPD DIR MIN PSBL S-S WX    SPD DR
================================================================================

 1  88  64  76  13   0  11 0.00  0.0    0  7.5 17 250   M    M   4 1      21 260
 2  85  61  73  10   0   8    T  0.0    0  3.3 14 150   M    M   6 13     17 160
 3  86  59  73   9   0   8 0.00  0.0    0  5.9 20 210   M    M   6 12     26 200
 4  82  64  73   9   0   8 0.04  0.0    0  7.1 16 340   M    M   8 1      23 300
 5  81  59  70   6   0   5 0.00  0.0    0  8.9 17  80   M    M   5        23 110
 6  83  65  74  10   0   9 0.00  0.0    0  6.7 14 120   M    M   6        19 150
 7  88  67  78  14   0  13    T  0.0    0  5.1 15 150   M    M   5 13     22 150
 8  91  67  79  15   0  14 0.00  0.0    0  3.5 13 180   M    M   6 12     16 200
 9  87  63  75  10   0  10 0.00  0.0    0  5.0 15 130   M    M   5 128    19 140
10  89  68  79  14   0  14 0.00  0.0    0  5.3 20 170   M    M   8 12     25 150
11  77  65  71   6   0   6 0.08  0.0    0  3.7 15 340   M    M   8 123    19 340
12  79  66  73   8   0   8 0.03  0.0    0  4.4 15  90   M    M   9 12     20 100
13  83  70  77  12   0  12 0.15  0.0    0  6.4 15 160   M    M   9 13     19 160
14  88  73  81  15   0  16 0.00  0.0    0  6.7 17 160   M    M   8 1      23 180
15  80  70  75   9   0  10 1.41  0.0    0  4.4 14 170   M    M   9 138    18 180
16  77  69  73   7   0   8    T  0.0    0  6.3 13  90   M    M  10 1      17  70
17  77  67  72   6   0   7 0.23  0.0    0  6.3 20 330   M    M  10 1      25 330
18  86  71  79  13   0  14    T  0.0    0  4.3 14 260   M    M   8 123    18 260
19  81  67  74   7   0   9 1.43  0.0    0  7.1 28 250   M    M   9 1238   37 250
================================================================================
SM 1588 1255         0 190  3.37     0.0 107.9          M      139
================================================================================
AV 83.6 66.1                               5.7 FASTST   M    M   7    MAX(MPH)
                                 MISC ---->  # 28 250               # 37  250
================================================================================
NOTES:
# LAST OF SEVERAL OCCURRENCES

COLUMN 17 PEAK WIND IN M.P.H.

PRELIMINARY LOCAL CLIMATOLOGICAL DATA (WS FORM: F-6) , PAGE 2

                                          STATION:  TALLAHASSEE
                                          MONTH:    APRIL
                                          YEAR:     2015
                                          LATITUDE:   30 22 N
                                          LONGITUDE:  84 22 W

[TEMPERATURE DATA]      [PRECIPITATION DATA]       SYMBOLS USED IN COLUMN 16

AVERAGE MONTHLY: 74.8   TOTAL FOR MONTH:   3.37    1 = FOG OR MIST
DPTR FM NORMAL:  10.0   DPTR FM NORMAL:    1.24    2 = FOG REDUCING VISIBILITY
HIGHEST:    91 ON  8    GRTST 24HR  1.43 ON 19-19      TO 1/4 MILE OR LESS
LOWEST:     59 ON  5, 3                            3 = THUNDER
                        SNOW, ICE PELLETS, HAIL    4 = ICE PELLETS
                        TOTAL MONTH:   0.0 INCH    5 = HAIL
                        GRTST 24HR     0.0         6 = FREEZING RAIN OR DRIZZLE
                        GRTST DEPTH:   0           7 = DUSTSTORM OR SANDSTORM:
                                                       VSBY 1/2 MILE OR LESS
                                                   8 = SMOKE OR HAZE
[NO. OF DAYS WITH]      [WEATHER - DAYS WITH]      9 = BLOWING SNOW
                                                   X = TORNADO
MAX 32 OR BELOW:   0    0.01 INCH OR MORE:   7
MAX 90 OR ABOVE:   1    0.10 INCH OR MORE:   4
MIN 32 OR BELOW:   0    0.50 INCH OR MORE:   2
MIN  0 OR BELOW:   0    1.00 INCH OR MORE:   2

[HDD (BASE 65) ]
TOTAL THIS MO.     0    CLEAR  (SCALE 0-3)   0
DPTR FM NORMAL   -54    PTCLDY (SCALE 4-7)  12
TOTAL FM JUL 1  1441    CLOUDY (SCALE 8-10)  7
DPTR FM NORMAL  -137

[CDD (BASE 65) ]
TOTAL THIS MO.   190
DPTR FM NORMAL   141    [PRESSURE DATA]
TOTAL FM JAN 1   317    HIGHEST SLP M ON M
DPTR FM NORMAL   214    LOWEST  SLP 29.77 ON 19

[REMARKS]
