000
CXUS55 KRIW 250903
CF6WRL
PRELIMINARY LOCAL CLIMATOLOGICAL DATA (WS FORM: F-6)

                                          STATION:   WORLAND WY
                                          MONTH:     APRIL
                                          YEAR:      2015
                                          LATITUDE:   43 58 N
                                          LONGITUDE: 107 57 W

  TEMPERATURE IN F:       :PCPN:    SNOW:  WIND      :SUNSHINE: SKY     :PK WND
================================================================================
1   2   3   4   5  6A  6B    7    8   9   10  11  12  13   14  15   16   17  18
                                     12Z  AVG MX 2MIN
DY MAX MIN AVG DEP HDD CDD  WTR  SNW DPTH SPD SPD DIR MIN PSBL S-S WX    SPD DR
================================================================================

 1  53  29  41  -1  24   0 0.00  0.0    M 10.6 29 330   M    M   5        36 340
 2  47  27  37  -5  28   0 0.00  0.0    M 10.7 26 340   M    M   4        31 340
 3  51  20  36  -6  29   0 0.00  0.0    M  5.9 20 110   M    M   2        24 110
 4  63  24  44   2  21   0 0.00  0.0    M 10.4 30 250   M    M   0        41 230
 5  64  26  45   2  20   0 0.00  0.0    M  7.9 21 350   M    M   0        27 340
 6  55  35  45   2  20   0 0.00  0.0    M  5.0 18 350   M    M   5        23 350
 7  57  30  44   1  21   0 0.00  0.0    M  4.9 18 170   M    M   2        23 170
 8  52  38  45   2  20   0    T    M    M 11.7 24 320   M    M   8        30 340
 9  57  23  40  -4  25   0 0.00  0.0    M  5.4 20 320   M    M   1        25 320
10  63  26  45   1  20   0 0.00    M    M  4.6 12 130   M    M   0        20  20
11  71  32  52   8  13   0 0.00  0.0    M 13.6 29 240   M    M   0        37 240
12  58  34  46   2  19   0    T    M    M 10.0 31 330   M    M   2        43 330
13  69  24  47   2  18   0 0.00  0.0    M  6.4 15 140   M    M   0        19 130
14  81  35  58  13   7   0 0.00    M    M 13.6 33 190   M    M   0        42 210
15  47  35  41  -4  24   0 0.04    M    M 17.3 31 340   M    M  10 1      40 340
16  52  31  42  -4  23   0 0.00    M    M  5.7 15 340   M    M   8        20 340
17  62  23  43  -3  22   0 0.00  0.0    M  4.1 12 180   M    M   0        12 180
18  69  30  50   4  15   0 0.00  0.0    0 15.2 37 340   M    M   3        46 360
19  56  32  44  -2  21   0 0.00  0.0    M  9.8 21 340   M    M   4        30 340
20  62  28  45  -2  20   0 0.00  0.0    M  6.5 20 360   M    M   2        25 360
21  69  28  49   2  16   0 0.00  0.0    M  4.7 17 130   M    M   0        20 130
22  75  33  54   6  11   0 0.00  0.0    M  6.0 22 140   M    M   0        25 140
23  73  43  58  10   7   0 0.10    M    M  6.1 30 250   M    M   3 3      45 250
24  71  36  54   6  11   0 0.00  0.0    M  5.0 21 220   M    M   1        30 210
================================================================================
SM 1477  722       455   0  0.14     0.0 201.1          M       60
================================================================================
AV 61.5 30.1                               8.4 FASTST   M    M   3    MAX(MPH)
                                 MISC ---->  # 37 340               # 46  360
================================================================================
NOTES:
# LAST OF SEVERAL OCCURRENCES

COLUMN 17 PEAK WIND IN M.P.H.

PRELIMINARY LOCAL CLIMATOLOGICAL DATA (WS FORM: F-6) , PAGE 2

                                          STATION:  WORLAND WY
                                          MONTH:    APRIL
                                          YEAR:     2015
                                          LATITUDE:   43 58 N
                                          LONGITUDE: 107 57 W

[TEMPERATURE DATA]      [PRECIPITATION DATA]       SYMBOLS USED IN COLUMN 16

AVERAGE MONTHLY: 45.8   TOTAL FOR MONTH:   0.14    1 = FOG OR MIST
DPTR FM NORMAL:   1.1   DPTR FM NORMAL:   -0.47    2 = FOG REDUCING VISIBILITY
HIGHEST:    81 ON 14    GRTST 24HR  0.10 ON 23-23      TO 1/4 MILE OR LESS
LOWEST:     20 ON  3                               3 = THUNDER
                        SNOW, ICE PELLETS, HAIL    4 = ICE PELLETS
                        TOTAL MONTH:   0.0 INCH    5 = HAIL
                        GRTST 24HR     0.0         6 = FREEZING RAIN OR DRIZZLE
                        GRTST DEPTH:   0           7 = DUSTSTORM OR SANDSTORM:
                                                       VSBY 1/2 MILE OR LESS
                                                   8 = SMOKE OR HAZE
[NO. OF DAYS WITH]      [WEATHER - DAYS WITH]      9 = BLOWING SNOW
                                                   X = TORNADO
MAX 32 OR BELOW:   0    0.01 INCH OR MORE:   2
MAX 90 OR ABOVE:   0    0.10 INCH OR MORE:   1
MIN 32 OR BELOW:  16    0.50 INCH OR MORE:   0
MIN  0 OR BELOW:   0    1.00 INCH OR MORE:   0

[HDD (BASE 65) ]
TOTAL THIS MO.   455    CLEAR  (SCALE 0-3)  16
DPTR FM NORMAL   -31    PTCLDY (SCALE 4-7)   5
TOTAL FM JUL 1  7085    CLOUDY (SCALE 8-10)  3
DPTR FM NORMAL  -287

[CDD (BASE 65) ]
TOTAL THIS MO.     0
DPTR FM NORMAL     0    [PRESSURE DATA]
TOTAL FM JAN 1     0    HIGHEST SLP M ON M
DPTR FM NORMAL     0    LOWEST  SLP 29.60 ON 24

[REMARKS]
