000
CXUS51 KOKX 011811 CCA
CLABDR

NYCCLMBDR 000
TTAA00 KOKX 011758


CLIMATE REPORT
NATIONAL WEATHER SERVICE NEW YORK NY
108 PM EST THU JAN 1 2015

...................................

...THE BRIDGEPORT CT CLIMATE SUMMARY FOR THE YEAR OF 2014...

CLIMATE NORMAL PERIOD 1981 TO 2010
CLIMATE RECORD PERIOD 1948 TO 2014

WEATHER         OBSERVED          NORMAL  DEPART  LAST YEAR`S
                 VALUE   DATE(S)  VALUE   FROM    VALUE  DATE(S)
                                          NORMAL
................................................................
TEMPERATURE (F)
RECORD
 HIGH             103   07/22/2011
                        07/22/1957
 LOW               -7   01/22/1984
HIGHEST            91   09/02        MM      MM       95  07/16
LOWEST              2   01/22        MM      MM        7  02/10
AVG. MAXIMUM     59.7              60.3    -0.6     60.5
AVG. MINIMUM     44.5              44.7    -0.2     45.4
MEAN             52.1              52.5    -0.4     52.9
DAYS MAX >= 90      2               6.3    -4.3       14
DAYS MAX <= 32     28              18.2     9.8       21
DAYS MIN <= 32    104              92.1    11.9      104
DAYS MIN <= 0       0               0.3    -0.3        0

PRECIPITATION (INCHES)
RECORD
 MAXIMUM        73.93   1972
 MINIMUM           MM   MM
TOTALS          46.21             42.74    3.47    36.66
DAILY AVG.       0.13              0.12    0.01     0.10
DAYS >= .01       124             121.7     2.3      120
DAYS >= .10        72              76.1    -4.1       72
DAYS >= .50        36              28.1     7.9       23
DAYS >= 1.00       14               9.8     4.2        8
GREATEST
 24 HR. TOTAL    3.78   MM                       12/31 TO 12/31

 STORM TOTAL       MM                                 MM
 (MM/DD(HH))            MM

SNOWFALL (INCHES)
RECORDS
 TOTAL             MM   MM
 24 HR TOTAL     18.5   MM
 SNOW DEPTH        30   02/09/2013
TOTALS           47.3              27.6    19.7     59.0
 LIQUID EQUIV    4.73              2.80    1.93     5.90
SINCE 7/1         0.9               5.8    -4.9     10.9
 LIQUID 7/1      0.09              0.60   -0.51     1.09
SNOWDEPTH AVG.      1                MM      MM        1
DAYS >= TRACE      37              14.6    22.4       41
DAYS >= 1.0        11               8.0     3.0        9
GREATEST
 SNOW DEPTH        15   02/19                         30  02/09
                        02/14
 24 HR TOTAL      9.5   MM                       12/31 TO 12/31

 STORM TOTAL       MM                                 MM
 (MM/DD(HH))            MM

DEGREE_DAYS
HEATING TOTAL    5448              5392      56     5272
 SINCE 7/1         MM              1893      MM       MM
COOLING TOTAL     884               825      59     1003
 SINCE 1/1        884               825      59     1003
..................................................

WIND (MPH)
AVERAGE WIND SPEED              8.9
RESULTANT WIND SPEED/DIRECTION   2/293
HIGHEST WIND SPEED/DIRECTION    36/310    DATE  03/26
HIGHEST GUST SPEED/DIRECTION    50/300    DATE  03/26

SKY COVER
POSSIBLE SUNSHINE (PERCENT)   MM
AVERAGE SKY COVER           0.40
NUMBER OF DAYS FAIR          203
NUMBER OF DAYS PC             91
NUMBER OF DAYS CLOUDY         71

AVERAGE RH (PERCENT)     68

WEATHER CONDITIONS. NUMBER OF DAYS WITH
THUNDERSTORM              0     MIXED PRECIP               0
HEAVY RAIN               35     RAIN                      56
LIGHT RAIN              139     FREEZING RAIN              3
LT FREEZING RAIN          4     HAIL                       0
HEAVY SNOW                4     SNOW                      10
LIGHT SNOW               28     SLEET                      0
FOG                     134     FOG W/VIS <= 1/4 MILE     23
HAZE                     25

-  INDICATES NEGATIVE NUMBERS.
R  INDICATES RECORD WAS SET OR TIED.
MM INDICATES DATA IS MISSING.
T  INDICATES TRACE AMOUNT.

$$
