000
CXUS55 KCYS 172306 RRA
CLADGW

CLIMATE REPORT
NATIONAL WEATHER SERVICE CHEYENNE WY
403 PM MST SAT JAN 17 2015

...................................

...THE DOUGLAS WY AIRPORT CLIMATE SUMMARY FOR THE YEAR OF 2014...

CLIMATE NORMAL PERIOD 1981 TO 2010
CLIMATE RECORD PERIOD 1998 TO 2015

WEATHER         OBSERVED          NORMAL  DEPART  LAST YEAR`S
                 VALUE   DATE(S)  VALUE   FROM    VALUE
                                          NORMAL
.............................................................
TEMPERATURE (F)
RECORD
 HIGH             105   07/29/2006
                        07/18/2006
                        07/16/2005
 LOW              -33   01/27/2009
                        02/18/2006
HIGHEST            98   07/24        MM      MM      102
                        07/20
                        07/05
LOWEST            -25   12/31        MM      MM      -18
                        11/13
                        02/06
AVG. MAXIMUM     60.0              60.8    -0.8     60.8
AVG. MINIMUM     30.6              31.0    -0.4     31.5
MEAN             45.3              45.9    -0.6     46.1
DAYS MAX >= 90     30              33.4               MM
DAYS MAX <= 32     46              35.3               MM
DAYS MIN <= 32    187             187.2               MM
DAYS MIN <= 0      28              18.0               MM

PRECIPITATION (INCHES)
RECORD
 MAXIMUM           MM   MM
 MINIMUM           MM   MM
TOTALS          13.09             13.39   -0.30     9.94
DAYS >= .01       103                MM               MM
DAYS >= .10        38                MM               MM
DAYS >= .50         5                MM               MM
DAYS >= 1.00        0                MM               MM
GREATEST
 24 HR. TOTAL    1.41   07/15 TO 07/16

DEGREE_DAYS
HEATING TOTAL    7432              7442     -10     7492
 SINCE 7/1       2895              3089    -194     3079
COOLING TOTAL     401               488     -87      739
 SINCE 1/1        401               486     -85      739
..............................................................

WIND (MPH)
AVERAGE WIND SPEED              9.8
HIGHEST WIND SPEED/DIRECTION    47/010    DATE  03/18
HIGHEST GUST SPEED/DIRECTION    58/260    DATE  08/17

SKY COVER
POSSIBLE SUNSHINE (PERCENT)   MM
AVERAGE SKY COVER           0.30
NUMBER OF DAYS FAIR          230
NUMBER OF DAYS PC             90
NUMBER OF DAYS CLOUDY         37

AVERAGE RH (PERCENT)     60

WEATHER CONDITIONS. NUMBER OF DAYS WITH
THUNDERSTORM              0     MIXED PRECIP               0
HEAVY RAIN               16     RAIN                      21
LIGHT RAIN               85     FREEZING RAIN              0
LT FREEZING RAIN          1     HAIL                       0
HEAVY SNOW                7     SNOW                      19
LIGHT SNOW               84     SLEET                      0
FOG                     130     FOG W/VIS <= 1/4 MILE     27
HAZE                     58

-  INDICATES NEGATIVE NUMBERS.
R  INDICATES RECORD WAS SET OR TIED.
MM INDICATES DATA IS MISSING.
T  INDICATES TRACE AMOUNT.

$$
