000
CXUS55 KREV 012025
CLARNO

CLIMATE REPORT
NATIONAL WEATHER SERVICE RENO NV
1225 PM PST WED JAN 1 2015

.........................................................
THE RENO TAHOE AIRPORT NV CLIMATE SUMMARY FOR THE YEAR 2014

CLIMATE NORMAL PERIOD 1981 TO 2010
CLIMATE RECORD PERIOD 1888 TO 2012

WEATHER        OBSERVED              NORMAL      DEPART
                 VALUE     DATE(S)    VALUE        FROM
                                                  NORMAL
TEMPERATURE (F)
RECORD
 HIGH             108    07/05/2007
                         07/12/2002
                         07/11/2002
 LOW              -19    01/08/1890
HIGHEST           105    07/14
LOWEST              8    12/31

AVG. MAXIMUM     71.3                  67.6        +3.7
AVG. MINIMUM     43.3                  40.0        +3.3
MEAN             57.3                  53.8        +3.5
DAYS MAX >= 90     75                  53.9       +21.1
DAYS MAX <= 32      2                   4.5        -2.5
DAYS MIN <= 32     90                 111.6       -21.6
DAYS MIN <=  0      0                   0.5        -0.5

PRECIPITATION (INCHES)
RECORD
 MAXIMUM         13.73     1890
 MINIMUM          1.55     1947
TOTALS            4.99                 7.40        -2.41
DAILY AVG.          T                  0.02        -0.02
DAYS >= 0.01       41                  52.3       -11.3
DAYS >= 0.10       15                  20.3        -5.3
DAYS >= 0.50        2                   2.9        -0.9
DAYS >= 1.00        0                   0.7        -0.7
GREATEST 24-HR.
RECORD            2.29   01/21/1943
TOTALS            0.88   08/04-05

SNOWFALL (INCHES)
TOTALS            3.7                  21.8       -18.1
SINCE 7/1         2.2
DAYS >= TRACE      14
DAYS >=  1.0        1                   6.2        -5.2
GREATEST 24-HR.
RECORD           22.5    01/17/1916
TOTALS            1.8    12/30

GREATEST SNOW DEPTH (INCHES)
RECORD            30     01/17/1916
TOTALS             1     12/30

DEGREE_DAYS
HEATING TOTAL    3910                  4926       -1016
 SINCE 7/1       1591
COOLING TOTAL    1211                   838        -373

FREEZE DATES
RECORD
 EARLIEST                08/10/1962
 LATEST                  06/29/1963
EARLIEST                 10/27
LATEST                   04/05

...........................................................

WIND (MPH)
AVERAGE WIND SPEED                6.2
HIGHEST WIND SPEED/DIRECTION    53/200   DATE   12/11
HIGHEST GUST SPEED/DIRECTION    71/200   DATE   12/11


WEATHER CONDITIONS. NUMBER OF DAYS WITH
THUNDERSTORM            17      MIXED PRECIP             0
HEAVY RAIN               3      RAIN                    20
LIGHT RAIN              60      FREEZING RAIN            0
LT FREEZING RAIN         0      HAIL                     0
HEAVY SNOW               1      SNOW                     6
LIGHT SNOW              10      SLEET                    0
FOG                     28      FOG W/VIS <= 1/4 MILE    0
HAZE                    23


- INDICATES NEGATIVE NUMBERS
T INDICATES TRACE AMOUNT


$$

JOHNSON
