000
CXUS52 KCHS 012108
CLASAV

CLIMATE REPORT
NATIONAL WEATHER SERVICE CHARLESTON SC
349 PM EST THU JAN 1 2015

...................................

...THE SAVANNAH GA CLIMATE SUMMARY FOR THE YEAR OF 2014...

CLIMATE NORMAL PERIOD 1981 TO 2010
CLIMATE RECORD PERIOD 1871 TO 2014

WEATHER         OBSERVED          NORMAL  DEPART  LAST YEAR`S
                 VALUE   DATE(S)  VALUE   FROM    VALUE  DATE(S)
                                          NORMAL
................................................................
TEMPERATURE (F)
RECORD
 HIGH             105   07/20/1986
                        07/12/1879
 LOW                3   01/21/1985
HIGHEST           100   08/23                         97  08/12
                        08/22
LOWEST             19   01/07                         26  02/18
AVG. MAXIMUM     78.1              77.4     0.7     77.5
AVG. MINIMUM     56.8              56.1     0.7     57.1
MEAN             67.4              66.8     0.6     67.3
DAYS MAX >= 90     97              70.0    27.0       56
DAYS MAX <= 32      1               0.1     0.9        0
DAYS MIN <= 32     19              22.3    -3.3       15
DAYS MIN <= 0       0               0.0     0.0        0

PRECIPITATION (INCHES)
RECORD
 MAXIMUM        73.94   1885
 MINIMUM        22.00   1931
TOTALS          50.56             47.96    2.60    54.07
DAILY AVG.       0.14              0.13    0.01     0.15
DAYS >= .01       113             108.2     4.8      115
DAYS >= .10        81              70.3    10.7       71
DAYS >= .50        26              31.3    -5.3       37
DAYS >= 1.00       14              14.0     0.0       21
GREATEST
 24 HR. TOTAL    6.72  06/22 TO 06/23

SNOWFALL (INCHES)
TOTALS            0.0               0.3    -0.3      0.0
SINCE 7/1         0.0               0.2    -0.2      0.0
SNOWDEPTH AVG.      0                                  0
DAYS >= TRACE       0               0.3    -0.3        0
DAYS >= 1.0         0               0.0     0.0        0

DEGREE_DAYS
HEATING TOTAL    1732              1811     -79     1533
 SINCE 7/1        576               690    -114      526
COOLING TOTAL    2732              2458     274     2491
 SINCE 1/1       2732              2458     274     2491

..................................................

WIND (MPH)
AVERAGE WIND SPEED              6.5
HIGHEST WIND SPEED/DIRECTION    47/130    DATE  05/28
HIGHEST GUST SPEED/DIRECTION    54/120    DATE  05/28


WEATHER CONDITIONS. NUMBER OF DAYS WITH
THUNDERSTORM             69     MIXED PRECIP               0
HEAVY RAIN               42     RAIN                      62
LIGHT RAIN              140     FREEZING RAIN              0
LT FREEZING RAIN          1     HAIL                       1
HEAVY SNOW                0     SNOW                       0
LIGHT SNOW                0     SLEET                      0
FOG                     174     FOG W/VIS <= 1/4 MILE     24
HAZE                     53

-  INDICATES NEGATIVE NUMBERS.
R  INDICATES RECORD WAS SET OR TIED.
MM INDICATES DATA IS MISSING.
T  INDICATES TRACE AMOUNT.

$$
