000
CDUS41 KBTV 040548
CLI1V4


CLIMATE REPORT
NATIONAL WEATHER SERVICE BURLINGTON VT
145 AM EDT MON MAY 4 2015


...................................

...THE ST. JOHNSBURY VT CLIMATE SUMMARY FOR MAY 3 2015...

CLIMATE NORMAL PERIOD 1981 TO 2010
CLIMATE RECORD PERIOD 1894 TO 2015


WEATHER ITEM   OBSERVED TIME   RECORD YEAR NORMAL DEPARTURE LAST
                VALUE   (LST)  VALUE       VALUE  FROM      YEAR
                                                  NORMAL
..................................................................
TEMPERATURE (F)
 YESTERDAY
  MAXIMUM         77        MM  89    2001  65     12       62
  MINIMUM         36        MM  20    1966  39     -3       41
  AVERAGE         57                        52      5       52

PRECIPITATION (IN)
  YESTERDAY        0.00          1.14 1967   0.10  -0.10     0.04
  MONTH TO DATE    0.00                      0.30  -0.30     0.53
  SINCE MAR 1      3.79                      5.67  -1.88     6.48
  SINCE JAN 1      8.35                     10.35  -2.00    11.61

DEGREE DAYS
 HEATING
  YESTERDAY        8                        13     -5       13
  MONTH TO DATE   29                        41    -12       43
  SINCE MAR 1   2006                      1736    270     2140
  SINCE JUL 1   8071                      7460    611     8172

 COOLING
  YESTERDAY        0                         0      0        0
  MONTH TO DATE    0                         0      0        0
  SINCE MAR 1      0                         1     -1        0
  SINCE JAN 1      0                         1     -1        0
..................................................................


WIND (MPH)
  HIGHEST WIND SPEED    MM   HIGHEST WIND DIRECTION    MM
  HIGHEST GUST SPEED    MM   HIGHEST GUST DIRECTION    MM
  AVERAGE WIND SPEED    MM


SKY COVER
  AVERAGE SKY COVER 0.0


WEATHER CONDITIONS
 THE FOLLOWING WEATHER WAS RECORDED YESTERDAY.
  NO SIGNIFICANT WEATHER WAS OBSERVED.


RELATIVE HUMIDITY (PERCENT)
 HIGHEST    92           500 AM
 LOWEST     19           200 PM
 AVERAGE    56

..........................................................


THE ST. JOHNSBURY VT CLIMATE NORMALS FOR TODAY
                         NORMAL    RECORD    YEAR
 MAXIMUM TEMPERATURE (F)   65        91      1944
 MINIMUM TEMPERATURE (F)   40        21      1986


SUNRISE AND SUNSET
MAY  4 2015...........SUNRISE   535 AM EDT   SUNSET   756 PM EDT
MAY  5 2015...........SUNRISE   534 AM EDT   SUNSET   757 PM EDT


-  INDICATES NEGATIVE NUMBERS.
R  INDICATES RECORD WAS SET OR TIED.
MM INDICATES DATA IS MISSING.
T  INDICATES TRACE AMOUNT.




$$
