000
CDUS43 KUNR 170831
CLI2WX


CLIMATE REPORT
NATIONAL WEATHER SERVICE RAPID CITY SD
231 AM MDT FRI APR 17 2015


...................................

...THE BUFFALO SD CLIMATE SUMMARY FOR APRIL 16 2015...

CLIMATE NORMAL PERIOD 1981 TO 2010
CLIMATE RECORD PERIOD 9999 TO 9999


WEATHER ITEM   OBSERVED TIME   NORMAL DEPARTURE LAST
                VALUE   (LST)  VALUE  FROM      YEAR
                                      NORMAL
......................................................
TEMPERATURE (F)
 YESTERDAY
  MAXIMUM         60    345 PM  56      4       39
  MINIMUM         37   1119 PM  32      5       25
  AVERAGE         49            44      5       32

PRECIPITATION (IN)
  YESTERDAY        0.00          0.05  -0.05     0.00
  MONTH TO DATE    0.43          0.69  -0.26     0.23
  SINCE MAR 1      0.84          1.46  -0.62     1.11
  SINCE JAN 1      1.31          2.03  -0.72     1.69

DEGREE DAYS
 HEATING
  YESTERDAY       16            21     -5       33
  MONTH TO DATE  331           387    -56      445
  SINCE MAR 1   1048          1393   -345     1554
  SINCE JUL 1   6506          7190   -684     7611

 COOLING
  YESTERDAY        0             0      0        0
  MONTH TO DATE    0             0      0        0
  SINCE MAR 1      0             0      0        0
  SINCE JAN 1      0             0      0        0
......................................................


WIND (MPH)
  HIGHEST WIND SPEED    24   HIGHEST WIND DIRECTION    NW (330)
  HIGHEST GUST SPEED    27   HIGHEST GUST DIRECTION     N (340)
  AVERAGE WIND SPEED    12.3




RELATIVE HUMIDITY (PERCENT)
 HIGHEST    70           300 AM
 LOWEST     24           500 PM
 AVERAGE    47

..........................................................




SUNRISE AND SUNSET
APRIL 17 2015.........SUNRISE   605 AM MDT   SUNSET   743 PM MDT
APRIL 18 2015.........SUNRISE   604 AM MDT   SUNSET   744 PM MDT


-  INDICATES NEGATIVE NUMBERS.
R  INDICATES RECORD WAS SET OR TIED.
MM INDICATES DATA IS MISSING.
T  INDICATES TRACE AMOUNT.




$$
