000
CDUS41 KPHI 042128
CLIABE


CLIMATE REPORT
NATIONAL WEATHER SERVICE MOUNT HOLLY NJ
528 PM EDT MON MAY 4 2015


...................................

...THE ALLENTOWN PA CLIMATE SUMMARY FOR MAY 4 2015...
VALID TODAY AS OF 0500 PM LOCAL TIME.

CLIMATE NORMAL PERIOD 1981 TO 2010
CLIMATE RECORD PERIOD 1922 TO 2015


WEATHER ITEM   OBSERVED TIME   RECORD YEAR NORMAL DEPARTURE LAST
                VALUE   (LST)  VALUE       VALUE  FROM      YEAR
                                                  NORMAL
..................................................................
TEMPERATURE (F)
 TODAY
  MAXIMUM         85    306 PM  92    2001  68     17       61
  MINIMUM         47    416 AM  31    2002  44      3       46
                                      1957
  AVERAGE         66                        56     10       54

PRECIPITATION (IN)
  TODAY            0.00          1.20 1934   0.12  -0.12     0.00
  MONTH TO DATE    T                         0.47  -0.47     0.23
  SINCE MAR 1      6.24                      7.42  -1.18     9.27
  SINCE JAN 1     10.79                     13.15  -2.36    18.26

SNOWFALL (IN)
  TODAY            0.0           0.0    MM   0.0    0.0      0.0
  MONTH TO DATE    0.0                       0.0    0.0      0.0
  SINCE MAR 1     17.8                       5.9   11.9      1.4
  SINCE JUL 1     50.1                      32.9   17.2     68.1
  SNOW DEPTH       0

DEGREE DAYS
 HEATING
  TODAY            0                         9     -9       11
  MONTH TO DATE   20                        39    -19       33
  SINCE MAR 1   1386                      1300     86     1457
  SINCE JUL 1   5867                      5609    258     6055

 COOLING
  TODAY            1                         0      1        0
  MONTH TO DATE    1                         0      1        0
  SINCE MAR 1      1                         5     -4        7
  SINCE JAN 1      1                         5     -4        7
..................................................................


WIND (MPH)
  HIGHEST WIND SPEED    22   HIGHEST WIND DIRECTION    SW (240)
  HIGHEST GUST SPEED    25   HIGHEST GUST DIRECTION     W (250)
  AVERAGE WIND SPEED     5.4


SKY COVER
  POSSIBLE SUNSHINE  MM
  AVERAGE SKY COVER 0.1


WEATHER CONDITIONS
 THE FOLLOWING WEATHER WAS RECORDED TODAY.
  NO SIGNIFICANT WEATHER WAS OBSERVED.


RELATIVE HUMIDITY (PERCENT)
 HIGHEST    80           400 AM
 LOWEST     22          1200 PM
 AVERAGE    51

..........................................................


THE ALLENTOWN PA CLIMATE NORMALS FOR TOMORROW
                         NORMAL    RECORD    YEAR
 MAXIMUM TEMPERATURE (F)   68        92      1949
 MINIMUM TEMPERATURE (F)   45        31      1976


SUNRISE AND SUNSET
MAY  4 2015...........SUNRISE   557 AM EDT   SUNSET   801 PM EDT
MAY  5 2015...........SUNRISE   556 AM EDT   SUNSET   802 PM EDT


-  INDICATES NEGATIVE NUMBERS.
R  INDICATES RECORD WAS SET OR TIED.
MM INDICATES DATA IS MISSING.
T  INDICATES TRACE AMOUNT.




$$
