000
CDUS43 KABR 172228
CLIABR


CLIMATE REPORT
NATIONAL WEATHER SERVICE ABERDEEN SD
526 PM CDT FRI APR 17 2015


...................................

...THE ABERDEEN SD CLIMATE SUMMARY FOR APRIL 17 2015...
VALID TODAY AS OF 0500 PM LOCAL TIME.

CLIMATE NORMAL PERIOD 1981 TO 2010
CLIMATE RECORD PERIOD 1893 TO 2015


WEATHER ITEM   OBSERVED TIME   RECORD YEAR NORMAL DEPARTURE LAST
                VALUE   (LST)  VALUE       VALUE  FROM      YEAR
                                                  NORMAL
..................................................................
TEMPERATURE (F)
 TODAY
  MAXIMUM         75    254 PM  87    1915  58     17       47
  MINIMUM         35    603 AM  10    1953  32      3       15
  AVERAGE         55                        45     10       31

PRECIPITATION (IN)
  TODAY            0.00          0.78 1917   0.06  -0.06     0.00
  MONTH TO DATE    0.00                      0.86  -0.86     0.11
  SINCE MAR 1      0.23                      2.02  -1.79     0.88
  SINCE JAN 1      1.28                      3.04  -1.76     1.32

SNOWFALL (IN)
  TODAY            0.0
  MONTH TO DATE    0.0
  SINCE OCT 1     20.2
  SINCE JUL 1     20.2
  SNOW DEPTH       0

DEGREE DAYS
 HEATING
  TODAY           10                        20    -10       34
  MONTH TO DATE  285                       404   -119      491
  SINCE MAR 1   1210                      1492   -282     1713
  SINCE JUL 1   7478                      7955   -477     8872

 COOLING
  TODAY            0                         0      0        0
  MONTH TO DATE    0                         0      0        0
  SINCE MAR 1      0                         0      0        0
  SINCE JAN 1      0                         0      0        0
..................................................................


WIND (MPH)
  HIGHEST WIND SPEED    16   HIGHEST WIND DIRECTION    NW (330)
  HIGHEST GUST SPEED    19   HIGHEST GUST DIRECTION     N (20)
  AVERAGE WIND SPEED     6.4


SKY COVER
  POSSIBLE SUNSHINE  MM
  AVERAGE SKY COVER 0.0


WEATHER CONDITIONS
 THE FOLLOWING WEATHER WAS RECORDED TODAY.
  NO SIGNIFICANT WEATHER WAS OBSERVED.


RELATIVE HUMIDITY (PERCENT)
 HIGHEST    70           300 AM
 LOWEST     13           100 PM
 AVERAGE    42

..........................................................


THE ABERDEEN SD CLIMATE NORMALS FOR TOMORROW
                         NORMAL    RECORD    YEAR
 MAXIMUM TEMPERATURE (F)   59        89      1985
 MINIMUM TEMPERATURE (F)   33        13      1953


SUNRISE AND SUNSET
APRIL 17 2015.........SUNRISE   645 AM CDT   SUNSET   822 PM CDT
APRIL 18 2015.........SUNRISE   644 AM CDT   SUNSET   824 PM CDT


-  INDICATES NEGATIVE NUMBERS.
R  INDICATES RECORD WAS SET OR TIED.
MM INDICATES DATA IS MISSING.
T  INDICATES TRACE AMOUNT.

&&

PEAK WIND WAS 19 MPH FROM THE NORTH AT 337 PM

$$
