000
CDUS41 KPHI 050629
CLIACY


CLIMATE REPORT
NATIONAL WEATHER SERVICE MOUNT HOLLY NJ
228 AM EDT TUE MAY 5 2015


...................................

...THE ATLANTIC CITY NJ CLIMATE SUMMARY FOR MAY 4 2015...

CLIMATE NORMAL PERIOD 1981 TO 2010
CLIMATE RECORD PERIOD 1874 TO 2015


WEATHER ITEM   OBSERVED TIME   RECORD YEAR NORMAL DEPARTURE LAST
                VALUE   (LST)  VALUE       VALUE  FROM      YEAR
                                                  NORMAL
..................................................................
TEMPERATURE (F)
 YESTERDAY
  MAXIMUM         84    108 PM  91    1965  68     16       69
  MINIMUM         47    523 AM  33    1986  47      0       45
                                      1976
                                      1967
  AVERAGE         66                        58      8       57

PRECIPITATION (IN)
  YESTERDAY        0.00          1.39 1975   0.10  -0.10      T
  MONTH TO DATE    0.00                      0.39  -0.39     0.03
  SINCE MAR 1      9.19                      8.23   0.96     9.40
  SINCE JAN 1     17.25                     14.32   2.93    17.95

SNOWFALL (IN)
  YESTERDAY        0.0           0.0  1903   0.0    0.0      0.0
  MONTH TO DATE    0.0                       0.0    0.0      0.0
  SINCE MAR 1      7.4                       1.4    6.0     15.6
  SINCE JUL 1     22.4                      16.5    5.9     43.8
  SNOW DEPTH       0

DEGREE DAYS
 HEATING
  YESTERDAY        0                         8     -8        8
  MONTH TO DATE   31                        35     -4       22
  SINCE MAR 1   1230                      1148     82     1335
  SINCE JUL 1   5105                      4739    366     5198

 COOLING
  YESTERDAY        1                         1      0        0
  MONTH TO DATE    1                         4     -3        1
  SINCE MAR 1      1                        13    -12        1
  SINCE JAN 1      1                        13    -12        1
..................................................................


WIND (MPH)
  HIGHEST WIND SPEED    22   HIGHEST WIND DIRECTION     S (190)
  HIGHEST GUST SPEED    32   HIGHEST GUST DIRECTION     S (190)
  AVERAGE WIND SPEED     9.5


SKY COVER
  POSSIBLE SUNSHINE  MM
  AVERAGE SKY COVER 0.1


WEATHER CONDITIONS
 THE FOLLOWING WEATHER WAS RECORDED YESTERDAY.
  FOG


RELATIVE HUMIDITY (PERCENT)
 HIGHEST    86           300 AM
 LOWEST     20          1200 PM
 AVERAGE    53

..........................................................


THE ATLANTIC CITY NJ CLIMATE NORMALS FOR TODAY
                         NORMAL    RECORD    YEAR
 MAXIMUM TEMPERATURE (F)   68        87      2000
 MINIMUM TEMPERATURE (F)   48        32      2003
                                             1976


SUNRISE AND SUNSET
MAY  5 2015...........SUNRISE   555 AM EDT   SUNSET   756 PM EDT
MAY  6 2015...........SUNRISE   554 AM EDT   SUNSET   757 PM EDT


-  INDICATES NEGATIVE NUMBERS.
R  INDICATES RECORD WAS SET OR TIED.
MM INDICATES DATA IS MISSING.
T  INDICATES TRACE AMOUNT.




$$
