000
CDAK48 PADQ 172325
CLIADQ

CLIMATE REPORT
NATIONAL WEATHER SERVICE KODIAK, AK
325 PM AKDT FRI APR 17 2015

...................................
...THE KODIAK AP CLIMATE SUMMARY FOR APRIL 17 2015...
VALID TODAY AS OF 2:00 PM LOCAL TIME

CLIMATE NORMAL PERIOD  1981 TO  2010
CLIMATE RECORD PERIOD  1949 TO  2015

WEATHER ITEM   OBSERVED TIME    RECORD YEAR NORMAL DEPARTURE LAST
               VALUE    (LST)   VALUE       VALUE  FROM      YEAR
                                                   NORMAL
...................................................................
TEMPERATURE
TODAY
 MAXIMUM            41  0935 AM    61  1965     43      -2     43
 MINIMUM            27  0419 AM    17  1977     33      -6     37
 AVERAGE            34                          38      -4     40

PRECIPITATION
(INCHES)
 TODAY            0.15           0.80  1993   0.20   -0.05   0.14
 MONTH TO DATE    2.97                        3.36   -0.39   4.28
 SINCE MAR 1     10.50                        8.89    1.61   8.24
 SINCE JAN 1     29.42                       23.32    6.10  29.49

SNOWFALL
(INCHES)
 TODAY               T            3.0  1956    0.3    -0.3    0.0
 MONTH TO DATE     2.5                         6.1    -3.6    0.7
 SINCE MAR 1       4.0                        17.4   -13.4   12.2
 SINCE JUL 1      19.4                        66.8   -47.4   43.2
 SNOW DEPTH (IN)     0                                          0

DEGREE DAYS
 HEATING
  TODAY             31                          27       4     25
  MONTH TO DATE    472                         491     -19    469
  SINCE MAR 1     1348                        1489    -141   1439
  SINCE JUL 1     6266                        7362   -1096   6725

 COOLING
  TODAY              0                           0       0      0
  MONTH TO DATE      0                           0       0      0
  SINCE MAR 1        0                           0       0      0
  SINCE JAN 1        0                           0       0      0
...................................................................

WIND (MPH)
 HIGHEST WIND SPEED    38     HIGHEST WIND DIRECTION     80
 HIGHEST GUST SPEED    47     HIGHEST GUST DIRECTION     90
 AVERAGE WIND SPEED    MM

SKY COVER
  POSSIBLE SUNSHINE  MM            AVERAGE SKY COVER MM

WEATHER CONDITIONS
 THE FOLLOWING WEATHER WAS RECORDED TODAY.
FOG
RAIN
SNOW


RELATIVE HUMIDITY
 HIGHEST RH     MM PERCENT       MM
 LOWEST  RH     MM PERCENT       MM
 AVERAGE RH     MM PERCENT       MM
...................................................................

THE KODIAK CLIMATE NORMALS FOR TOMORROW
                        NORMAL    RECORD   YEAR
 MAXIMUM TEMPERATURE      43        64     1965
 MINIMUM TEMPERATURE      33        20     1982

SUNRISE AND SUNSET
 APR 17 2015..........SUNRISE  6:55 AM      SUNSET  9:27 PM
 APR 18 2015..........SUNRISE  6:52 AM      SUNSET  9:29 PM

-  INDICATES NEGATIVE NUMBERS.
R  INDICATES RECORD HAS BEEN SET OR TIED.
MM INDICATES DATA IS MISSING.
T  INDICATES TRACE OF PRECIPITATION.

&&
-------------------------------------------------------------------

AMOUNT OF DAYLIGHT TODAY  (HOUR:MIN)........14 HOURS 32 MINUTES
GAIN/LOSS SINCE YESTERDAY (HOUR:MIN:SEC)....+0:04:53

$$
*** APR 15
