000
CDUS44 KLCH 030900
CLIAEX


CLIMATE REPORT
NATIONAL WEATHER SERVICE LAKE CHARLES, LA
359 AM CDT SUN MAY 3 2015


...................................

...THE ALEXANDRIA CLIMATE SUMMARY FOR MAY 2 2015...

CLIMATE NORMAL PERIOD 1981 TO 2010
CLIMATE RECORD PERIOD 1892 TO 2015


WEATHER ITEM   OBSERVED TIME   RECORD YEAR NORMAL DEPARTURE LAST
                VALUE   (LST)  VALUE       VALUE  FROM      YEAR
                                                  NORMAL
..................................................................
TEMPERATURE (F)
 YESTERDAY
  MAXIMUM         84    240 PM  92    1947  82      2       80
                                      1943
                                      1902
  MINIMUM         56    544 AM  39    1909  60     -4       48
  AVERAGE         70                        71     -1       64

PRECIPITATION (IN)
  YESTERDAY        T             3.31 1977   0.13  -0.13     0.00
  MONTH TO DATE    T                         0.26  -0.26     0.00
  SINCE MAR 1     13.10                      9.86   3.24     7.70
  SINCE JAN 1     18.20                     19.54  -1.34    14.08

SNOWFALL (IN)
  YESTERDAY        0.0           0.0    MM  MM     MM        0.0
  MONTH TO DATE    0.0                      MM     MM        0.0
  SINCE MAR 1      0.3                      MM     MM        0.2
  SINCE JUL 1      0.3                      MM     MM        5.0
  SNOW DEPTH       0

DEGREE DAYS
 HEATING
  YESTERDAY        0                         0      0        1
  MONTH TO DATE    0                         0      0        6
  SINCE MAR 1    206                       282    -76      409
  SINCE JUL 1   2057                      1947    110     2425

 COOLING
  YESTERDAY        5                         6     -1        0
  MONTH TO DATE   10                        12     -2        0
  SINCE MAR 1    206                       154     52      125
  SINCE JAN 1    207                       171     36      136
..................................................................


WIND (MPH)
  HIGHEST WIND SPEED    10   HIGHEST WIND DIRECTION     E (110)
  HIGHEST GUST SPEED    14   HIGHEST GUST DIRECTION    SE (140)
  AVERAGE WIND SPEED     3.0


SKY COVER
  POSSIBLE SUNSHINE  MM
  AVERAGE SKY COVER 0.1


WEATHER CONDITIONS
 THE FOLLOWING WEATHER WAS RECORDED YESTERDAY.
  NO SIGNIFICANT WEATHER WAS OBSERVED.


RELATIVE HUMIDITY (PERCENT)
 HIGHEST    93           200 AM
 LOWEST     33           200 PM
 AVERAGE    63

..........................................................


THE ALEXANDRIA CLIMATE NORMALS FOR TODAY
                         NORMAL    RECORD    YEAR
 MAXIMUM TEMPERATURE (F)   83        96      1955
 MINIMUM TEMPERATURE (F)   60        43      2013


SUNRISE AND SUNSET
MAY  3 2015...........SUNRISE   624 AM CDT   SUNSET   751 PM CDT
MAY  4 2015...........SUNRISE   623 AM CDT   SUNSET   752 PM CDT


-  INDICATES NEGATIVE NUMBERS.
R  INDICATES RECORD WAS SET OR TIED.
MM INDICATES DATA IS MISSING.
T  INDICATES TRACE AMOUNT.




$$
