000
CDUS42 KFFC 060819
CLIAHN


CLIMATE REPORT
NATIONAL WEATHER SERVICE PEACHTREE CITY GA
419 AM EDT WED MAY 6 2015


...................................

...THE ATHENS CLIMATE SUMMARY FOR MAY 5 2015...

CLIMATE NORMAL PERIOD 1981 TO 2010
CLIMATE RECORD PERIOD 1898 TO 2015


WEATHER ITEM   OBSERVED TIME   RECORD YEAR NORMAL DEPARTURE LAST
                VALUE   (LST)  VALUE       VALUE  FROM      YEAR
                                                  NORMAL
..................................................................
TEMPERATURE (F)
 YESTERDAY
  MAXIMUM         83    336 PM  93    1955  79      4       91
  MINIMUM         54    530 AM  37    2011  55     -1       57
  AVERAGE         69                        67      2       74

PRECIPITATION (IN)
  YESTERDAY        0.00          1.77 2003   0.10  -0.10     0.00
  MONTH TO DATE    0.00                      0.51  -0.51     0.00
  SINCE MAR 1     10.80                      8.09   2.71     7.54
  SINCE JAN 1     17.77                     16.62   1.15    16.18

DEGREE DAYS
 COOLING
  YESTERDAY        4                         4      0        9
  MONTH TO DATE    7                        16     -9       13
  SINCE MAR 1     86                        73     13       64
  SINCE JAN 1     86                        74     12       65
..................................................................


WIND (MPH)
  RESULTANT WIND SPEED   3   RESULTANT WIND DIRECTION   E (100)
  HIGHEST WIND SPEED    13   HIGHEST WIND DIRECTION     E (80)
  HIGHEST GUST SPEED    19   HIGHEST GUST DIRECTION     E (70)
  AVERAGE WIND SPEED     2.9


SKY COVER
  POSSIBLE SUNSHINE  MM
  AVERAGE SKY COVER 0.0


WEATHER CONDITIONS
 THE FOLLOWING WEATHER WAS RECORDED YESTERDAY.
  HAZE


RELATIVE HUMIDITY (PERCENT)
 HIGHEST    93           400 AM
 LOWEST     36           400 PM
 AVERAGE    65

..........................................................


THE ATHENS CLIMATE NORMALS FOR TODAY
                         NORMAL    RECORD    YEAR
 MAXIMUM TEMPERATURE (F)   79        92      1952
 MINIMUM TEMPERATURE (F)   55        40      1968


SUNRISE AND SUNSET
MAY  6 2015...........SUNRISE   640 AM EDT   SUNSET   821 PM EDT
MAY  7 2015...........SUNRISE   639 AM EDT   SUNSET   821 PM EDT


-  INDICATES NEGATIVE NUMBERS.
R  INDICATES RECORD WAS SET OR TIED.
MM INDICATES DATA IS MISSING.
T  INDICATES TRACE AMOUNT.




$$
