000
CDUS45 KBOU 190725
CLIAKO


CLIMATE REPORT
NATIONAL WEATHER SERVICE BOULDER, CO
125 AM MDT SUN APR 19 2015


...................................

...THE AKRON CO CLIMATE SUMMARY FOR APRIL 18 2015...

CLIMATE NORMAL PERIOD 1981 TO 2010
CLIMATE RECORD PERIOD 9999 TO 9999


WEATHER ITEM   OBSERVED TIME   RECORD YEAR NORMAL DEPARTURE LAST
                VALUE   (LST)  VALUE       VALUE  FROM      YEAR
                                                  NORMAL
..................................................................
TEMPERATURE (F)
 YESTERDAY
  MAXIMUM         50    324 PM  87    1987  61    -11
  MINIMUM         35    521 AM   5    1953  34      1
  AVERAGE         43                        48     -5

PRECIPITATION (IN)
  YESTERDAY        0.01          0.88 1924   0.05  -0.04     0.00
  MONTH TO DATE    0.86                      0.84   0.02     0.54
  SINCE MAR 1      1.08                      1.71  -0.63     0.97
  SINCE JAN 1      1.36                      2.45  -1.09     1.40

DEGREE DAYS
 HEATING
  YESTERDAY       22
  MONTH TO DATE  294

 COOLING
  YESTERDAY        0
  MONTH TO DATE    0
..................................................................


WIND (MPH)
  HIGHEST WIND SPEED    24   HIGHEST WIND DIRECTION     N (340)
  HIGHEST GUST SPEED    31   HIGHEST GUST DIRECTION     N (340)




RELATIVE HUMIDITY (PERCENT)
 HIGHEST   100
 LOWEST     66
 AVERAGE    83

..........................................................


THE AKRON CO CLIMATE NORMALS FOR TODAY
                         NORMAL    RECORD    YEAR
 MAXIMUM TEMPERATURE (F)   62        86      1940
 MINIMUM TEMPERATURE (F)   34        16      1966


SUNRISE AND SUNSET
APRIL 19 2015.........SUNRISE   609 AM MDT   SUNSET   735 PM MDT
APRIL 20 2015.........SUNRISE   608 AM MDT   SUNSET   736 PM MDT


-  INDICATES NEGATIVE NUMBERS.
R  INDICATES RECORD WAS SET OR TIED.
MM INDICATES DATA IS MISSING.
T  INDICATES TRACE AMOUNT.




$$
