000
CDAK48 PAFC 271925
CLIANC


CLIMATE REPORT
NATIONAL WEATHER SERVICE ANCHORAGE, AK
1124 AM AKDT MON APR 27 2015


...................................

...THE ANCHORAGE AK CLIMATE SUMMARY FOR APRIL 26 2015...

CLIMATE NORMAL PERIOD 1981 TO 2010
CLIMATE RECORD PERIOD 1952 TO 2015


WEATHER ITEM   OBSERVED RECORD YEAR NORMAL DEPARTURE LAST
                VALUE   VALUE       VALUE  FROM      YEAR
                                           NORMAL
...........................................................
TEMPERATURE (F)
 YESTERDAY
  MAXIMUM         58     61    2005  49      9       48
  MINIMUM         36     16    1955  33      3       35
  AVERAGE         47                 41      6       42

PRECIPITATION (IN)
  YESTERDAY        0.00   0.30 1976   0.02  -0.02
                               1975
  MONTH TO DATE    0.61               0.40   0.21
  SINCE MAR 1      1.38               1.00   0.38
  SINCE JAN 1      2.46               2.45   0.01

SNOWFALL (IN)
  YESTERDAY        0.0    5.5  1975   0.0    0.0
  MONTH TO DATE    4.4                3.7    0.7
  SINCE MAR 1      4.6               13.6   -9.0
  SINCE JUL 1     25.1               73.9  -48.8
  SNOW DEPTH       0

DEGREE DAYS
 HEATING
  YESTERDAY       18                        -6
  MONTH TO DATE  653                      -100
  SINCE MAR 1   1743                      -202
  SINCE JUL 1   8095                     -1179

 COOLING
  YESTERDAY        0                         0
  MONTH TO DATE    0                         0
  SINCE MAR 1      0                         0
  SINCE JAN 1      0                         0
...........................................................


WIND (MPH)
  HIGHEST WIND SPEED    15   HIGHEST WIND DIRECTION     N (360)
  HIGHEST GUST SPEED    31   HIGHEST GUST DIRECTION     S (170)
  AVERAGE WIND SPEED     8.4




RELATIVE HUMIDITY (PERCENT)
 HIGHEST    59
 LOWEST     24
 AVERAGE    42

..........................................................


THE ANCHORAGE AK CLIMATE NORMALS FOR TODAY
                         NORMAL    RECORD    YEAR
 MAXIMUM TEMPERATURE (F)   49        63      2005
 MINIMUM TEMPERATURE (F)   33        19      1955


SUNRISE AND SUNSET
APRIL 27 2015.........SUNRISE   603 AM AKDT  SUNSET   954 PM AKDT
APRIL 28 2015.........SUNRISE   600 AM AKDT  SUNSET   957 PM AKDT


-  INDICATES NEGATIVE NUMBERS.
R  INDICATES RECORD WAS SET OR TIED.
MM INDICATES DATA IS MISSING.
T  INDICATES TRACE AMOUNT.




$$
