000
CDUS43 KAPX 062154
CLIANJ


CLIMATE REPORT
NATIONAL WEATHER SERVICE GAYLORD MI
553 PM EDT WED MAY 6 2015


...................................

...THE SAULT STE MARIE MI CLIMATE SUMMARY FOR MAY 6 2015...
VALID TODAY AS OF 0500 PM LOCAL TIME.

CLIMATE NORMAL PERIOD 1981 TO 2010
CLIMATE RECORD PERIOD 1888 TO 2015


WEATHER ITEM   OBSERVED TIME   RECORD YEAR NORMAL DEPARTURE LAST
                VALUE   (LST)  VALUE       VALUE  FROM      YEAR
                                                  NORMAL
..................................................................
TEMPERATURE (F)
 TODAY
  MAXIMUM         70    337 PM  82    2000  60     10       57
                                      1939
  MINIMUM         40    557 AM  22    1976  38      2       30
  AVERAGE         55                        49      6       44

PRECIPITATION (IN)
  TODAY            0.00          1.43 1960   0.08  -0.08     0.00
  MONTH TO DATE    0.31                      0.46  -0.15     0.67
  SINCE MAR 1      3.47                      4.80  -1.33     6.58
  SINCE JAN 1      6.84                      8.33  -1.49     9.94

DEGREE DAYS
 HEATING
  TODAY           10                        16     -6       21
  MONTH TO DATE   57                       102    -45      141
  SINCE MAR 1   2180                      2045    135     2525
  SINCE JUL 1   8959                      8171    788     9305

 COOLING
  TODAY            0                         0      0        0
  MONTH TO DATE    0                         0      0        0
  SINCE MAR 1      0                         0      0        0
  SINCE JAN 1      0                         0      0        0
..................................................................


WIND (MPH)
  RESULTANT WIND SPEED   6   RESULTANT WIND DIRECTION  SE (120)
  HIGHEST WIND SPEED    15   HIGHEST WIND DIRECTION    SE (140)
  HIGHEST GUST SPEED    20   HIGHEST GUST DIRECTION    SE (130)
  AVERAGE WIND SPEED     6.5


SKY COVER
  POSSIBLE SUNSHINE  MM
  AVERAGE SKY COVER 0.0


WEATHER CONDITIONS
 THE FOLLOWING WEATHER WAS RECORDED TODAY.
  NO SIGNIFICANT WEATHER WAS OBSERVED.


RELATIVE HUMIDITY (PERCENT)
 HIGHEST    70           500 AM
 LOWEST     26           400 PM
 AVERAGE    48

..........................................................


THE SAULT STE MARIE MI CLIMATE NORMALS FOR TOMORROW
                         NORMAL    RECORD    YEAR
 MAXIMUM TEMPERATURE (F)   60        84      1889
 MINIMUM TEMPERATURE (F)   39        18      1966


SUNRISE AND SUNSET
MAY  6 2015...........SUNRISE   616 AM EDT   SUNSET   853 PM EDT
MAY  7 2015...........SUNRISE   615 AM EDT   SUNSET   854 PM EDT


-  INDICATES NEGATIVE NUMBERS.
R  INDICATES RECORD WAS SET OR TIED.
MM INDICATES DATA IS MISSING.
T  INDICATES TRACE AMOUNT.




$$
