000
CDUS42 KMFL 040829
CLIAPF


CLIMATE REPORT
NATIONAL WEATHER SERVICE MIAMI, FL
429 AM EDT MON MAY 4 2015


...................................

...THE NAPLES CLIMATE SUMMARY FOR MAY 3 2015...

CLIMATE NORMAL PERIOD 1981 TO 2010
CLIMATE RECORD PERIOD 1942 TO 2015


WEATHER ITEM   OBSERVED TIME   RECORD YEAR NORMAL DEPARTURE LAST
                VALUE   (LST)  VALUE       VALUE  FROM      YEAR
                                                  NORMAL
..................................................................
TEMPERATURE (F)
 YESTERDAY
  MAXIMUM         86    250 PM  91    2002  86      0       84
                                      1997
                                      1990
  MINIMUM         64    603 AM  56    1955  66     -2       72
  AVERAGE         75                        76     -1       78

PRECIPITATION (IN)
  YESTERDAY        0.00          1.16 1963   0.07  -0.07     0.10
  MONTH TO DATE    0.00                      0.20  -0.20     0.10
  SINCE NOV 1      6.14                     12.38  -6.24     8.06
  SINCE JAN 1      4.84                      8.89  -4.05     6.96

SNOWFALL (IN)
  YESTERDAY        0.0
  MONTH TO DATE    0.0
  SINCE MAR 1      0.0
  SINCE JUL 1      0.0
  SNOW DEPTH       0

DEGREE DAYS
 HEATING
  YESTERDAY        0                         0      0        0
  MONTH TO DATE    0                         0      0        0
  SINCE MAR 1      1                        27    -26        7
  SINCE JUL 1    198                       260    -62      149

 COOLING
  YESTERDAY       10                        11     -1       13
  MONTH TO DATE   28                        33     -5       44
  SINCE MAR 1    745                       462    283      505
  SINCE JAN 1    921                       653    268      778
..................................................................


WIND (MPH)
  HIGHEST WIND SPEED    21   HIGHEST WIND DIRECTION     E (80)
  HIGHEST GUST SPEED    28   HIGHEST GUST DIRECTION     E (80)
  AVERAGE WIND SPEED    11.9


SKY COVER
  AVERAGE SKY COVER 0.2


WEATHER CONDITIONS
 THE FOLLOWING WEATHER WAS RECORDED YESTERDAY.
  NO SIGNIFICANT WEATHER WAS OBSERVED.


RELATIVE HUMIDITY (PERCENT)
 HIGHEST    84
 LOWEST     32
 AVERAGE    58

..........................................................


THE NAPLES CLIMATE NORMALS FOR TODAY
                         NORMAL    RECORD    YEAR
 MAXIMUM TEMPERATURE (F)   86        92      1989
 MINIMUM TEMPERATURE (F)   66        55      1971


SUNRISE AND SUNSET
MAY  4 2015...........SUNRISE   648 AM EDT   SUNSET   800 PM EDT
MAY  5 2015...........SUNRISE   647 AM EDT   SUNSET   801 PM EDT


-  INDICATES NEGATIVE NUMBERS.
R  INDICATES RECORD WAS SET OR TIED.
MM INDICATES DATA IS MISSING.
T  INDICATES TRACE AMOUNT.




$$
