000
CDUS43 KAPX 060537
CLIAPN


CLIMATE REPORT
NATIONAL WEATHER SERVICE GAYLORD MI
136 AM EDT WED MAY 6 2015


...................................

...THE ALPENA MI CLIMATE SUMMARY FOR MAY 5 2015...

CLIMATE NORMAL PERIOD 1981 TO 2010
CLIMATE RECORD PERIOD 1916 TO 2015


WEATHER ITEM   OBSERVED TIME   RECORD YEAR NORMAL DEPARTURE LAST
                VALUE   (LST)  VALUE       VALUE  FROM      YEAR
                                                  NORMAL
..................................................................
TEMPERATURE (F)
 YESTERDAY
  MAXIMUM         66    124 PM  92    1949  61      5       53
  MINIMUM         38   1159 PM  22    1967  37      1       31
                                      1958
  AVERAGE         52                        49      3       42

PRECIPITATION (IN)
  YESTERDAY        0.00          0.57 1991   0.08  -0.08     0.00
  MONTH TO DATE    0.05                      0.39  -0.34     0.70
  SINCE MAR 1      3.15                      4.64  -1.49     7.36
  SINCE JAN 1      4.94                      7.62  -2.68     9.89

DEGREE DAYS
 HEATING
  YESTERDAY       13                        16     -3       23
  MONTH TO DATE   44                        83    -39      101
  SINCE MAR 1   1922                      1910     12     2281
  SINCE JUL 1   8185                      7642    543     8770

 COOLING
  YESTERDAY        0                         0      0        0
  MONTH TO DATE    0                         0      0        0
  SINCE MAR 1      0                         2     -2        0
  SINCE JAN 1      0                         2     -2        0
..................................................................


WIND (MPH)
  HIGHEST WIND SPEED    13   HIGHEST WIND DIRECTION    SE (130)
  HIGHEST GUST SPEED    16   HIGHEST GUST DIRECTION    SE (130)
  AVERAGE WIND SPEED     4.6




RELATIVE HUMIDITY (PERCENT)
 HIGHEST    86
 LOWEST     43
 AVERAGE    65

..........................................................


THE ALPENA MI CLIMATE NORMALS FOR TODAY
                         NORMAL    RECORD    YEAR
 MAXIMUM TEMPERATURE (F)   61        89      1930
 MINIMUM TEMPERATURE (F)   38        23      1967


SUNRISE AND SUNSET
MAY  6 2015...........SUNRISE   617 AM EDT   SUNSET   846 PM EDT
MAY  7 2015...........SUNRISE   615 AM EDT   SUNSET   847 PM EDT


-  INDICATES NEGATIVE NUMBERS.
R  INDICATES RECORD WAS SET OR TIED.
MM INDICATES DATA IS MISSING.
T  INDICATES TRACE AMOUNT.




$$
