000
CDUS44 KLCH 062207
CLIARA


CLIMATE REPORT
NATIONAL WEATHER SERVICE LAKE CHARLES, LA
506 PM CDT WED MAY 6 2015


...................................

...THE NEW IBERIA CLIMATE SUMMARY FOR MAY 6 2015...
VALID TODAY AS OF 0500 PM LOCAL TIME.

CLIMATE NORMAL PERIOD 1981 TO 2010
CLIMATE RECORD PERIOD 1948 TO 2015


WEATHER ITEM   OBSERVED TIME   RECORD YEAR NORMAL DEPARTURE LAST
                VALUE   (LST)  VALUE       VALUE  FROM      YEAR
                                                  NORMAL
..................................................................
TEMPERATURE (F)
 TODAY
  MAXIMUM         MM        MM  92    2012  84     MM       83
                                      1952
  MINIMUM         MM        MM  47    1957  64     MM       61
  AVERAGE         MM                        74     MM       72

PRECIPITATION (IN)
  TODAY           MM             1.01 1948   0.13  MM        0.00
  MONTH TO DATE    0.00                      0.78  -0.78      T
  SINCE MAR 1     13.98                      8.62   5.36     3.78
  SINCE JAN 1     20.44                     18.03   2.41    12.12

SNOWFALL (IN)
  TODAY           MM             0.0    MM  MM               0.0
  MONTH TO DATE    0.0                      MM               0.0
  SINCE MAR 1      T                        MM               0.0
  SINCE JUL 1      T                        MM               0.1

DEGREE DAYS
 HEATING
  TODAY           MM                         0     MM        0
  MONTH TO DATE    0                         0      0        2
  SINCE MAR 1     73                       192   -119      258
  SINCE JUL 1   1416                      1408      8     1782

 COOLING
  TODAY           MM                         9     MM        7
  MONTH TO DATE   31                        49    -18       24
  SINCE MAR 1    349                       238    111      202
  SINCE JAN 1    353                       269     84      220
..................................................................


WIND (MPH)
  RESULTANT WIND SPEED  12   RESULTANT WIND DIRECTION  SE (130)
  HIGHEST WIND SPEED    MM   HIGHEST WIND DIRECTION    MM
  HIGHEST GUST SPEED    MM   HIGHEST GUST DIRECTION    MM
  AVERAGE WIND SPEED    MM


SKY COVER
  POSSIBLE SUNSHINE  MM
  AVERAGE SKY COVER  MM


WEATHER CONDITIONS
 THE FOLLOWING WEATHER WAS RECORDED TODAY.
  NO SIGNIFICANT WEATHER WAS OBSERVED.


RELATIVE HUMIDITY (PERCENT)
 HIGHEST    MM
 LOWEST     MM
 AVERAGE    MM

..........................................................


THE NEW IBERIA CLIMATE NORMALS FOR TOMORROW
                         NORMAL    RECORD    YEAR
 MAXIMUM TEMPERATURE (F)   84        92      1963
                                             1949
 MINIMUM TEMPERATURE (F)   64        50      1958


SUNRISE AND SUNSET
MAY  6 2015...........SUNRISE   621 AM CDT   SUNSET   748 PM CDT
MAY  7 2015...........SUNRISE   620 AM CDT   SUNSET   749 PM CDT


-  INDICATES NEGATIVE NUMBERS.
R  INDICATES RECORD WAS SET OR TIED.
MM INDICATES DATA IS MISSING.
T  INDICATES TRACE AMOUNT.




$$
