000
CDUS42 KFFC 250819
CLIATL


CLIMATE REPORT
NATIONAL WEATHER SERVICE PEACHTREE CITY GA
419 AM EDT SAT APR 25 2015


...................................

...THE ATLANTA CLIMATE SUMMARY FOR APRIL 24 2015...

CLIMATE NORMAL PERIOD 1981 TO 2010
CLIMATE RECORD PERIOD 1878 TO 2015


WEATHER ITEM   OBSERVED TIME   RECORD YEAR NORMAL DEPARTURE LAST
                VALUE   (LST)  VALUE       VALUE  FROM      YEAR
                                                  NORMAL
..................................................................
TEMPERATURE (F)
 YESTERDAY
  MAXIMUM         76    406 PM  93    1925  75      1       80
  MINIMUM         48    603 AM  34    2005  54     -6       50
  AVERAGE         62                        64     -2       65

PRECIPITATION (IN)
  YESTERDAY        T             2.74 1945   0.11  -0.11     0.00
  MONTH TO DATE    6.01                      2.69   3.32     5.37
  SINCE MAR 1      8.99                      7.50   1.49     8.49
  SINCE JAN 1     17.50                     16.37   1.13    15.65

DEGREE DAYS
 HEATING
  YESTERDAY        3                         3      0        0
  MONTH TO DATE   41                       127    -86      114
  SINCE MAR 1    278                       469   -191      494
  SINCE JUL 1   2636                      2724    -88     2897

 COOLING
  YESTERDAY        0                         2     -2        0
  MONTH TO DATE   72                        36     36       22
  SINCE MAR 1     87                        48     39       22
  SINCE JAN 1     87                        49     38       24
..................................................................


WIND (MPH)
  RESULTANT WIND SPEED   1   RESULTANT WIND DIRECTION  NW (330)
  HIGHEST WIND SPEED    12   HIGHEST WIND DIRECTION     N (20)
  HIGHEST GUST SPEED    20   HIGHEST GUST DIRECTION     N (20)
  AVERAGE WIND SPEED     5.9


SKY COVER
  AVERAGE SKY COVER 0.6


WEATHER CONDITIONS
 THE FOLLOWING WEATHER WAS RECORDED YESTERDAY.
  NO SIGNIFICANT WEATHER WAS OBSERVED.


RELATIVE HUMIDITY (PERCENT)
 HIGHEST    61           600 AM
 LOWEST     25           100 PM
 AVERAGE    43

..........................................................


THE ATLANTA CLIMATE NORMALS FOR TODAY
                         NORMAL    RECORD    YEAR
 MAXIMUM TEMPERATURE (F)   75        88      1989
                                             1896
 MINIMUM TEMPERATURE (F)   54        32      1910


SUNRISE AND SUNSET
APRIL 25 2015.........SUNRISE   656 AM EDT   SUNSET   816 PM EDT
APRIL 26 2015.........SUNRISE   655 AM EDT   SUNSET   817 PM EDT


-  INDICATES NEGATIVE NUMBERS.
R  INDICATES RECORD WAS SET OR TIED.
MM INDICATES DATA IS MISSING.
T  INDICATES TRACE AMOUNT.




$$
