000
CDUS43 KABR 061030
CLIATY


CLIMATE REPORT
NATIONAL WEATHER SERVICE ABERDEEN SD
529 AM CDT WED MAY 6 2015


...................................

...THE WATERTOWN SD CLIMATE SUMMARY FOR MAY 5 2015...

CLIMATE NORMAL PERIOD 1981 TO 2010
CLIMATE RECORD PERIOD 1898 TO 2015


WEATHER ITEM   OBSERVED TIME   RECORD YEAR NORMAL DEPARTURE LAST
                VALUE   (LST)  VALUE       VALUE  FROM      YEAR
                                                  NORMAL
..................................................................
TEMPERATURE (F)
 YESTERDAY
  MAXIMUM         75   1252 PM  91    1909  65     10       63
  MINIMUM         50    609 AM  23    1944  41      9       33
  AVERAGE         63                        53     10       48

PRECIPITATION (IN)
  YESTERDAY        T             1.57 1949   0.08  -0.08     0.00
  MONTH TO DATE    0.05                      0.41  -0.36     0.05
  SINCE MAR 1      0.79                      3.54  -2.75     2.61
  SINCE JAN 1      1.44                      4.62  -3.18     3.04

DEGREE DAYS
 HEATING
  YESTERDAY        2                        13    -11       17
  MONTH TO DATE   26                        67    -41       98
  SINCE MAR 1   1508                      1807   -299     2075
  SINCE JUL 1   7900                      8218   -318     9041

 COOLING
  YESTERDAY        0                         0      0        0
  MONTH TO DATE    0                         0      0        0
  SINCE MAR 1      0                         2     -2        0
  SINCE JAN 1      0                         2     -2        0
..................................................................


WIND (MPH)
  HIGHEST WIND SPEED    22   HIGHEST WIND DIRECTION    SE (140)
  HIGHEST GUST SPEED    30   HIGHEST GUST DIRECTION     E (110)
  AVERAGE WIND SPEED    12.2


SKY COVER
  POSSIBLE SUNSHINE  MM
  AVERAGE SKY COVER 0.4


WEATHER CONDITIONS
 THE FOLLOWING WEATHER WAS RECORDED YESTERDAY.
  LIGHT RAIN
  FOG


RELATIVE HUMIDITY (PERCENT)
 HIGHEST    87          1000 PM
 LOWEST     22          1000 AM
 AVERAGE    55

..........................................................


THE WATERTOWN SD CLIMATE NORMALS FOR TODAY
                         NORMAL    RECORD    YEAR
 MAXIMUM TEMPERATURE (F)   65        90      1918
 MINIMUM TEMPERATURE (F)   41        17      1976


SUNRISE AND SUNSET
MAY  6 2015...........SUNRISE   611 AM CDT   SUNSET   840 PM CDT
MAY  7 2015...........SUNRISE   610 AM CDT   SUNSET   841 PM CDT


-  INDICATES NEGATIVE NUMBERS.
R  INDICATES RECORD WAS SET OR TIED.
MM INDICATES DATA IS MISSING.
T  INDICATES TRACE AMOUNT.




$$
